-- Table structure for table `protected_areas`
--

CREATE TABLE `protected_areas` (
  `id` bigint unsigned NOT NULL AUTO_INCREMENT,
  `en_name` varchar(191) CHARACTER SET utf8mb4 COLLATE utf8mb4_unicode_ci NOT NULL,
  `fr_name` varchar(191) CHARACTER SET utf8mb4 COLLATE utf8mb4_unicode_ci NOT NULL,
  `color_code` varchar(191) CHARACTER SET utf8mb4 COLLATE utf8mb4_unicode_ci DEFAULT NULL,
  `created_at` timestamp NULL DEFAULT NULL,
  `updated_at` timestamp NULL DEFAULT NULL,
  `slug` varchar(191) CHARACTER SET utf8mb4 COLLATE utf8mb4_unicode_ci NOT NULL,
  PRIMARY KEY (`id`)
) ENGINE=InnoDB AUTO_INCREMENT=16 DEFAULT CHARSET=utf8mb4 COLLATE=utf8mb4_unicode_ci;

--
-- Dumping data for table `protected_areas`
--

INSERT INTO `protected_areas` VALUES (1,'Azraq Wetland Reserve','محمية الأزرق المائية','#00ADD4','2023-02-07 12:29:15','2023-05-24 11:20:09','azraq'),(2,'Aqaba Bird Observatory','مرصد العقبة للطيور','#00ADD4','2023-02-07 12:29:15','2023-05-24 11:19:51','bird_observatory_aqaba'),(3,'Burqu Nature Reserve','محمية برقع الطبيعية','#ae6149','2023-02-07 12:29:15','2023-05-24 11:20:20','burqu'),(5,'Shaumari Wildlife Reserve','محمية الشومري للحياة البرية','#FFAD48','2023-02-07 12:29:15','2023-05-24 11:21:09','shaumari'),(6,'Dana Biosphere Reserve','محمية ضانا للمحيط الحيوي','#FBAC4B','2023-02-07 12:29:15','2023-02-09 12:55:14','fifa'),(8,'Fifa Nature Reserve','محمية فيفا الطبيعية','#FFAD48','2023-02-07 12:29:15','2023-05-24 11:20:41','dana'),(9,'Dibeen Forest Reserve','محمية غابات دبين','#4CA950','2023-02-07 12:29:15','2023-02-09 12:50:42','dibeen'),(10,'Dahek Nature Reserve','محمية الضاحك الطبيعية','#ae6149','2023-02-07 12:29:15','2023-05-24 11:20:32','dahek'),(11,'Mujib Biosphere Reserve','محمية الموجب للمحيط الحيوي','#FF7251','2023-02-07 12:29:15','2023-05-24 11:20:50','mujib'),(13,'Ajloun Forest Reserve','محمية غابات عجلون','#4CA950','2023-02-07 12:29:15','2023-02-09 12:49:29','ajloun'),(14,'Yarmouk Forest Reserve','محمية غابات اليرموك','#4CA950',NULL,'2023-02-15 10:11:09','yarmouk');

--
-- Table structure for table `redeeming_point_settings`
--

CREATE TABLE `redeeming_point_settings` (
  `id` bigint unsigned NOT NULL AUTO_INCREMENT,
  `status` varchar(191) COLLATE utf8mb4_unicode_ci NOT NULL,
  `target_user` varchar(191) COLLATE utf8mb4_unicode_ci NOT NULL,
  `amount` double(8,2) NOT NULL DEFAULT '1.00',
  `points` double(8,2) NOT NULL,
  `created_at` timestamp NULL DEFAULT NULL,
  `updated_at` timestamp NULL DEFAULT NULL,
  PRIMARY KEY (`id`)
) ENGINE=InnoDB DEFAULT CHARSET=utf8mb4 COLLATE=utf8mb4_unicode_ci;

--
-- Dumping data for table `redeeming_point_settings`
--


--
-- Table structure for table `refund_requests`
--

CREATE TABLE `refund_requests` (
  `id` bigint unsigned NOT NULL AUTO_INCREMENT,
  `detail_id` bigint unsigned DEFAULT NULL,
  `book_id` varchar(191) CHARACTER SET utf8mb4 COLLATE utf8mb4_unicode_ci NOT NULL,
  `status` int NOT NULL,
  `type` varchar(191) CHARACTER SET utf8mb4 COLLATE utf8mb4_unicode_ci NOT NULL,
  `amount` double(8,2) NOT NULL,
  `created_at` timestamp NULL DEFAULT NULL,
  `updated_at` timestamp NULL DEFAULT NULL,
  PRIMARY KEY (`id`)
) ENGINE=InnoDB AUTO_INCREMENT=7 DEFAULT CHARSET=utf8mb4 COLLATE=utf8mb4_unicode_ci;

--
-- Dumping data for table `refund_requests`
--

INSERT INTO `refund_requests` VALUES (2,5,'5',0,'Booking',0.01,'2023-11-07 14:29:54','2023-11-07 14:29:54'),(3,8,'8',1,'Booking',0.01,'2023-12-14 05:51:28','2023-12-14 10:37:41'),(4,11,'11',1,'Booking',0.01,'2023-12-15 17:29:10','2023-12-15 17:35:35'),(5,10,'10',1,'Booking',0.01,'2023-12-15 17:29:26','2023-12-15 17:35:22'),(6,9,'9',1,'Booking',0.01,'2023-12-15 17:33:22','2023-12-15 17:34:59');

--
-- Table structure for table `refunds`
--

CREATE TABLE `refunds` (
  `id` bigint unsigned NOT NULL AUTO_INCREMENT,
  `payment_id` bigint unsigned DEFAULT NULL,
  `request_id` bigint unsigned DEFAULT NULL,
  `type` varchar(191) CHARACTER SET utf8mb4 COLLATE utf8mb4_unicode_ci DEFAULT NULL,
  `refund_id` varchar(191) CHARACTER SET utf8mb4 COLLATE utf8mb4_unicode_ci DEFAULT NULL,
  `paymentType` varchar(191) CHARACTER SET utf8mb4 COLLATE utf8mb4_unicode_ci DEFAULT NULL,
  `paymentBrand` varchar(191) CHARACTER SET utf8mb4 COLLATE utf8mb4_unicode_ci DEFAULT NULL,
  `amount` double(8,2) DEFAULT NULL,
  `currency` varchar(191) CHARACTER SET utf8mb4 COLLATE utf8mb4_unicode_ci DEFAULT NULL,
  `descriptor` varchar(191) CHARACTER SET utf8mb4 COLLATE utf8mb4_unicode_ci DEFAULT NULL,
  `status` varchar(191) CHARACTER SET utf8mb4 COLLATE utf8mb4_unicode_ci DEFAULT NULL,
  `buildNumber` varchar(191) CHARACTER SET utf8mb4 COLLATE utf8mb4_unicode_ci DEFAULT NULL,
  `created_at` timestamp NULL DEFAULT NULL,
  `updated_at` timestamp NULL DEFAULT NULL,
  PRIMARY KEY (`id`)
) ENGINE=InnoDB AUTO_INCREMENT=6 DEFAULT CHARSET=utf8mb4 COLLATE=utf8mb4_unicode_ci;

--
-- Dumping data for table `refunds`
--

INSERT INTO `refunds` VALUES (1,84,1,'booking',NULL,NULL,NULL,NULL,NULL,NULL,'Less Than 7 Days',NULL,'2023-07-06 11:39:30','2023-07-06 11:39:30'),(2,8,8,'booking',NULL,NULL,NULL,NULL,NULL,NULL,'Less Than 7 Days',NULL,'2023-12-14 10:37:41','2023-12-14 10:37:41'),(3,9,9,'booking',NULL,NULL,NULL,NULL,NULL,NULL,'Less Than 7 Days',NULL,'2023-12-15 17:34:59','2023-12-15 17:34:59'),(4,10,10,'booking',NULL,NULL,NULL,NULL,NULL,NULL,'Less Than 7 Days',NULL,'2023-12-15 17:35:22','2023-12-15 17:35:22'),(5,11,11,'booking',NULL,NULL,NULL,NULL,NULL,NULL,'Less Than 7 Days',NULL,'2023-12-15 17:35:35','2023-12-15 17:35:35');

--
-- Table structure for table `reservation_galleries`
--

CREATE TABLE `reservation_galleries` (
  `id` bigint unsigned NOT NULL AUTO_INCREMENT,
  `image` varchar(191) CHARACTER SET utf8mb4 COLLATE utf8mb4_unicode_ci NOT NULL,
  `reservation_id` bigint unsigned NOT NULL,
  `created_at` timestamp NULL DEFAULT NULL,
  `updated_at` timestamp NULL DEFAULT NULL,
  PRIMARY KEY (`id`),
  KEY `reservation_galleries_reservation_id_foreign` (`reservation_id`),
  CONSTRAINT `reservation_galleries_reservation_id_foreign` FOREIGN KEY (`reservation_id`) REFERENCES `reservations` (`id`) ON DELETE CASCADE
) ENGINE=InnoDB AUTO_INCREMENT=157 DEFAULT CHARSET=utf8mb4 COLLATE=utf8mb4_unicode_ci;

--
-- Dumping data for table `reservation_galleries`
--

INSERT INTO `reservation_galleries` VALUES (18,'63db5e74659bc1675320948.webp',2,'2023-02-02 05:55:48','2023-02-02 05:55:48'),(19,'63db5e7467f1b1675320948.jpg',2,'2023-02-02 05:55:48','2023-02-02 05:55:48'),(20,'63db5e74699391675320948.jpg',2,'2023-02-02 05:55:48','2023-02-02 05:55:48'),(21,'63db5e746b3911675320948.jpg',2,'2023-02-02 05:55:48','2023-02-02 05:55:48'),(22,'63db5e746bf3c1675320948.jpg',2,'2023-02-02 05:55:48','2023-02-02 05:55:48'),(25,'63e2171ba4cb31675761435.JPG',3,'2023-02-07 08:17:15','2023-02-07 08:17:15'),(31,'63e4d588a64f61675941256.JPG',4,'2023-02-09 10:14:16','2023-02-09 10:14:16'),(37,'63e4d588b042d1675941256.JPG',4,'2023-02-09 10:14:16','2023-02-09 10:14:16'),(38,'63e4d9518617f1675942225.JPG',5,'2023-02-09 10:30:25','2023-02-09 10:30:25'),(39,'63e4d9518a8db1675942225.JPG',5,'2023-02-09 10:30:25','2023-02-09 10:30:25'),(40,'63e4d9518b42d1675942225.JPG',5,'2023-02-09 10:30:25','2023-02-09 10:30:25'),(41,'63e4d9518c0961675942225.JPG',5,'2023-02-09 10:30:25','2023-02-09 10:30:25'),(42,'63e4d9518ca231675942225.JPG',5,'2023-02-09 10:30:25','2023-02-09 10:30:25'),(43,'63e4d9518d4d61675942225.JPG',5,'2023-02-09 10:30:25','2023-02-09 10:30:25'),(44,'63e4d9518e0241675942225.JPG',5,'2023-02-09 10:30:25','2023-02-09 10:30:25'),(45,'63e4d9518e8a21675942225.JPG',5,'2023-02-09 10:30:25','2023-02-09 10:30:25'),(46,'63e4d9518f52d1675942225.JPG',5,'2023-02-09 10:30:25','2023-02-09 10:30:25'),(53,'63e4e4a4cada11675945124.jpeg',7,'2023-02-09 11:18:44','2023-02-09 11:18:44'),(56,'63e4e7746eb221675945844.jpg',8,'2023-02-09 11:30:44','2023-02-09 11:30:44'),(57,'63e4e7746fd401675945844.jpg',8,'2023-02-09 11:30:44','2023-02-09 11:30:44'),(58,'63e4e774704ff1675945844.jpg',8,'2023-02-09 11:30:44','2023-02-09 11:30:44'),(59,'63e4e774714d01675945844.JPG',8,'2023-02-09 11:30:44','2023-02-09 11:30:44'),(60,'63e4e77472bf81675945844.jpg',8,'2023-02-09 11:30:44','2023-02-09 11:30:44'),(61,'63e4e774744141675945844.jpg',8,'2023-02-09 11:30:44','2023-02-09 11:30:44'),(62,'63e4e774751281675945844.jpg',8,'2023-02-09 11:30:44','2023-02-09 11:30:44'),(76,'63e4f0a0a40811675948192.jpg',10,'2023-02-09 12:09:52','2023-02-09 12:09:52'),(80,'63e4f805da6081675950085.jpg',11,'2023-02-09 12:41:25','2023-02-09 12:41:25'),(81,'63e4f805e19e61675950085.jpg',11,'2023-02-09 12:41:25','2023-02-09 12:41:25'),(82,'63e4f805e72321675950085.JPG',11,'2023-02-09 12:41:25','2023-02-09 12:41:25'),(83,'63e4f805edc6a1675950085.JPG',11,'2023-02-09 12:41:25','2023-02-09 12:41:25'),(85,'63e4f8299e9d21675950121.jpeg',11,'2023-02-09 12:42:01','2023-02-09 12:42:01'),(86,'63e4f829a199f1675950121.jpeg',11,'2023-02-09 12:42:01','2023-02-09 12:42:01'),(87,'63e4f829a37811675950121.jpeg',11,'2023-02-09 12:42:01','2023-02-09 12:42:01'),(88,'63e4f829a67ea1675950121.jpeg',11,'2023-02-09 12:42:01','2023-02-09 12:42:01'),(89,'63e4f829a8d801675950121.jpeg',11,'2023-02-09 12:42:01','2023-02-09 12:42:01'),(90,'63e4f829ae07f1675950121.jpeg',11,'2023-02-09 12:42:01','2023-02-09 12:42:01'),(107,'63eb50d6e693f1676366038.jpg',1,'2023-02-14 08:13:58','2023-02-14 08:13:58'),(108,'63eb50d6e89351676366038.jpg',1,'2023-02-14 08:13:58','2023-02-14 08:13:58'),(109,'63eb50d6e940e1676366038.jpg',1,'2023-02-14 08:13:58','2023-02-14 08:13:58'),(110,'63eb50d6e9cfd1676366038.jpg',1,'2023-02-14 08:13:58','2023-02-14 08:13:58'),(111,'63eb50d6ea6361676366038.jpg',1,'2023-02-14 08:13:58','2023-02-14 08:13:58'),(112,'63eb50d6eb00e1676366038.jpg',1,'2023-02-14 08:13:58','2023-02-14 08:13:58'),(113,'63eb51be9af621676366270.JPG',2,'2023-02-14 08:17:50','2023-02-14 08:17:50'),(114,'63eb51be9d7871676366270.jpg',2,'2023-02-14 08:17:50','2023-02-14 08:17:50'),(115,'63eb5888d095c1676368008.jpg',4,'2023-02-14 08:46:48','2023-02-14 08:46:48'),(116,'63eb5888d39941676368008.jpg',4,'2023-02-14 08:46:48','2023-02-14 08:46:48'),(117,'63eb5888d56381676368008.jpg',4,'2023-02-14 08:46:48','2023-02-14 08:46:48'),(118,'63eb5b351e94f1676368693.jpg',3,'2023-02-14 08:58:13','2023-02-14 08:58:13'),(119,'63eb5b351f8b61676368693.jpg',3,'2023-02-14 08:58:13','2023-02-14 08:58:13'),(120,'63eb5b3521c671676368693.jpg',3,'2023-02-14 08:58:13','2023-02-14 08:58:13'),(122,'63eb5b35231eb1676368693.jpg',3,'2023-02-14 08:58:13','2023-02-14 08:58:13'),(124,'64646c691b8a11684302953.JPG',7,'2023-05-17 03:55:53','2023-05-17 03:55:53'),(125,'64646cb42d4491684303028.JPG',7,'2023-05-17 03:57:08','2023-05-17 03:57:08'),(126,'64646e43d35961684303427.JPG',7,'2023-05-17 04:03:47','2023-05-17 04:03:47'),(127,'64646e43d7f6d1684303427.webp',7,'2023-05-17 04:03:47','2023-05-17 04:03:47'),(128,'6464746c276281684305004.JPG',1,'2023-05-17 04:30:04','2023-05-17 04:30:04'),(129,'646474bf9d1a71684305087.webp',1,'2023-05-17 04:31:27','2023-05-17 04:31:27'),(130,'6464755f01d681684305247.JPG',10,'2023-05-17 04:34:07','2023-05-17 04:34:07'),(131,'6464755f045541684305247.webp',10,'2023-05-17 04:34:07','2023-05-17 04:34:07'),(132,'6464755f054561684305247.webp',10,'2023-05-17 04:34:07','2023-05-17 04:34:07'),(133,'646476edbaa6b1684305645.JPG',10,'2023-05-17 04:40:45','2023-05-17 04:40:45'),(135,'646476edbe8db1684305645.JPG',10,'2023-05-17 04:40:45','2023-05-17 04:40:45'),(136,'646476edc0f241684305645.JPG',10,'2023-05-17 04:40:45','2023-05-17 04:40:45'),(137,'646476edc34fc1684305645.JPG',10,'2023-05-17 04:40:45','2023-05-17 04:40:45'),(145,'64648b80123081684310912.webp',9,'2023-05-17 06:08:32','2023-05-17 06:08:32'),(148,'64648c62c41c51684311138.webp',9,'2023-05-17 06:12:18','2023-05-17 06:12:18'),(150,'64648dc914da21684311497.webp',9,'2023-05-17 06:18:17','2023-05-17 06:18:17'),(152,'64648f02082a31684311810.webp',9,'2023-05-17 06:23:30','2023-05-17 06:23:30'),(153,'64648f2bafb011684311851.webp',9,'2023-05-17 06:24:11','2023-05-17 06:24:11'),(154,'646c5dadba38a1684823469.JPG',4,'2023-05-23 04:31:09','2023-05-23 04:31:09'),(156,'646c9ecff1d601684840143.webp',2,'2023-05-23 09:09:03','2023-05-23 09:09:03');

--
-- Table structure for table `reservation_reasons`
--

CREATE TABLE `reservation_reasons` (
  `id` bigint unsigned NOT NULL AUTO_INCREMENT,
  `en_reason` varchar(191) CHARACTER SET utf8mb4 COLLATE utf8mb4_unicode_ci NOT NULL,
  `fr_reason` varchar(191) CHARACTER SET utf8mb4 COLLATE utf8mb4_unicode_ci NOT NULL,
  `created_at` timestamp NULL DEFAULT NULL,
  `updated_at` timestamp NULL DEFAULT NULL,
  PRIMARY KEY (`id`)
) ENGINE=InnoDB AUTO_INCREMENT=3 DEFAULT CHARSET=utf8mb4 COLLATE=utf8mb4_unicode_ci;

--
-- Dumping data for table `reservation_reasons`
--

INSERT INTO `reservation_reasons` VALUES (1,'The activity is not available on the designated date','النشاط غير متوفر في التاريخ المطلوب','2023-02-06 19:46:32','2023-07-06 07:01:12'),(2,'I have a special inquiry','لدي استفسار خاص','2023-07-06 07:02:57','2023-07-06 07:02:57');

--
-- Table structure for table `reservations`
--

CREATE TABLE `reservations` (
  `id` bigint unsigned NOT NULL AUTO_INCREMENT,
  `en_name` varchar(191) CHARACTER SET utf8mb4 COLLATE utf8mb4_unicode_ci NOT NULL,
  `fr_name` varchar(191) CHARACTER SET utf8mb4 COLLATE utf8mb4_unicode_ci NOT NULL,
  `en_description` text CHARACTER SET utf8mb4 COLLATE utf8mb4_unicode_ci NOT NULL,
  `fr_description` text CHARACTER SET utf8mb4 COLLATE utf8mb4_unicode_ci NOT NULL,
  `status` int DEFAULT NULL,
  `sort` int DEFAULT NULL,
  `en_about` text CHARACTER SET utf8mb4 COLLATE utf8mb4_unicode_ci NOT NULL,
  `fr_about` text CHARACTER SET utf8mb4 COLLATE utf8mb4_unicode_ci NOT NULL,
  `en_discover` text CHARACTER SET utf8mb4 COLLATE utf8mb4_unicode_ci NOT NULL,
  `fr_discover` text CHARACTER SET utf8mb4 COLLATE utf8mb4_unicode_ci NOT NULL,
  `en_location` text CHARACTER SET utf8mb4 COLLATE utf8mb4_unicode_ci NOT NULL,
  `fr_location` text CHARACTER SET utf8mb4 COLLATE utf8mb4_unicode_ci NOT NULL,
  `location` text CHARACTER SET utf8mb4 COLLATE utf8mb4_unicode_ci NOT NULL,
  `tax` double(8,2) DEFAULT NULL,
  `color_code` varchar(191) CHARACTER SET utf8mb4 COLLATE utf8mb4_unicode_ci NOT NULL,
  `en_find_us` text CHARACTER SET utf8mb4 COLLATE utf8mb4_unicode_ci NOT NULL,
  `fr_find_us` text CHARACTER SET utf8mb4 COLLATE utf8mb4_unicode_ci NOT NULL,
  `en_activity` text CHARACTER SET utf8mb4 COLLATE utf8mb4_unicode_ci NOT NULL,
  `fr_activity` text CHARACTER SET utf8mb4 COLLATE utf8mb4_unicode_ci NOT NULL,
  `image` varchar(191) CHARACTER SET utf8mb4 COLLATE utf8mb4_unicode_ci NOT NULL,
  `activity_image` varchar(191) CHARACTER SET utf8mb4 COLLATE utf8mb4_unicode_ci NOT NULL,
  `find_us_image` varchar(191) CHARACTER SET utf8mb4 COLLATE utf8mb4_unicode_ci NOT NULL,
  `created_at` timestamp NULL DEFAULT NULL,
  `updated_at` timestamp NULL DEFAULT NULL,
  `pdf` varchar(191) CHARACTER SET utf8mb4 COLLATE utf8mb4_unicode_ci DEFAULT NULL,
  `fr_file_title` varchar(191) COLLATE utf8mb4_unicode_ci DEFAULT NULL,
  `en_file_title` varchar(191) COLLATE utf8mb4_unicode_ci DEFAULT NULL,
  `fr_file` varchar(191) COLLATE utf8mb4_unicode_ci DEFAULT NULL,
  `dinner_price_jordaninan` double(8,2) DEFAULT NULL,
  `dinner_price_visitor` double(8,2) DEFAULT NULL,
  `dinner_price_residence` double(8,2) DEFAULT NULL,
  `has_dinner` tinyint(1) DEFAULT '0',
  PRIMARY KEY (`id`)
) ENGINE=InnoDB AUTO_INCREMENT=13 DEFAULT CHARSET=utf8mb4 COLLATE=utf8mb4_unicode_ci;

--
-- Dumping data for table `reservations`
--

INSERT INTO `reservations` VALUES (1,'Dana Biosphere Reserve','محمية ضانا للمحيط الحيوي','<p>Established in 1989, Dana Biosphere Reserve is Jordan’s largest biosphere reserve, covering some 292 km2 of rugged and beautiful landscape along the face of the Great Rift Valley. It sweeps down in a series of mountain ridges, from the 1500m high plateau near Quadesiyya to the desert plains of Wadi Araba. The mountains are cut by many steep-sided wadis, often lined with a lush growth of trees and shrubs. Its geology is as varied as its landscape, switching from limestone to sandstone to granite.<br></p>','<p style=\"direction: rtl; \">تأسست محمية ضانا للمحيط الحيوي عام 1989، حبث تعد المحمية أكبر و أول محمية محيط حيوي في الأردن حسب تصنيفات اليونسكو عام 1998. و تدير المحمية الجمعية الملكية لحماية الطبيعة، حيث تتفاوت مساحتها التي تبلغ 292 كم2 من مناظر خلابة إلى تضاريس متعرجة تواجه حقرة الانهدام. وتمتد المحمية على سفوح عدد من الجبال من منطقة القادسية التي ترتفع أكثر من 1500 متر عن سطح البحر و تنخفض إلى سهول ووديان كوادي عربة. تتخلل جبال المحمية بعض الوديان التي تتميز بطبيعتها الخلابة، و تتنوع التركيبة الجيولوجية ما بين الحجر الجيري و الجرانيت.<br></p>',1,1,'<p style=\"direction: ltr;\">Established in 1989, Dana Biosphere Reserve is Jordan’s largest biosphere reserve, covering <span style=\"font-family: Arial, sans-serif; font-size: 10.5pt; text-align: var(--bs-body-text-align);\">292 km</span><sup style=\"font-family: Arial, sans-serif; text-align: var(--bs-body-text-align);\">2</sup><span style=\"text-align: var(--bs-body-text-align);\">&nbsp;of rugged and beautiful landscape along the face of the Great Rift Valley. It sweeps down in a series of mountain ridges, from the 1500m high plateau near Quadesiyya to the desert plains of Wadi Araba. The mountains are cut by many steep-sided wadis, often lined with a lush growth of trees and shrubs. Its geology is as varied as its landscape, switching from limestone to sandstone to granite.</span></p><p style=\"direction: ltr;\">Dana Biosphere Reserve is the only reserve in Jordan that includes the three different bio-geographical zones of the country: Mediterranean, Irano-Turanian, and Sudanian penetration. As such, it is the most diverse nature reserve in the country in terms of habitats and species, hosting several vegetation types, including the Phoenician Juniper, evergreen oak, sand dunes, acacia, and rocky sudanian, among others. It is also home to the southernmost remaining forest community of Cypress Cupressus sempervirens.</p><p style=\"direction: ltr;\">More than 891 plant species can be found within the reserve, three of which have only ever been recorded in Dana and nowhere else in the world. Their Latin names include the word ‘Dana’ in them.</p><p style=\"direction: ltr;\">Dana supports a wide variety of wildlife, including many rare species of plants and animals. It is home to several globally threatened species of birds and mammals, such as Syrian Serin Serinus syriacus, Lesser Kestrel Falco naumanni, Blanford\'s Fox Vulpes cana and Nubian Ibex Capra nubiana. The largest breeding colony in the world for Syrian Serin is located in Dana, while the Lesser Kestrel is also found to breed in the area.</p><p style=\"direction: ltr;\">The reserve is home to the last and oldest known natural cypress gathering in Jordan. It also contains a large group of plant species, which is 891 species, including 93 rare species and 4 species not recorded elsewhere in Jordan, 75 species confined to the Shobak area and 8 endemic species. 67 species are of natural or nutritional importance, and recently 3 new species were found for science within the boundaries of the reserve. The reserve is also home to a large number of wild animals, many of which are of global importance, including 11 species of mammals, such as Caracal, Blanford\'s fox, 5 types of reptiles, such as Desert Monitor and the Ground Turtle, in addition to 63 species of birds. It contains the largest known gathering of Syrian Serin in the world. There are 250 bird species recorded in the reserve, 77 of which are nesting, making it one of the most important non-humid areas for bird conservation in the Middle East.</p><p style=\"direction: ltr;\"><span style=\"text-align: var(--bs-body-text-align);\">Furthermore, the general number of wild animal species registered in the reserve is 555 species, including 297 species of animals and 258 species of invertebrates.</span></p><p style=\"direction: ltr;\"><span style=\"text-align: var(--bs-body-text-align);\">In 1994, RSCN took pioneering steps in its attempts to conserve the precious biodiversity in Dana, putting together the first protected area management plan in Jordan funded by global environment fund (GEF), making Dana Biosphere Reserve into a model of integrated conservation and socio-economic development.&nbsp;</span><span style=\"text-align: var(--bs-body-text-align);\">This plan set objectives, strategies, and priorities that ultimately seek to find balance between protecting Dana’s natural wonders and meeting the needs of local people. This strategy was mostly based on the concept of zoning, defining areas where certain activities can or cannot happen, allowing for grazing zones and recreation zones. Following this approach, Dana became the first site in which responsible tourism began taking place.</span></p><p style=\"direction: ltr;\">To date, RSCN has received several global awards for its success in alleviating poverty and creating job opportunities for local communities, in combination with integrating nature conservation.</p><p style=\"direction: ltr;\">Major threats to the natural environment of the area still include overgrazing, woodcutting, and hunting, mainly of Ibex and Chukar.</p><div><br></div>','<p style=\"direction: rtl; \">تأسست محمية ضانا للمحيط الحيوي عام 1989، حيث تعد المحمية أكبر وأول محمية محيط حيوي في الأردن حسب تصنيف اليونيسكو عام 1998. وتدير المحمية الجمعية الملكية لحماية الطبيعة، حيث تتفاوت مساحتها التي تبلغ 292 كم2 من مناظر خلابة الى تضاريس متعرجة تواجه حفرة الانهدام. وتمتد المحمية على سفوح عدد من الجبال من منطقة القادسية التي ترتفع أكثر من 1500 متر عن سطح البحر وتنخفض إلى سهول ووديان كوادي عربة. حيث تتخلل جبال المحمية بعض الوديان التي تتميز بطبيعتها الخلابة، وتتنوع التركيبة الجيولوجية ما بين الحجر الجيري والجرانيت.&nbsp;</p><p style=\"direction: rtl; \">محمية ضانا للمحيط الحيوي هي المحمية الوحيدة في الأردن والتي تحتوي على الأقاليم الحيوية الجغرافية الثلاثة : إقليم البحر الأبيض المتوسط، الإقليم الإيراني-الطوراني، والإقليم السوداني. ولذلك فهي أكثر المناطق تنوعاً في الأردن من ناحية الأنظمة البيئية والأنماط النباتية مثل نمط العرعر ونمط البلوط دائم الخضرة ونمط نبت الكثبان الرملية ونمط النبت السوداني وغيرها العديد. كما تتميز المحمية بأنها موئل ما تبقى من غابات السرو الطبيعية المعمرة.</p><p style=\"direction: rtl; \">وتعد محمية ضانا من أهم المحميات على مستوى الوطن العربي لما تحويه من تنوع حيوي هائل وبنك جيني طبيعي لمختلف عناصر الحياة البرية مما اكسبها شهرة عالمية خاصة في برامج الدراسات والأبحاث، و تتبع أهمية المحمية من تواجد عدة بيئات مختلفة من محمية واحدة، مثل: البيئة الجبلية في جبال الطفيلة و بيئة السهوب و البئة الصحراوية في وادي عربة.</p><p style=\"direction: rtl; \">وأدى وجود جميع هذه البيئات في محمية واحدة إلى وجود غنى طبيعي، إذ سجل في المحمية ما يزيد عن 891 نوعاً من النباتات والتي تمثل ثلث نباتات الأردن وثلاثة من هذه الأنواع التي سجلت هي جديدة للعلم حملت اسم محمية ضانا وتحتوي على 16 نوع نادر على المستوى العالمي مما رشحها لتكون أحد المناطق المهمة للتنوع الحيوي على المستوى العالمي و160 نوع نباتي نادرة ومهددة على المستوى الوطني كما تعتبر محمية ضانا مركزاً لتكاثر وتعشيش الكثير من الطيور البرية مثل الحجل والشنار والطيور الجارحة حيث تم تسجيل 250 نوعاً من الطيور وهو ما يشكل 50% من الطيور المسجلة في الأردن منها ما هو مهدد على المستوى العالمي كالنعار السوري ومنها ما هو مهدد على المستوى المحلي كالنسر البني وتقع المحمية ضمن مسارات هجرة الطيور ويعبرها الألاف من الطيور بشكل سنوي وهي معلنة كمنطقة مهمة للطيور من قبل المجلس العالمي لحماية الطيور.</p><p style=\"direction: rtl; \">وتم تسجيل أكثر من 39 من الثدييات و44 من الزواحف وتعتبر المحمية مركزاً رافداً لكثير من الأنواع النادرة والمهددة في مناطق جنوب الأردن ومنها الماعز الجبلي النوبي والثعلب الأفغاني (الملوكي) والوشق والغزال العفري وهي من الأنواع المهددة على المستوى الوطني والعالمي.</p><p style=\"direction: rtl; \">يتواجد في المحمية آخر وأقدم تجمع معروف للسرو الطبيعي في الأردن ، كما أنها تحتوي على مجموعة كبيرة من الأنواع النباتية ، وصل عددها إلى 891 نوع، منها 93 نوع نادر وأربعة أنواع لم تسجل في مكان آخر في الأردن و 75 نوع محصورة في منطقة الشوبك و8 أنواع مستوطنة و67 نوعا ذات أهمية طبيعية أو غذائية وحديثا تم العثور على 3 أنواع جديدة للعلم ضمن حدود المحمية. كما تشكل المحمية موئلا لعدد كبير من الحيوانات البرية التي يتميز العديد منها بأهمية عالمية منها 11 نوعا من الثدييات كالوشق والثعلب الأفغاني و5 أنواع من الزواحف كالورل والسلحفاة الأرضية إضافة إلى 63 نوعا من الطيور كالعقاب المرقط والعقاب الملوكي وصقر الجراد والنعار السوري، وتجدر الإشارة هنا أن المحمية تحتوي على أكبر تجمع معروف بالنعار السوري في العالم. وأنواع الطيور المسجلة في المحمية عددها 215 نوعا منها 77 نوع معشش فيها وذلك يجعلها واحدة من أهم المناطق غير الرطبة الهامة لصون الطيور في الشرق الأوسط.</p><p style=\"direction: rtl; \">تتمة لما سبق، فإن إجمالي عدد أنواع الحيوانات البرية المسجلة في المحمية هو 555 نوعاً، بما في ذلك 297 نوعاً من الحيوانات و258 نوعاً من اللافقاريات.&nbsp;</p><p style=\"direction: rtl; \">اتخذت الجمعية الملكية لحماية الطبيعة في عام 1994، خطوات رائدة في محاولة للحفاظ على التنوع البيولوجي الثمين الموجود في ضانا، و ذلك بتمويل من صندوق البيئة العالمي، حيث إنها وضعت أول خطة لإدارة المناطق المحمية في الأردن، وجعل محيط محمية ضانا الحيوي نموذج متكامل للحفاظ على البيئة بالإضافة إلى التنمية الاجتماعية الاقتصادية. وحددت الخطة الأهداف والاستراتيجيات والأولويات التي تسعى في نهاية المطاف إلى إيجاد توازن بين حماية عجائب ضانا الطبيعية وبين تلبية احتياجات السكان المحليين. وتقوم هذه الاستراتيجية بالأغلب على مفهوم تقسيم المناطق، وتحديد المناطق التي يمكن أن تقام فيها الأنشطة أو لا الأمر الذي يتيح المجال للرعي ولإقامة الأنشطة الترفيهية على حد سواء، ومن خلال إتباع هذا النهج أصبحت محمية ضانا الموقع السياحي الأول في مجال السياحة التي تتحمل المسؤولية البيئية، و حتى الآن تلقت الجمعية الملكية لحماية الطبيعة العديد من الجوائز العالمية لنجاحها في تخفيف حدة الفقر للمجتمعات المحلية و خلق فرص عمل بالإضافة لجهودها في الحفاظ على الطبيعة. ومن التهديدات الرئيسة على البيئة الطبيعية للمنطقة و التي لا تزال تعاني منها: الرعي الجائر، قطع الأخشاب، والصيد.</p>','<p>Dana Biosphere Reserve is a unique place, learn more about it\'s features and activities<br></p>','<p style=\"direction: rtl; \">محمية ضانا للمحيط الحيوي هي مكان فريد من نوعه ، تعرف على المزيد حول ميزاتها وأنشطتها<br></p>','<p>Where is Dana Biosphere Reserve located?<br></p>','<p style=\"direction: rtl; \">أين تقع محمية ضانا للمحيط الحيوي؟<br></p>','https://goo.gl/maps/VjCqN7mdGnvcASYV8',7.00,'#FF893D','<p>Dana reserve is located in the south of Jordan, near Tafila governate. You can book several activities in Dana such as lodging, camping, cycling …etc. Make sure to check the activities calendar before moving to the booking page.<br></p>','<p>محمية ضانا هي مكان فريد من نوعه ، تعرف على المزيد حول ميزاتها وأنشطتها<br></p>','<p>The spectacular landscape of the Feynan area and the communities that live within it, host an extraordinary history<br></p>','<p>أما بالنسبة لمنطقة فينان الرائعة والمجتمعات التي تعيش داخلها، تضمنت تاريخًا عريقا، حيث أن الأبحاث ما زالت جارية، حول أن لدى فينان واحدة من أطول سلاسل الاستيطان البشري في العالم.<br></p>','64197d3c76c121679392060.jpg','63e4ddebc4f941675943403.png','63e4ddebc51fd1675943403.png','2023-01-31 14:25:50','2023-12-04 06:45:26','64633c68667421684225128.pdf',NULL,NULL,NULL,NULL,NULL,NULL,0),(2,'Ajloun Forest Reserve','محمية غابات عجلون','Established in 1987, Ajloun Forest Reserve covers an area of 12&nbsp;<span style=\"font-size: 10.5pt; line-height: 107%; font-family: Arial, sans-serif; background-image: initial; background-position: initial; background-size: initial; background-repeat: initial; background-attachment: initial; background-origin: initial; background-clip: initial;\">km<sup>2&nbsp;</sup></span>located in the Ajloun highlands north of Amman. It consists of Mediterranean-like hill country, ranging from 600 - 1100 m above sea level, with a series of small and medium winding valleys.','<div style=\"direction: rtl;\"><span style=\"text-align: var(--bs-body-text-align);\">أنشئت محمية غابات عجلون عام 1987 و تغطي مساحة&nbsp;12كم2، حيث تقع ضمن مرتفعات عجلون شمال عمان ضمن اقليم البحر الأبيض المتوسط. و تحتوي على سلسلة من الأودية المتعرجة و يتراوح ارتفاعهاما بين 600-1100 متراً فوق سطح البحر.</span></div>',1,2,'<div>Established in 1987, Ajloun Forest Reserve covers an area of 12&nbsp;<span style=\"font-size: 10.5pt; line-height: 107%; font-family: Arial, sans-serif; background-image: initial; background-position: initial; background-size: initial; background-repeat: initial; background-attachment: initial; background-origin: initial; background-clip: initial;\">km<sup>2&nbsp;</sup></span>located in the Ajloun highlands north of Amman. It consists of Mediterranean-like hill country, ranging from 600 - 1100 m above sea level, with a series of small and medium winding valleys.</div><div>Ajloun forest was first proposed as a protected area in the 1978 survey. Its ecological importance is represented by the Evergreen Oak vegetation type, which is typical of the northern highlands of Jordan. As part of the Mediterranean bio-geographical region of the country, it is dominated by open woodlands that account for a significant part of Jordan’s forested area, which does not exceed 1% of the country’s entire land area.</div><div>Along with stretches of Evergreen Oak Quercus calliprinos, the thriving woodlands of Ajloun are dominated by Carob Ceratonia siliqua, wild Pistachio Pistacia palaestina and Strawberry tree Arbutus andrachne. Throughout the years, these trees have been important to local people for their wood and quite often for their medicinal and nutritional value or simply as a food source. These woodlands also support a wide range of plant and animal biodiversity, including herds of wild boarSus scrofa, the Stone Marten Martes foina, which is a carnivore that is known to be restricted to forest habitats, and the Golden Jackal Canis aureus, which can still be found in good numbers in and around the reserve, as well as the Red Fox Vulpes vulpes, Striped Hyena Hyaena hyaena, Persian Squirrel Sciurus anomalus, Indian Crested Porcupine Hystrix indica, and wolf Canis lupus. A wide variety of wild flowers thrive in Ajloun forest, including the Black Iris, several orchids and wild tulips, several of which can be found in CITES appendices. In 2000, Ajloun Forest Reserve was announced, by BirdLife International and RSCN, as an Important Bird Area in Jordan.</div><div>After the reserves establishment, RSCN initiated a captive breeding program aiming to reintroduce the locally extinct Roe Deer Capreolus capreolus. The Roe Deer is adapted to forest habitats, and feeds on a variety of trees, shrubs and grasses. The rich forests that covered the Ajloun area once provided an ideal habitat for this noble creature, but deforestation over the past 200 years led to the extinction of the Roe Deer in Jordan. Since launching its captive breeding program at Ajloun Forest Reserve in 1998, RSCN has managed to release a number of Roe Deer into the reserve, where they have continued to grow within their natural habitat.</div><div>Ajloun Forest Reserve still faces several threats, as the shape of the reserve and its borders have been negatively affected by the presence of private lands around it. Presently, this has led to several problems in managing the reserve, due to the existence of many unofficial access points into the reserve, allowing people to enter the reserve for the illegal purpose of woodcutting, grazing or hunting.</div><div>Nonetheless, Ajloun Forest Reserve has one of the most effective outreach and public awareness programs among Jordan’s nature reserves. This has led to the raised awareness of the local communities inhabiting the area, emphasizing the importance of the reserve and its maintenance. For this reason, RSCN has managed to establish several initiatives of cooperation between the reserve and the people living around the reserve.</div>','<div style=\"direction: rtl; \"><p class=\"MsoNormal\" dir=\"RTL\" style=\"margin-bottom: 7.5pt; line-height: normal; background-image: initial; background-position: initial; background-size: initial; background-repeat: initial; background-attachment: initial; background-origin: initial; background-clip: initial; direction: rtl; unicode-bidi: embed;\">أنشئت محمية غابات عجلون عام 1987 وتغطي مساحة 12 كم2، حيث تقع ضمن مرتفعات عجلون شمال عمان ضمن إقليم البحر الأبيض المتوسط، حيث أنها تحتوي على سلسلة من الأودية المتعرجة ويتراوح ارتفاعها ما بين 600-1100 متراً فوق سطح البحر.</p><p class=\"MsoNormal\" dir=\"RTL\" style=\"margin-bottom: 7.5pt; line-height: normal; background-image: initial; background-position: initial; background-size: initial; background-repeat: initial; background-attachment: initial; background-origin: initial; background-clip: initial; direction: rtl; unicode-bidi: embed;\">تم اقتراح جزء من غابات عجلون كمنطقة محمية في دراسة كلارك عام 1978، وتتمثل أهميتها البيئية بتمثيلها لنمط غابات البلوط دائمة الخضرة والذي هو شائع في شمال الأردن. كجزء من نظام حوض البحر الأبيض المتوسط الجغرافي الحيوي فإن المنطقة تسودها الغابات والتي تشكل جزءاً مهماً من غابات الأردن، علماً بأن مساحة الغابات في الأردن لا تتجاوز 1% من إجمالي مساحة الأردن.&nbsp;</p><p class=\"MsoNormal\" dir=\"RTL\" style=\"margin-bottom: 7.5pt; line-height: normal; background-image: initial; background-position: initial; background-size: initial; background-repeat: initial; background-attachment: initial; background-origin: initial; background-clip: initial; direction: rtl; unicode-bidi: embed;\">وبالإضافة للبلوط دائم الخضرة يعيش في المحمية أشجار الخروب، شجر البطم الفلسطيني والقيقب. وعلى مر السنين كانت هذه الأشجار غاية في الأهمية لسكان المنطقة كمصدر للحطب وفي بعض الأحيان كقيمة غذائية وطبية أو ببساطة كمصدر للطعام.</p><p class=\"MsoNormal\" dir=\"RTL\" style=\"margin-bottom: 7.5pt; line-height: normal; background-image: initial; background-position: initial; background-size: initial; background-repeat: initial; background-attachment: initial; background-origin: initial; background-clip: initial; direction: rtl; unicode-bidi: embed;\">تحتضن غابات عجلون العديد من الحيوانات والنباتات مثل الخنزير البري والدلق الصخري، وهو نوع من آكلات اللحوم والذي يقتصر انتشاره على موائل الغابات، وابن آوى، والذي يتواجد بأعداد جيدة بالقرب من المحمية، بالإضافة إلى الثعلب الأحمر والضبع المخطط والسنجاب الفارسي والنيص والذئب.</p><p class=\"MsoNormal\" dir=\"RTL\" style=\"margin-bottom: 7.5pt; line-height: normal; background-image: initial; background-position: initial; background-size: initial; background-repeat: initial; background-attachment: initial; background-origin: initial; background-clip: initial; direction: rtl; unicode-bidi: embed;\">وينتشر في المحمية العديد من أنواع الزهور البرية مثل السوسنة الارجوانية وعدة أنواع من أزهار الأوركيد والتوليب البري، والعديد منها موجود على ملاحق اتفاقية (CITES). في العام 2000 تم إعلان محمية غابات عجلون من قبل الجمعية الملكية لحماية الطبيعة والمجلس العالمي لحماية الطيور كمنطقة مهمة للطيور في الأردن.&nbsp;</p><p class=\"MsoNormal\" dir=\"RTL\" style=\"margin-bottom: 7.5pt; line-height: normal; background-image: initial; background-position: initial; background-size: initial; background-repeat: initial; background-attachment: initial; background-origin: initial; background-clip: initial; direction: rtl; unicode-bidi: embed;\">بعد تأسيس المحمية، شرعت الجمعية ببرنامج إكثار يهدف لإعادة إطلاق الأيل الأسمر المنقرض محلياً إلى البرية، الأيل الأسمر متأقلم مع بيئة الغابات في عجلون، ويتغذى على أنواع عديدة من الأشجار والشجيرات والأعشاب. فيما مضى وفرت الغابات الكثيفة التي كانت تغطي مناطق عجلون البيئة المثالية لهذا المخلوق الأصيل، لكن التحطيب الذي كان سائداً في 200 عام الماضية ساهم في انقراض الأيل الأسمر من الأردن، ومنذ إطلاق هذا البرنامج في العام 1998، تمكنت الجمعية من إطلاق أعداد من الأيل الأسمر في المحمية، لتعود إلى موئلها الطبيعية وتستمر في النمو والتكاثر.</p><p class=\"MsoNormal\" dir=\"RTL\" style=\"margin-bottom: 7.5pt; line-height: normal; background-image: initial; background-position: initial; background-size: initial; background-repeat: initial; background-attachment: initial; background-origin: initial; background-clip: initial; direction: rtl; unicode-bidi: embed;\">لا تزال محمية غابات عجلون تواجه العديد من المخاطر حيث تأثر شكل وحدود المحمية بشكل سلبي بوجود الأراضي الخاصة حولها، و بسبب وجود العديد من المداخل غير الرسمية للمحمية و التي ساعدت على دخول المعتدين الى داخل المحمية لأغراض غير قانونية مثل التحطيب، الرعي و الصيد حيث أدى ذلك الى طهور العديد من المشاكل الادارية للمحمية.</p><p class=\"MsoNormal\" dir=\"RTL\" style=\"margin-bottom: 7.5pt; line-height: normal; background-image: initial; background-position: initial; background-size: initial; background-repeat: initial; background-attachment: initial; background-origin: initial; background-clip: initial; direction: rtl; unicode-bidi: embed;\"><span style=\"text-align: var(--bs-body-text-align);\">ومع ذلك، لدى المحمية أحد أكثر برامج التواصل والتوعية الشعبية تأثيراً بين مختلف المحميات في الأردن، هذا الأمر أدى لرفع وعي المجتمعات المحلية التي تقطن المنطقة حول أهمية المحمية وحمايتها، ولهذا السبب تمكنت الجمعية من إطلاق عدد من المبادرات بالتعاون بين المحمية والسكان المحيطين بها.</span><br></p></div>','Ajloun Forest Reserve covers 12 square kilometers, learn more about it here!','تبلغ مساحة محمية غابات عجلون 12 كيلومتراً مربعاً ، تعرف على المزيد عنها هنا','Where is Ajloun Forest Reserve located?','<div style=\"direction: rtl;\">أين تقع محمية غابات عجلون؟<br></div>','https://goo.gl/maps/tt7s7tPaRVH7dY7Z9',7.00,'#4CA950','Ajloun Forest Reserve is located in the north of Jordan, it\'s one of the biggest forests in Jordan and contains a big variety of animals and plants, you can find many available activities, make sure to check the activities calendar before proceeding to booking page.','<div style=\"direction: rtl;\"><span style=\"text-align: var(--bs-body-text-align);\">تقع محمية غابات عجلون في شمال الأردن ، وهي من أكبر الغابات في الأردن وتحتوي على مجموعة كبيرة ومتنوعة من الحيوانات والنباتات ، يمكنك العثور على العديد من الأنشطة المتاحة ، تأكد من مراجعة تقويم الأنشطة قبل الانتقال إلى صفحة الحجز.</span></div>','The reserve itself supports a wide variety of wild plants and animals and is a peaceful place to relax and enjoy nature, here are some of the activities you can find there','<div style=\"direction: rtl;\"><span style=\"text-align: var(--bs-body-text-align);\">تدعم المحمية نفسها مجموعة متنوعة من النباتات والحيوانات البرية وهي مكان هادئ للاسترخاء والاستمتاع بالطبيعة ، إليك بعض الأنشطة التي يمكنك أن تجدها هناك</span></div>','641980320d7a41679392818.JPG','63e4de5c444801675943516.png','63e4de5c445941675943516.png','2023-02-01 14:09:07','2023-12-17 08:24:53','64633fa3c91721684225955.pdf',NULL,NULL,NULL,NULL,NULL,NULL,0),(3,'Shaumari Wildlife Reserve','محمية الشومري للأحياء البرية','In 1975, RSCN began fencing areas within Shaumari in preparation for the first wildlife protection reserve in Jordan, covering an area of&nbsp;<span style=\"line-height: 107%; background-image: initial; background-position: initial; background-size: initial; background-repeat: initial; background-attachment: initial; background-origin: initial; background-clip: initial;\">21 km2</span>. Shaumari Reserve acted as the first model reserve in Jordan’s dry desert climate','<div style=\"direction: rtl;\"><span style=\"text-align: var(--bs-body-text-align);\">في عام 1975 بدأت الجمعية الملكية لحماية الطبيعة بإنشاء سياج حول منطقة الشومري تمهيداً لإنشاء أول محمية لحماية الحياة الطبيعية في الأردن، حيث تبلغ مساحة المحمية 21كم2، تمثل المحمية أول نموذج للمحميات الطبيعية في المناطق ذات المناخات الصحراوية الجافة في الأردن.</span></div>',1,5,'<p>In 1975, RSCN began fencing areas within Shaumari in preparation for the first wildlife protection reserve in Jordan, covering an area of&nbsp;<span style=\"font-size: 10.5pt; line-height: 107%; font-family: Arial, sans-serif; background-image: initial; background-position: initial; background-size: initial; background-repeat: initial; background-attachment: initial; background-origin: initial; background-clip: initial;\">21 km<sup>2</sup></span>. Shaumari Reserve acted as the first model reserve in Jordan’s dry desert climate, providing grounds for learning practical application methods in establishing and managing other reserves around Jordan. It is comprised of two main topographic features, desert wadis and hammada areas. Desert wadis form around 60% of its total area, the most well-known being Wadi Shaumari, which cuts straight through the heart of the site, giving the reserve its name. Hammada areas occupy the remaining 35%, covering the area with a layer of black flint. Shaumari provides an open location for Jordanian Universities undergoing scientific research on arid and semi-arid areas.</p><p>Shaumari has been found to support highly varied biodiversity. So far, more than 193 species of flora have been recorded at the reserve, the most common species being Achillea fragrantissima, Artemisia sieberi, Matricaria aurea, Haloxylon persicum, Anabasis articulata, Retama raetam and Peganum harmala. Six species of carnivores have been found to inhabit the area, including the Red Fox (Vulpes velpes), Jackal (Canis aureus), Wolf (Canis lupus), Striped Hyena (Hyaena hyaena), Caracal (Caracal caracal), and Wild Cat (Felis sylvestris), while bird sightings in the reserve include Imperial Eagle (Aquila heliaca), Pallid Harrier (Circus macrourus), and Egyptian Vulture (Neophron percnopterus).</p><p>Shaumari Wildlife Reserve was initially created as a breeding center aiming to breed and reintroduce the globally threatened and locally extinct wildlife and specifically the Arabian Oryx (Oryx leucoryx). In 1978, joined by international efforts, RSCN initiated the Arabian Oryx rescue operation after receiving 8 Oryx animals from the Phoenix Zoo, USA, into specially prepared breeding enclosures in Shaumari Reserve, in an attempt to return the Arabian Oryx to its native desert habitat. By 1983, this operation met its first success, after the release of 31 Arabian Oryx from captivity into their native habitats within the reserve.</p><p>Shaumari Wildlife Reserve is now home to some of the rarest species of animals in the Middle East, such as Ostriches (Struthio camelus), Goitered Gazelles (Gazella subgutturosa) and Persian Onagers (Equus hemionus). RSCN has exerted great effort to help these animals rebuild their populations and reassert their presence within the safety of the reserve, protected from the hunting and habitat destruction that nearly wiped them out.</p><p>Visitors to Shaumari have an opportunity to see the living results of this global co-operation. The Oryx can often be seen roaming freely in the desert grassland, and the Ostriches, Gazelles, and Onagers can be observed in their enclosures. As a model of environmental education that is suitable for all levels of learners, the reserve has become a popular spot for children and school outings.</p>','<p style=\"direction: rtl; \"><span style=\"text-align: var(--bs-body-text-align);\">في عام 1975بدأت الجمعية الملكية لحماية الطبيعة بإنشاء سياج حول منطقة الشومري تمهيداً لإنشاء أول محمية لحماية الحياة الطبيعية في الأردن، حيث تبلغ مساحة المحمية 21 كم2،و تمثل المحمية أول نموذج للمحميات الطبيعية في المناطق ذات المناخات الصحراوية الجافة في الأردن. حيث شكلت المعرفة الأساسية حول المنهجيات العلمية في تأسيس و إدارة المحميات و التي تم استخدامها في المحميات الأخرى في الأردن.</span></p><p style=\"direction: rtl; \"><span style=\"text-align: var(--bs-body-text-align);\">تتكون المحمية من اثنين من المعالم الجغرافية الأساسية: الأودية الصحراوية وأراضي الحماد. وتشكل الأودية الصحراوية 60٪ من المساحة الكلية للمحمية، وأكثر هذه الأودية شهرة هو وادي الشومري المعروف الذي يمر مباشرة من قلب موقع، وهذا الوادي هو الذي ينسب إليه اسم المحمية. أراضي الحماد تحتل ما تبقى من المحمية وتشكل 35٪، وتغطي الأرض طبقة من الصوان الأسود. و أخيراً فإن محمية الشومري توفر مكاناُ مفتوحاً للجامعات الأردنية لإجراء الأبحاث العلمية حول المناطق الجافة و شبه الجافة.</span><br></p><p style=\"direction: rtl; \">تأسست المحمية لحماية التنوع الحيوي الغني للموقع،وحتى الآن فقد تم تسجيل ما يزيد عن 193 نوع نباتي في المحمية أكثرها شيوعاً هي القيصوم، الشيح، البابونج، الشنان، الرتم والحرمل. كما تم تسجيل ستة أنواع من المفترسات في المحمية تشمل الثعلب الأحمر، ابن آوي، الذئب، الضبع المخطط، الوشق والقط البري. أما بالنسبة للطيور التي تم مشاهدتها في المحمية فتشمل العقاب، الباز والرخمة المصرية.</p><p style=\"direction: rtl; \">تم إنشاء محمية الشومري للأحياء البرية في البدايات كمركز إعادة إكثار يهدف إلى إكثار وإعادة توطين الانواع البرية المهددة عالمياً والمنقرضة محلياً وتحديداً المها العربي. في عام 1978 وبدعم الجهود الدولية قامت الجمعية الملكية لحماية الطبيعة بإطلاق عملية إنقاذ المها العربي وذلك بعد استلام ثماني حيوانات من حديقة فينيكس، الولايات المتحدة الأمريكية، ووضعها في مسيجات تكاثر محضرة خصيصاً في محمية الشومري للأحياء البرية، في محاولة لإعادة المها العربي إلى موطنه الطبيعي في البادية. وبحلول عام 1983، حققت هذه العملية أولى نجاحاتها بعد إطلاق 31 مها عربي من الأسر إلى موطنها الطبيعي داخل المحمية.</p><p style=\"direction: rtl; \">محمية الشومري للأحياء البرية هي الآن موطن لمجموعة من الحيوانات النادرة في الشرق الأوسط، مثل النعام، الغزلان والحمار البري، حيث بذلت الجمعية الملكية لحماية الطبيعة جهوداً كبيرة لمساعدة هذه الحيوانات لإعادة بناء إعدادها وتأكيد وجودها ضمن حدود المحمية، بعيداً عن خطر الصيد وتدمير الموائل اللذان كادا يقضيان عليهم من البرية نهائياً.</p><p style=\"direction: rtl; \">زوار محمية الشومري للأحياء البرية لديهم الفرصة لمشاهدة نتائج هذا التعاون الدولي. حيث يمكن رؤية المها يتجول بحرية في المراعي الصحراوية، والنعام، الغزلان والحمر البرية يمكن مشاهدتها في مسيجاتها. و كونها نموذج ريادي للتعليم البيئي الذي يناسب كافة مستويات طالبي العلم المحمية أصبحت نقطة جذب للأطفال ورحلات المدرسة.</p>','Shaumari Wildlife Reserve is a unique place, learn more about it\'s features and activities','محمية الشومري للأحياء البرية هي مكان فريد من نوعه ، تعرف على المزيد حول ميزاتها وأنشطتها','Where is Shaumari Wildlife Reserve located?','محمية الشومري للأحياء البرية&nbsp;هي مكان فريد من نوعه ، تعرف على المزيد حول ميزاتها وأنشطتها','https://www.google.com/maps/place/Shaumari+Wildlife+Reserve/@31.7448469,36.7797029,17z/data=!3m1!4b1!4m5!3m4!1s0x151ae73d85479d73:0x62da93d4f0cd05ac!8m2!3d31.7448424!4d36.7818916',7.00,'#FF893D','Where is Shaumari Wildlife Reserve located?','محمية الشومري للأحياء البرية هي مكان فريد من نوعه ، تعرف على المزيد حول ميزاتها وأنشطتها','Shaumari Wildlife&nbsp;Reserve is a unique place, learn more about it\'s features and activities','محمية الشومري للأحياء البرية&nbsp;هي مكان فريد من نوعه ، تعرف على المزيد حول ميزاتها وأنشطتها','64197fbfdf9371679392703.jpg','63e2171b975151675761435.png','63e2171b9762e1675761435.png','2023-02-07 08:17:15','2023-12-17 10:22:55','64634095f118d1684226197.pdf',NULL,NULL,NULL,NULL,NULL,NULL,0),(4,'Azraq Wetland Reserve','محمية الأزرق المائية','<p>In 1978, RSCN established Azraq Wetland Reserve to conserve the uniquely precious oasis located in the heart of Jordan’s eastern desert, between a limestone desert in the west and a basalt desert in the east. It has an area of 74&nbsp;<span style=\"line-height: 107%; background-image: initial; background-position: initial; background-size: initial; background-repeat: initial; background-attachment: initial; background-origin: initial; background-clip: initial;\">km2</span>.<br></p>','<p style=\"direction: rtl; \">تقع محمية الأزرق المائية في الصحراء الشرقية من الأراضي الأردنية وتبعد عن العاصمة عمان حوالي 115 كيلومتراً. سميت بهذا الاسم نسبة إلى واحة الأزرق التي تشكل جزءاً من مساحتها وتغطيها البرك والمستنقعات المائية. تعتبر محمية الأزرق المائية إحدى المحميات المدرجة ضمن الشبكة الوطنية للمحميات الطبيعية في المملكة الأردنية الهاشمية، حيث تعد أول محمية أراضي رطبة ضمن اتفاقية رامسار الدولية في الأردن والمنطقة عامة، وتأسست عام 1978، تبلغ مساحتها 74 كم2.<br></p>',1,3,'<p>In 1978, RSCN established Azraq Wetland Reserve to conserve the uniquely precious oasis located in the heart of Jordan’s eastern desert, between a limestone desert in the west and a basalt desert in the east. It has an area of 74&nbsp;<span style=\"line-height: 107%; background-image: initial; background-position: initial; background-size: initial; background-repeat: initial; background-attachment: initial; background-origin: initial; background-clip: initial;\">km2</span>. It is distinguished by lush marshland and natural water collections that form glittering pools and streams, giving Azraq its name, which is the Arabic word for \"blue\".&nbsp;</p><p>In 1977, the Ramsar Convention declared Azraq Oasis and the adjacent mudflat (Qa) as a major station for migratory birds on the African-Eurasian flyway. A variety of birds flock to the reserve each year, stopping for a short rest along their migration routes, staying for the winter, or breeding within the wetland. The Azraq wetland is the only oasis in the Arabian Desert with a self-replenishing system that has allowed it to sustain itself throughout the years. In 2018, the reserve joined the IUCN Green List of Protected and Conserved Areas.</p><p>Unfortunately, the wetland suffered an environmental disaster because of abuse and overuse of water from the Azraq Basin. Due to excessive pumping of water from the oasis to large urban areas and the illegal drilling of artesian wells for agricultural purposes, water levels have steadily dropped over the course of 50 years, starting to decrease significantly in 1981 and reaching alarming rates in 1993. These high levels of water extraction resulted in the extreme depletion of this natural oasis, drying up massive areas of invaluable wetland equaling over 25 km2. In 1992 the main springs which were feeding the wetland had dried out and water level reached a depth of 12 meters below ground level. The water body that used to be a thriving ecological hotspot has dwindled alarmingly to cover 0.04 % of the area it used to cover in the past; the effects of which can be clearly seen in declining numbers of birds stopping over in Azraq wetland on their migratory route.</p><p>Before water pumping dramatically increased in the 1980s, the oasis provided a sparkling blue jewel in the desert, attracting up to a million migrating birds at one time, as it marks one of the major bird migratory routes. At times, an upwards glance at the Azraq sky would find it teeming with masses of birds, blocking out the light of day. By 1993, the extraction of water was so great that no surface water remained and the oasis’s ecological value was virtually destroyed.</p><p>With international support, RSCN began a rescue effort in 1994 and managed to restore a significant portion of the wetland, and aims to increase depleted water levels by 10 percent. So far, this target has not been achieved due to continued water pumping, lack of manpower, and a lack of experience in wetland management. However, thanks to RSCN\'s efforts, many birds for which Azraq was once renowned for are coming back, and special boardwalks and bird hides have been constructed to enable visitors to observe and enjoy them.</p><p>Azraq Wetland Reserve is a location of rich biodiversity, containing Azraq Killifish Aphanius sirhani, the only true endemic vertebrate species of Jordan. In addition to two-thirds of the bird species records in Jordan, with 350 species of migratory and resident birds. There are also more than 133 species of plants, and there are more than 163 species of invertebrates, 18 species of mammals, 11 species of reptiles, 15 species of dragonflies, and two types of amphibians.</p>','<p style=\"direction: rtl; \">تقع محمية الأزرق المائية في الصحراء الشرقية من الأراضي الأردنية وتبعد عن العاصمة عمان حوالي 115 كيلومتراً. سميت بهذا الاسم نسبة إلى واحة الأزرق التي تشكل جزءاً من مساحتها وتغطيها البرك والمستنقعات المائية. تعتبر محمية الأزرق المائية إحدى المحميات المدرجة ضمن الشبكة الوطنية للمحميات الطبيعية في المملكة الأردنية الهاشمية، حيث تعد أول محمية أراضي رطبة ضمن اتفاقية رامسار الدولية في الأردن والمنطقة عامة، وتأسست عام 1978، تبلغ مساحتها 74 كم2، تحوي النوع الوحيد الفقاري المستوطن بالواحة وهو السمك السرحاني كما تعد محطة استراتيجية للطيور المهاجرة بين أوروبا وآسيا وإفريقيا. انضمت المحمية في عام 2018 إلى القائمة الخضراء التابعة للاتحاد الدولي لحفظ الطبيعة.</p><p style=\"direction: rtl; \"><br></p><p style=\"direction: rtl; \">لسوء الحظ عانت الأزرق من كارثة بيئية بسبب الإساءة والإفراط في استخدام المياه من حوض الأزرق، الضخ الجائر للمياه من واحة الأزرق إلى المدن المجاورة وحفر الآبار بشكل غير قانوني أدى إلى تناقص مستمر في مستويات مياه الحوض في السنوات الخمسين الأخيرة، وفي عام 1981 بدأ مستوى المياه بالهبوط و قد وصل لمستويات متدنية جداً عام 1993. وأسفرت هذه المستويات المرتفعة من استخراج المياه عن استنزاف الواحة الطبيعية بشدة؛ الأمر الذي أدى إلى جفاف مساحات واسعة من الأراضي الرطبة، وفي عام 1992 جفت الينابيع الرئيسية التي كانت تغذي الأراضي الرطبة ووصل عمق المياه لاثني عشر متراً تحت سطح الأرض. الجسم المائي الذي كان يوماً نظاماً بيئياً مزدهراً تضاءل حتى وصل إلى ما نسبته 0.04% مما كان عليه في السابق وظهرت آثار ذلك على شكل نقصان أعداد الطيور التي تتوقف في الأزرق خلال هجرتها. و قد كانت واحة الأزرق قبل الضخ الجائر للمياه في الثمانينات جوهرة زرقاء لامعة في قلب الصحراء، تجتذب ما يقارب المليون طائر مهاجر في وقت واحد حيث إنها تقع على واحد من أهم مسارات هجرة الطيور، وبحلول عام 1993 وبسبب الضخ الهائل للمياه لم يعد هناك أي مياه سطحية في الواحة وتدمرت القيمة البيئية للواحة فعلياً.</p><p style=\"direction: rtl; \"><br></p><p style=\"direction: rtl; \">في عام 1994 وبدعم دولي بدأت الجمعية الملكية لحماية الطبيعة عملية إنقاذ للواحة ونجحت في استعادة جزء مهم من الأرض الرطبة، حيث نجحت الجهود برفع نسبة المياه إلى 10 بالمائة. وبفضل جهود الجمعية الملكية لحماية الطبيعة و حتى يستمتع الزوار بمشاهدة الطيور في المحمية، فقد تم بناء ممرات خاصة و مرافق مراقبة الطيور التي من أجلها تم إعادة تأهيل الواحة.</p><p style=\"direction: rtl; \"><br></p><p style=\"direction: rtl; \">تعتبر محمية الأزرق المائية غنية بالتنوع الحيوي، حيث تحوي بجانب السمك السرحاني، ثلثي تسجيلات أنواع الطيور في الأردن بواقع 350 نوعاً من الطيور المهاجرة والمقيمة. كما يتواجد أكثر من 133 نوعاً من النباتات كما أن هناك ما يزيد على 163 نوعاً من اللافقاريات و18 نوعاُ من الثدييات و11 نوعاً من الزواحف و15 نوعاً من الرعاشات (يعسوبيات) ونوعين من البرمائيات.&nbsp;</p>','<p>Azraq Wetland Reserve has a big number of animals and plant species, learn more about it here.</p>','<p style=\"direction: rtl; \">تحتوي محمية الأزرق المائية على عدد كبير من الحيوانات والأنواع النباتية ، تعرف على المزيد عنها هنا.<br></p>','<p>Where is Azraq Wetland Reserve located?</p>','<p style=\"direction: rtl; \">أين تقع محمية الأزرق المائية<br></p>','https://goo.gl/maps/s9qmG6QEesQRmFC57',7.00,'#12ABC4','<p>You can book several activities in Azraq Wetland Reserve online, make sure to check the calendar activities before booking to confirm the availability.&nbsp;<br></p>','<p style=\"direction: rtl; \">يمكنك حجز العديد من الأنشطة في محمية الأزرق المائية عبر الإنترنت ، وتأكد من مراجعة أنشطة التقويم قبل الحجز للتأكد من توفرها.<br></p>','<p><span style=\"text-align: var(--bs-body-text-align);\">Many interesting archaeological sites lie within easy reach of Azraq Lodge, including the famous but misnamed ‘desert castles’: Qasr Amra, Qasr Kharana and Azraq Castle. Qasr Amra is one of the best-preserved Umayyad bathhouses in the world and a World Heritage Site. Its interior walls are covered in lively frescos dating back to 700 AD. There are also many dramatic desert landscapes to discover, including moon-like plains of black basalt and white valleys of chalk.</span><br></p>','<p style=\"direction: rtl; \">حيث تضم الأزرق العديد من المواقع الأثرية الهامة والتي من السهل الوصول إليها بما في ذلك \"القلاع الصحراوية الشهيرة\": قصير عمرة، قصر الخرانة وقلعة الأزرق. فيعد قصير عمرة واحدا من أهم المواقع الأثرية الأموية الصامدة إلى الآن وأحد مواقع الإرث العالمي. وتغطي جدرانه الداخلية العديد من الرسوم الجدارية الحية التي يعود تاريخها إلى 700 قبل الميلاد.</p><p style=\"direction: rtl; \"><br></p><p style=\"direction: rtl; \">&nbsp;هناك أيضًا العديد من التضاريس الطبيعية الصحراوية التي تستحق الاكتشاف، بما في ذلك السهول البازلتية السوداء والوديان البيضاء المكونة من الطباشير.</p>','64198103dffd51679393027.jpg','63e4de73d6e391675943539.png','63e4de73d6f471675943539.png','2023-02-09 10:14:16','2023-11-29 10:55:26','646341113ea021684226321.pdf',NULL,NULL,NULL,NULL,NULL,NULL,0),(5,'Burqu Nature Reserve','محمية برقع الطبيعية','<p>Established in the year 2018 and is located in in the North-Eastern Badia within Mafraq Governorate\'s borders. Its suggested northern borders are located around 12km\'s away from the Jordanian-Syrian borders, approximately 200 km\'s east the capital Amman.<br></p>','<p>أسست محمية برقع الطبيعية عام 2018 وتقع في البادية الشمالية الشرقية ضمن حدود محافظة المفرق وتبعد حدودها الشمالية المقترحة حوالي 12كم من الحدود السورية الأردنية وتبعد حوالي 250 كم إلى الشرق من العاصمة عمان.<br></p>',1,7,'<p>Burqu Nature Reserve was established in the year 2018 and is located in in the North-Eastern Badia within Mafraq Governorate\'s borders. Its suggested northern borders are located around 12km\'s away from the Jordanian-Syrian borders, approximately 200 km\'s east the capital Amman, and north the international road connecting Amman and Baghdad. The reserve\'s suggested area is about 906 square kilometers, and its suggested borders are outside the boundaries of the municipal areas. Ruwaished Municipality region is considered the nearest municipal location to the suggested reserve with the distance of about 14 km\'s from the far north Ruwaished Municipality border.</p><p>The significance of Burqu region as a site qualified as a nature reserve since the seventies, where the first study on Nature Reserves in Jordan\'s history was conducted by the Royal Society for the Conservation of Nature with support from the International Fund for Animal Welfare and the International Union for Conservation of Nature in the seventies and recommended the conservation of 4% of Jordan\'s area.&nbsp; This study, known as \"Clark\'s Study\" suggested 12 sites that jointly cover the various ecosystems in Jordan and together formed the basis for the national plan for creating a network of national reserves. Burqu site was one of the sites included in Clark\'s list of suggested reserves since it represents a unique ecosystem and the increasing applications that threaten the region\'s ecosystem.</p><p>In 1997, the Royal Society for the Conservation of Nature conducted a comprehensive review and assessment of the nature reserves\' network using international standards developed by the International Union for Conservation of Nature. The study considered the changes that occurred to the sites suggested in Clark\'s list due to the absence of protection and land use changes in the recommended natural reserve sites. This list was reviewed again in 2008, where the assessment criteria were amended in proportion with the specificity of biodiversity in Jordan.</p><p>As for National Governmental Strategies regarding biodiversity, the National Strategy for Biodiversity and Action Plan (2015-2020) emphasized the need to prepare Burqu and Petra nomination files, and move forward with the establishment and operation of both reserves by 2018 under the third strategic goal surrounding the protection of main ecosystems, species and genetic resources. The preparation of this file submitted to the Ministry of Environment is a practical legal first step towards the announcement and establishment of Burqu site as a nature reserve. The file includes the legal requirements that must be met in a request to declare any nature reserve as specified by the \" Regulation No. 29 of 2005 on protected areas and national parks.\"</p><p>The reserve represents the most important areas of bird migration in Jordan and is considered one of the important wetlands for bird resting areas in the northeastern desert</p><p>The reserve was established for several goals:</p><p>Protection of the dominant ground patterns of the Burqa’ reserve, which are not currently represented in any of the protected areas established in Jordan</p><p>Protecting the unique biodiversity associated with the Al Hammad area, where endemic species that do not exist in other areas outside the basaltic desert live there.</p><p>Protecting the area from threats and regulating grazing and hunting of birds and deer, and developing the concept of responsible and sustainable hunting.</p><p>Enjoy the experience of training falcons in Burqa’ reserve within an area that takes up around 20% of the reserve, and on specific types of Houbara birds that are multiplied in captivity for this purpose. Contributed with us to nature protection programs in the eastern desert and the application of the concept of sustainable hunting, for more info <a href=\"https://falconryexperiences.com/?page_id=3104&amp;lang=ar\" target=\"_blank\">click here</a>.</p>','<p style=\"direction: rtl; \">أسست محمية برقع الطبيعية عام 2018 وتقع في البادية الشمالية الشرقية ضمن حدود محافظة المفرق وتبعد حدودها الشمالية المقترحة حوالي 12كم من الحدود السورية الأردنية وتبعد حوالي 250 كم إلى الشرق من العاصمة عمان، كما تقع إلى الشمال من الطريق الدولي الواصل بين عمان وبغداد. تبلغ مساحة المحمية المقترحة 2982 كم مربع، وتقع حدودها المقترحة خارج حدود مناطق البلديات، وتعتبر منطقة بلدية الرويشد أقرب مناطق البلديات للمحمية المقترحة بمسافة تقارب 14 كم من أقصى شمال حد منطقة بلدية الرويشد.</p><p style=\"direction: rtl; \">ظهرت أهمية منطقة برقع كموقع مؤهل كمحمية طبيعية منذ السبعينات، إذ أوصت الدراسة الأولى في تاريخ الأردن على المحميات الطبيعية، والتي قامت بها الجمعية الملكية لحماية الطبيعة بدعم من الصندوق الدولي للحيوان والاتحاد الدولي لصون الطبيعة في السبعينات إلى اقتراح حماية ما نسبته 4% من مساحة الأردن. اقترحت هذه الدراسة، والمعروفة باسم \"دراسة كلارك\"، 12 موقعاً تغطي بمجموعها الأنظمة البيئية المختلفة في الأردن، شكلت بمجموعها الأساس للخطة الوطنية في إنشاء شبكة المحميات الطبيعية. وقد كانت منطقة برقع أحد المواقع المدرجة على قائمة كلارك للمحميات المقترحة نظراً لما تمثله من نظام بيئي فريد ونظراً للاستخدامات المتزايدة التي تهدد النظام البيئي في المنطقة.</p><p style=\"direction: rtl; \">وفي العام 1997 قامت الجمعية الملكية لحماية الطبيعة بإجراء مراجعة شاملة وتقييم وتحديث لشبكة المحميات الطبيعية باستخدام معايير دولية مطورة من قبل الاتحاد الدولي لصون الطبيعة اخذة بعين الاعتبار التغيرات التي طرأت على المناطق المقترحة في قائمة كلارك نظراً لغياب الحماية إضافة إلى التغيرات في استخدامات الأراضي في المناطق المقترحة كمحميات طبيعية. كما تمت مراجعة هذه القائمة مرة أخرى في العام 2008 مع تعديل معايير التقييم بما يتناسب وخصوصية وضع التنوع الحيوي في الأردن.</p><p style=\"direction: rtl; \">أما على مستوى الاستراتيجيات الحكومية الوطنية المتعلقة بالتنوع الحيوي فقد أكدت الاستراتيجية الوطنية للتنوع الحيوي وخطة العمل (2015-2020) على ضرورة تحضير ملفات ترشيح محميتي برقع والبتراء، والمضي بإنشاء وتشغيل المحميتين بحلول عام 2018 ضمن الهدف الاستراتيجي الثالث والمتعلق بحماية الأنظمة البيئية الرئيسية والأنواع والمصادر الجينية. إن تحضير هذا الملف المقدم لوزارة البيئة يأتي كخطوة عملية قانونية أولى لإعلان وتأسيس منطقة برقع كمحمية طبيعية، ويشمل الملف المتطلبات القانونية الواجب توفرها في طلب إعلان أي محمية طبيعة كما حددها \"نظام المحميات والمتنزهات الوطنية رقم 29 لعام 2005\".</p><p style=\"direction: rtl; \">المحمية تمثل أهم مناطق هجرة الطيور في الأردن وهي تعتبر من المناطق الرطبة الهامة لاستراحات الطيور في الصحراء الشمالية الشرقية&nbsp;</p><p style=\"direction: rtl; \">أسست المحمية لعدة أهداف:</p><p style=\"direction: rtl; \"><span style=\"text-align: var(--bs-body-text-align);\">حماية أنماط الحماد الأرضية السائدة في موقع محمية برقع، وغير ممثلة حالياً في أي من المحميات المنشأة في الأردن</span><br></p><p style=\"direction: rtl; \">حماية التنوع الحيوي الفريد والمرتبط بمنطقة الحماد، حيث يعيش فيها أنواعا متوطنة لا تتواجد في مناطق أخرى خارج الصحراء البازلتية&nbsp;</p><p style=\"direction: rtl; \">حماية المنطقة من المهددات وتنظيم الاستخدام المتزايد غير المنظم مثل الرعي غير المنظم، والصيد الجائر خاصة صيد الطيور الجارحة والغزلان، و تطوير مفهوم الصيد المسؤول والمستدام و تطوير مفهوم سياحة الصيد&nbsp;</p><p style=\"direction: rtl; \"><span style=\"text-align: var(--bs-body-text-align);\">الأشكال الأرضية في منطقة الحماد ويشكل الحماد حوالي نصف مساحة المحمية وتتضمن المحمية أشكال أرضية أخرى (الحرة البازلتية، القيعان، والحصى، ومجاري الأودية والمربات)، تتواجد فيها القيعان المرتبطة مع الوديان والتي تتجمع فيها المياه شتاءً، والقيعان اقل من خمس المساحة نمط الحرة ويسود فيه صخور الحرة البازلتية الوعرة وتشكل ثلث مساحة المحمية.</span><br></p><p style=\"direction: rtl; \">أستمتع بتجربة تدريب الصقور في محمية برقع ضمن مساحة لا تزيد عن 20% من هذه المحمية، وعلى أنواع محددة من طيور الحبارى المكثرة بالأسر لهذه الغاية وساهم معنا في برامج حماية الطبيعة في الصحراء الشرقية وتطبيق مفهوم الصيد المستدام.</p><p style=\"direction: rtl; \">لحجوزات تدريب الصقور في برقع، اضغط هنا <a href=\"https://falconryexperiences.com/?page_id=3104&amp;lang=ar\" target=\"_blank\">لمزيد من المعلومات</a></p>','<p>The reserve represents the most important areas for bird migration in Jordan. Learn more about Burqu Nature Reserve here</p>','<p style=\"direction: rtl; \">المحمية تمثل أهم مناطق هجرة الطيور في الأردن، اعرف المزيد عن محمية برع الطبيعية هنا<br></p>','<p>Where is Burqu Nature reserve located</p>','<p>أين تقع محمية برقع الطبيعية</p>','https://goo.gl/maps/woH4pBSACrsU2yZs6',7.00,'#F37255','<p>Burqu Nature reserve is located in the North east badia of Jordan in Mafraq governate, check the available activities in the reserve which can be booked online, make sure to check the calendar before booking.</p>','<p style=\"direction: rtl; \">تقع محمية برقو الطبيعية في شمال شرق البادية الأردنية في محافظة المفرق ، تحقق من الأنشطة المتاحة في المحمية والتي يمكن حجزها عبر الإنترنت ، وتأكد من مراجعة التقويم قبل الحجز.<br></p>','<p>You can live the experience of Burqu through some of the activities we organize in the reserve</p>','<p style=\"direction: rtl; \">يمكنك أن تعيش تجربة برقع من خلال بعض الأنشطة التي ننظمها في المحمية</p>','64646ae3c1cf31684302563.webp','63e4dea0ef37c1675943584.png','63e4dea0ef4571675943584.png','2023-02-09 10:30:25','2023-05-17 04:20:02','6463424416eec1684226628.pdf',NULL,NULL,NULL,NULL,NULL,NULL,0),(7,'Dibeen Forest Reserve','محمية غابات دبين','<p style=\"text-align: justify; \">In 2004, RSCN established its latest nature reserve in Dibeen Forest northern Jordan. Dibeen Forest Reserve extends over 8&nbsp;<span style=\"font-family: Arial, sans-serif; font-size: 10.5pt; text-align: var(--bs-body-text-align);\">km</span><sup style=\"font-family: Arial, sans-serif; text-align: var(--bs-body-text-align);\">2</sup>&nbsp;of mountainous terrain, covering an area of pristine pine-oak habitat&nbsp;</p>','<p style=\"text-align: justify; direction: rtl;\">في عام 2004 أسست الجمعية الملكية لحماية الطبيعة أحدث محمياتها الطبيعية ضمن غابات دبين في شمال الأردن، تمتد المحمية على مساحة 8 كم² من المناطق الجبلية، تغطي جزء من موئل الصنوبر الحلبي - البلوط الطبيعي<br></p>',1,6,'<p style=\"text-align: justify; \">In 2004, RSCN established its latest nature reserve in Dibeen Forest northern Jordan. Dibeen Forest Reserve extends over 8.5&nbsp;<span style=\"font-family: Arial, sans-serif; font-size: 10.5pt; text-align: var(--bs-body-text-align);\">km</span><sup style=\"font-family: Arial, sans-serif; text-align: var(--bs-body-text-align);\">2</sup>&nbsp;of mountainous terrain, covering an area of pristine pine-oak habitat (Pinus halipensis-Quercus calliprinos). These Aleppo pines are some of the oldest and largest in the Kingdom, and are the defining characteristic of this landscape, representing the southeastern geographical limit of this forest type. Dibeen is the driest part of the world in which the Aleppo pines are known to grow naturally, with an average rainfall of around 400mm per year.</p><p style=\"text-align: justify;\">Dibeen was ranked as the top priority site for conservation in the 1998 Protected Areas review, after being overlooked in the original 1979 review, as studies have revealed that Dibeen is one of the best remaining examples of the original pine-oak forest cover in the region and supports at least 17 threatened species, like the Persian Squirrel, and other globally significant biodiversity.</p><p style=\"text-align: justify;\">The entire forest of Dibeen extends over an area of 60&nbsp;<span style=\"font-family: Arial, sans-serif; font-size: 10.5pt; text-align: var(--bs-body-text-align);\">km</span><sup style=\"font-family: Arial, sans-serif; text-align: var(--bs-body-text-align);\">2</sup>, varying in altitude from 500m to 1000m above sea level. The forest is spread over steep to very steep slopes of limestone or chalky limestone rock types. The physical and age structure of the forest as a whole is remarkably varied with trees of widely different ages and sizes and a distinct under-canopy in many areas. This variety is aided by the presence of wadis, which provide different aspects, moisture levels and soil conditions throughout the forest.</p><p style=\"text-align: justify; \">The reserve is positioned in the core of this forest, encompassing three main stand types in the core area, distributed according to altitude. In the lower elevations, Aleppo pine (Pinus halepensis) is dominant and there are some pure stands with large mature trees. In the middle elevations, a pine-oak (Pinus halepensis / Quercus calliprinos) association is dominant and this extends over the majority of the area. In the upper elevations, the oak succeeds as the dominant species with small stands of deciduous oak (Quercus infectoria) on the upper most slopes. Other trees present in the forest include Strawberry tree (Arbutus andrachine), pistachio (Pistachia palestina) and wild olive (Olea europea); while the ground flora is exceptionally rich and includes several orchid species and other forest related plant species. According to the latest study of vegetation cover, the ecosystem of the Dibeen Forest Reserve supports 517 plant species.</p>','<p style=\"text-align: justify; direction: rtl;\">في عام 2004 أسست الجمعية الملكية لحماية الطبيعة أحدث محمياتها الطبيعية ضمن غابات دبين في شمال الأردن، تمتد المحمية على مساحة 8.2 كم² من المناطق الجبلية، تغطي جزء من موئل الصنوبر الحلبي - البلوط الطبيعي. وتعد أشجار الصنوبر الحلبي في تلك المنطقة الأقدم والأضخم في المملكة، والسمة المميزة للنسق الطبيعي، وهي تمثل الحد الجغرافي الجنوبي الشرقي لهذا النوع من الغابات على الكرة الأرضية، وتعتبر دبين من أكثر المنطقة جفافاً في العالم التي ينمو فيها الصنوبر الحلبي، حيث يقارب معدل هطول الأمطار 400 مليمتر في السنة.</p><p style=\"text-align: justify; direction: rtl;\">احتلت غابات دبين المرتبة الأولى في قائمة أولويات المواقع التي تحتاج إلى الحماية وذلك ضمن دراسة مراجعة المناطق المحمية التي تمت عام 1998، بعد أن تم إغفالها في التقرير الأصلي لعام 1979، وذلك بعد أن أثبتت الدراسات أن دبين تعد أفضل الأمثلة على غابات الصنوبر الحلبي – البلوط في المنطقة كما وتحتضن ما لا يقل عن 17 نوعاً مهدداً بالانقراض، مثل السنجاب الفارسي والعديد من الأنواع المهمة على مستوى التنوع الحيوي العالمي.</p><p style=\"text-align: justify; direction: rtl;\">تمتد غابة دبين الكاملة على مساحة تزيد عن 60 كم² ويتراوح الارتفاع ما بين 500 و1000 متر فوق مستوى سطح البحر.&nbsp; تتوزع الغابة فوق منحدرات من الصخور الكلسية والكلسية الطباشيرية متفاوتة في حدة الميلان. التراكيب الفيزيائية والعمرية للغابة بشكل كامل تعد متنوعة بشكل فريد، حيث تتواجد الأشجار بأعمار وأحجام مختلفة. ويعزز هذا التنوع وجود الأودية التي تعطي أوجه تعرض، مستويات رطوبة وظروف تربة متباينة في الغابة.</p><p style=\"text-align: justify; direction: rtl;\">تقع المحمية وسط الغابة الكاملة وتتوزع أنواع الأشجار حسب ارتفاعات الغابة. في التضاريس المنخفضة الصنوبر الحلبي هو النوع السائد مع وجود بعض البقع المكونة فقط من أشجار الصنوبر الحلبي المحتوية على أشجار معمرة. أما في التضاريس المتوسطة يسود نمط الصنوبر الحلبي – البلوط وهذا النمط يمتد على معظم إجراء المحمية. أما في التضاريس العليا ينجح البلوط دائم الخضرة كالنوع السائد مع وجود بعض البقع من البلوط متساقط الأوراق في المنحدرات العليا. كما تنتشر أنواع أخرى من الأشجار مثل شجر القيقب (القطلب) والفستق الحلبي والزيتون البري، بينما تتميز أرضية الغابة بشكل استثنائي بوجود الأوركيد وأنواع أخرى من النباتات المرتبطة بالغابات. حسب اخر دراسة للغطاء النباتي فان النظام البيئي لمحمية غابات دبين يدعم وجود 517 نوع نباتي.</p>','<p>The structure of the forest as a whole is remarkably varied with trees of widely different ages and sizes, learn more here.<br></p>','<p style=\"direction: rtl; \">يتنوع هيكل الغابة ككل بشكل ملحوظ مع الأشجار ذات الأعمار والأحجام المختلفة على نطاق واسع ، تعرف على المزيد هنا.<br></p>','<p>Where is Dibeen Forest Reserve lcoated</p>','<p>أين تقع محمية دبين الطبيعية</p>','https://goo.gl/maps/nycnw1DEDx8FhACL8',7.00,'#4CA950','<p style=\"text-align: justify; \">Dibeen Forest reserve is located in Jerash governate, north of Amman. Visiting Dibeen forest reserve will let you try the experience of living in a healthy, calm and relaxing atmosphere.</p>','<p style=\"text-align: justify; direction: rtl;\">تقع محمية غابة دبين في محافظة جرش شمال عمان. ستتيح لك زيارة محمية غابات دبين تجربة تجربة العيش في جو صحي وهادئ ومريح.<br></p>','<p style=\"text-align: justify; \">Socioeconomic Development Projects</p><p style=\"text-align: justify;\"><b>1. Dibeen Ceramics Workshop</b></p><p style=\"text-align: justify;\">Ceramics: functional little pieces of art. Enjoy our off-the-shelf line sold with our various herbs and soap products, or let us design that centerpiece you have always dreamed of.</p><p style=\"text-align: justify;\"><b>2. Dibeen Embroidery Workshop</b></p><p style=\"text-align: justify;\">Hand embroidered items handmade by local women as they embrace the many possibilities of expressing themselves with a needle and thread. The art of embroidery has a long and interesting tradition and has brought many hours of creative pleasure to women for generations.</p><div style=\"text-align: justify;\"><br></div>','<p style=\"text-align: justify; direction: rtl;\">مشاريع التنمية الاقتصادية الاجتماعية&nbsp;</p><p style=\"text-align: justify; direction: rtl;\"><b>1.مشغل دبين للسيراميك</b></p><p style=\"text-align: justify; direction: rtl;\">&nbsp;ويتم فيه تشكيل الفخار بالطريقة التقليدية حيث يتم استعمال الطين الأبيض والأحمر والرسم عليهم بزخارف مستوحاة من الطبيعة كأغصان الزيتون وأزهار اللافندر.</p><p style=\"text-align: justify; direction: rtl;\"><b>2.مشغل دبين للتطريز</b></p><p style=\"text-align: justify; direction: rtl;\">&nbsp;ويتم فيه خياطة وتطريز الأزهار والحيوانات الطبيعية على الشراشف والمخدات والحافظات والجداريات.</p><div style=\"text-align: justify; direction: rtl;\"><br></div>','64646fb92a90c1684303801.JPG','63e4e5e65ecfb1675945446.png','63e4e5e65eef51675945446.png','2023-02-09 11:18:44','2023-11-29 08:30:17',NULL,NULL,NULL,NULL,NULL,NULL,NULL,0),(8,'Fifa Nature Reserve','محمية فيفا الطبيعية','<p>Fifa was declared a reserve in 2011, and is located in the southwest of the Hashemite Kingdom of Jordan. It is 140 km south of Amman and its western border is the international border between Jordan and The West Bank.<br></p>','<p style=\"direction: rtl; \">تقع محمية فيفا الطبيعية في الجزء الجنوبي الغربي من المملكة الأردنية الهاشمية على الحد الجنوبي للبحر الميت، وتبعد حوالي 140كم جنوب العاصمة عمان. تعتبر حدود المحمية الغربية هي الحدود الدولية بين المملكة الأردنية الهاشمية ودولة فلسطين المحتلة.<br></p>',1,9,'<p class=\"MsoNormal\" dir=\"RTL\" style=\"direction: ltr; margin-top: 12pt; text-align: justify; background-image: initial; background-position: initial; background-size: initial; background-repeat: initial; background-attachment: initial; background-origin: initial; background-clip: initial; unicode-bidi: embed;\">Integrated ecosystem management in Jordan (Rift Valley) has established a number of natural reserves along the valley. Fifa Nature Reserve has been established within this project, which follows the programme of The Royal Society for the Conservation of Nature. Fifa was declared a reserve in 2011, and is located in the southwest of the Hashemite Kingdom of Jordan. It is 140 km south of Amman and its western border is the international border between Jordan and The West Bank. Fifa Nature Reserve covers an area of 13 km². It stretches from the Chatters area in the north to the Khnezira area in the south. The lowermost point of the reserve is 420 m below sea level.</p><p class=\"MsoNormal\" dir=\"RTL\" style=\"direction: ltr; margin-top: 12pt; text-align: justify; background-image: initial; background-position: initial; background-size: initial; background-repeat: initial; background-attachment: initial; background-origin: initial; background-clip: initial; unicode-bidi: embed;\">Fifa Nature Reserve is home to two important plant patterns: the salt plant pattern and the tropical plant pattern. Additionally, the reserve protects seven endangered plant and animal species, such as the Arak plant, lynx and hyena. Sudanese characteristics prevail throughout the reserve with its semi- desert system and high temperatures. The biodiversity of the flora and fauna has been able to survive the difficult conditions. The reserve is home to 4% of all plant species and 8% of the animal species in Jordan.</p><p class=\"MsoNormal\" dir=\"RTL\" style=\"direction: ltr; margin-top: 12pt; text-align: justify; background-image: initial; background-position: initial; background-size: initial; background-repeat: initial; background-attachment: initial; background-origin: initial; background-clip: initial; unicode-bidi: embed;\">In April 2017, the reserve was designated as the world’s lowest elevation Ramsar Site, lying at 420 meters below sea level.&nbsp; The reserve supports the endemic Richardson’s Killifish Aphanius richardsoni This species was common and wide distributed in both northern and southern parts of Dead Sea at both western and eastern sides. In the past two decades, the species range of distribution shrank severely, and became limited to Fifa and its surrounding and the vulnerable dabb lizard (Uromastyx egyptia). It is considered an important habitat for many rare and endangered birds at the local and regional level, including the Nubian Nightjar (Caprimulgus nubicus) the reserve is considered as one of the important site for this species in the western palaearctic , its nocturnal bird characterized by its large eyes and big mouth opening that enable it to hunt easily at night and Dead Sea Sparrow (Passer moabiticus) very large numbers of migrant birds pass through the area in spring and autumn.</p><div style=\"text-align: justify;\"><br></div>','<p style=\"direction: rtl; \">تقع محمية فيفا الطبيعية في الجزء الجنوبي الغربي من المملكة الأردنية الهاشمية على الحد الجنوبي للبحر الميت، وتبعد حوالي 140كم جنوب العاصمة عمان. تعتبر حدود المحمية الغربية هي الحدود الدولية بين المملكة الأردنية الهاشمية ودولة فلسطين المحتلة,&nbsp; وتتبع ادارياً لمحافظة الكرك بمساحة 26 كم² وتقع ضمن الاراضي المملوكة لسلطة وادي الاردن. تعتبر المحمية احدى المحميات الطبيعيةالمعلنة رسمياً بموجب قرار وزارة البيئة الخاص بإعلان وانشاء المحميات الطبيعية في المملكة تحت إدارة الجمعية الملكية لحماية الطبيعة</p><p style=\"direction: rtl; \">تأسست محمية فيفا الطبيعية عام 2011 من خلال مشروع الادارة المتكاملة للنظم البيئية في وادي الأردن، والذي نفذته الجمعية الملكية لحماية الطبيعة وسميت محمية فيفا بهذا الاسم نسبة لغور فيفا .وتهدف المحمية الى المحافظة على نمطين نباتيين هما نمط النبات الملحي ونمط النبات الاستوائي.</p><p style=\"direction: rtl; \">تم إعلان محمية فيفا الطبيعية أخفض محمية رامسار في العالم بانخفاض يصل الى 420م تحت مستوى سطح البحر حيث انضمت إلى هذه الاتفاقية الدولية في عام 2017، وبذلك تم إدراج موقع ثاني تابع للجمعية على الخارطة العالمية للأراضي الرطبة.</p><p style=\"direction: rtl; \"><span style=\"text-align: var(--bs-body-text-align);\">يشكل الغطاء النباتي المميز للمحمية لوحة جميلة تتمثل بوجود بساط أخضر، حيث يتمثل في المحمية نمطين نباتين هامين بحسب الدراسة التي قامت بها الجمعية الملكية لحماية الطبيعة، وهما نمط النبات الملحي ونمط النبات الإستوائي، وقد تم تسجيل ما مجموعه 127 نوع نباتي داخل المحمية بالإضافة إلى ذلك فإن المحمية تضم سبعة أنواع مهددة على الأقل وذات أهمية حماية عالية مثل نبات الآراك، حيث تعتبر منطقة فيفا من المناطق القليلة في الأردن التي تحوي تواجد طبيعي لهذا النوع. ومن أنواع النباتات المهددة على الصعيد المحلي نباتات النخيل، الطلح الشعاعي، القصيب وشجرة المرو (السوس). على جانب الأنواع الحيوانية؛ تم تسجيل ما مجموعه 10 انواع من الثدييات ( اكلة اللحوم , وذوات الحوافر , والقوارض ) مثل الوشق، الضبع والذئب بالاضافة الى10 انواع من الزواحف اهمها حيوان الضب والذي يعتبر من الانواع المهددة نتيجة لعمليات الصيد الجائر&nbsp; , وقد ساعد وقوع المحمية على ثاني أهم مسار لهجرة الطيور في العالم اضافة الى توفر العديد من العوامل الاخرى في المنطقة الى توفيرها موئلاً للراحة والغذاء للعديد من أنواع الطيور المهاجرة والمتوطنة وخصوصا المهددة بالانقراض على المستوى الوطني أوالاقليمي مثل عصفور البحر الميت وطائر السبد النوبي وخلال الدراسات تم تسجيل 117نوع من الطيور منها ما هو مهاجر ومقيم</span><br></p><p style=\"direction: rtl; \">بالاضافة انه يوجد في المحمية نوع من الاسماك المتوطنة والذي يسمى بسمك الافانيس العربية وهي من اسماك المياه العذبة الثانوية اي انها انحدرت من اصول بحرية ويعاني هذا النوع من تناقص موائله نتيجة لاستخدامات المياه المتعددة كما انه يعاني من الانواع المدخلة التي ادخلت لتلك الموائل&nbsp;</p>','<p>It is protected from reaching 420m. Learn more about the reserve here<br></p>','<p style=\"direction: rtl; \">محمية فيفا الطبيعية أخفض محمية رامسار في العالم بانخفاض يصل الى 420م، تعرف المزيد عن المحمية هنا<br></p>','<p>Where is Fifa Nature Reserve located</p>','<p>أين تقع محمية فيفا الطبيعية<br></p>','https://goo.gl/maps/ajomxeUnTufGp4Vt6',7.00,'#FBAC4B','<p>Fifa Nature reserve is located in Karak governate in the south of Jordan, it contains 4% of the total plant species in the Kingdom and 8% of the plant species in the Kingdom.</p>','<p style=\"direction: rtl; \">تقع محمية فيفا الطبيعية في محافظة الكرك جنوب الأردن ، وتحتوي على 4٪ من مجموع الأنواع النباتية في المملكة و 8٪ من الأنواع النباتية في المملكة.<br></p>','<p>#</p>','<p>#</p>','63e4e7746b9a01675945844.jpg','63e4e9b28c37b1675946418.png','63e4e9b28c5741675946418.png','2023-02-09 11:30:44','2023-11-29 08:47:09',NULL,NULL,NULL,NULL,NULL,NULL,NULL,0),(9,'Mujib Biosphere Reserve','محمية الموجب للمحيط الحيوي','<p style=\"text-align: justify; \">Established in 1987, Mujib Biosphere Reserve covers an area of&nbsp;<span style=\"font-size: 10.5pt; line-height: 107%; font-family: Arial, sans-serif; background-image: initial; background-position: initial; background-size: initial; background-repeat: initial; background-attachment: initial; background-origin: initial; background-clip: initial;\">212 km<sup>2</sup></span>&nbsp;Bordering the Dead Sea at 402 meters below sea level, the Mujib Biosphere Reserve surrounds Wadi Mujib, a deep and majestic canyon that cuts through the rugged highlands and drains into the Dead Sea.<br></p>','<p style=\"text-align: justify; direction: rtl;\">تأسست محمية الموجب للمحيط الحيوي عام 1985، وسميت بهذا الاسم بسبب مرور وادي الموجب في الجزء الجنوبي من المحمية. تبلغ مساحتها حوالي 212 كيلومتراً مربعاً، وتمتد حوالي 24 كيلومتراً على الشاطئ الشرقي للبحر الميت. حيث تمتد المحمية&nbsp; من وادي زرقاء ماعين و الذي يعتبر الحد الطبيعي الشمالي للمحمية حتى وادي الشقيق.<br></p>',1,4,'<p style=\"text-align: justify; \">Established in 1987, Mujib Biosphere Reserve covers an area of&nbsp;<span style=\"font-size: 10.5pt; line-height: 107%; font-family: Arial, sans-serif; background-image: initial; background-position: initial; background-size: initial; background-repeat: initial; background-attachment: initial; background-origin: initial; background-clip: initial;\">212 km<sup>2</sup></span>. Bordering the Dead Sea at 402 meters below sea level, the Mujib Biosphere Reserve surrounds Wadi Mujib, a deep and majestic canyon that cuts through the rugged highlands and drains into the Dead Sea.</p><p style=\"text-align: justify;\">Seasonal and permanent streams flow through many of the wadis, supporting luxurious aquatic plants in the river-beds. These rivers also enable this otherwise arid area to support a remarkable diversity of wildlife. It is also one of the major sources that compensate the high evaporation rate of the Dead Sea Surveys indicate that the reserve contains over 550 species of plants, 8 species of carnivores, and numerous species of resident and migratory birds. The richest vegetation is found in the wadi beds where there are Palm Trees, in addition to Wild Fig, Tamarisk trees and beautiful Oleander shrubs, in addition to the Reed bed along the river.</p><p>The steep mountain slopes support several highly adapted mammals, including Rock Hyrax, the Eurasian Badger and, most importantly, the Nubian Ibex, a large mountain goat. Today, only a small number of Ibex remain in the wild due to widespread illegal hunting. To save this animal from extinction, RSCN finished a 15-year reintroduction program for the Ibex in the reserve, where the captive bred animals were kept.</p><p>Many carnivores inhabit the various vegetation zones in Mujib. The Caracal, a medium sized cat with black and white ear tufts, lives in rocky wadis. It is a powerful and agile hunter with great jumping power, known to catch flying birds in its paws. Mujib is also an internationally important passageway for migratory birds. Huge numbers of White Storks passed through every year starting from August, Black Storks, Buzzards, Honey Buzzards, Levant Sparrow Hawks, and much more. The globally threatened Lesser Kestrel breeds in the reserve every spring. The breeding population reaches sometimes 0.1 % of the globally estimated population. At least nine species of birds of prey are known to breed in the reserve, significantly Bonelli’s eagle, Short-toad Eagle, Long-legged Buzzard, and Barbary Falcon.</p>','<p style=\"text-align: justify; direction: rtl;\">تأسست محمية الموجب للمحيط الحيوي عام 1985، وسميت بهذا الاسم بسبب مرور وادي الموجب في الجزء الجنوبي من المحمية. تبلغ مساحتها حوالي 212 كيلومتراً مربعاً، وتمتد حوالي 24 كيلومتراً على الشاطئ الشرقي للبحر الميت.</p><p style=\"text-align: justify; direction: rtl;\">تمتد من وادي زرقاء ماعين و الذي يعتبر الحد الطبيعي الشمالي للمحمية حتى وادي الشقيق، ويتراوح ارتفاعها من 402 متر تحت مستوى سطح البحر إلى 800 متر فوق مستوى سطح البحر في مناطق المرتفعات الشرقية للحفرة الانهدامية.</p><p style=\"text-align: justify; direction: rtl;\">&nbsp;يكون جريان المياه بشكل موسمي ودائم في العديد من الأودية، ويدعم نمو النباتات المائية في النهر كما تعطي هذه الأودية المناطق الجافة إمكانية دعم التنوع الرائع من الحياة البرية، كما أنها واحدة من المصادر الرئيسية التي تعوض نسبة التبخر العالية من البحر الميت.&nbsp; بالإضافة إلى أن غنى التنوع الحيوي النباتي مرتبط بهذه الأودية حيث توجد أشجار النخيل، والتين البري، وأشجار أثل وشجيرات الدفلي والنباتات الجميلة، بالإضافة إلى نمط النبت المائي على طول ضفاف الأودية.</p><p style=\"text-align: justify; direction: rtl;\">تعتبر تضاريس المحمية الصعبة ومنحدراتها الوعرة هي الموئل الطبيعي للعديد من الثدييات مثل الوبر، الغريري، وحيوان البدن ذو الأهمية العالية والذي يعتبرنوع من أنواع الماعز الجبلي، حيث لم يتبقَ اليوم سوى عدد قليل من حيوان البدن الذي يعتبر الحيوان الرئيسي في المحمية وتعتبر موطنه الأصلي. تعيش العديد من الحيوانات آكلة اللحوم في محمية الموجب. مثل الوشق الذي يعتبر قط ذو حجم متوسط ذو خصلات أذنين بلون أبيض وأسود، وهو يعيش في الوديان الصخرية. هذا القط صياد قوي ورشيق مع قدرة عالية على القفز، وهو معروف بمهارته في امساك الطيور التي تحلق في الأفق.</p><p style=\"text-align: justify; direction: rtl;\">تقع محمية الموجب على أحد أهم مسارات هجرة طيور في العالم وهو ممر حفرة الانهدام. حيث تعبرها أعداد هائلة من اللقلق الأبيض، اللقلق الأسود، الصقور، باشق شرقي (بيدق)، وأكثر من ذلك بكثير. وعلى الصعيد العالمي سلالات طائر العوسق المهددة في المحميات. ومن المعروف أن ما لا يقل عن تسعة أنواع من الطيور الجارحة تولد في الأسر، إلى حد كبير كالعقاب البونلي، عقاب صرارة، حوام طويل الساق (صقر حوام)، وشاهين مغربي.</p><div style=\"text-align: justify; direction: rtl;\"><br></div>','<p style=\"text-align: justify; \">The Mujib Reserve is located on one of the most important bird migration routes in the world, which is the Rift Valley Corridor. Learn about the reserve here<br></p>','<p style=\"direction: rtl; \">تقع محمية الموجب على أحد أهم مسارات هجرة طيور في العالم وهو ممر حفرة الانهدام، تعرف على المحمية هنا<br></p>','<p>Where is Mujib Biosphere Reserve located</p>','<p style=\"direction: rtl; \">أين تقع&nbsp;محمية الموجب للمحيط الحيوي&nbsp;</p>','https://goo.gl/maps/dLAnVmfgDGJBafKJA',16.00,'#F37255','<div style=\"text-align: justify;\"><span style=\"text-align: var(--bs-body-text-align);\">Mujib Biosphere reserve is located on the borders of Dead sea which is the lowest point in the world, you can book distinctive activities in the reserve online but make sure to check the calendar before, to check the availability.</span></div>','<p style=\"text-align: justify; direction: rtl;\">تقع محمية الموجب للمحيط الحيوي على حدود البحر الميت وهي أدنى نقطة في العالم ، يمكنك حجز أنشطة مميزة في المحمية عبر الإنترنت ولكن تأكد من مراجعة التقويم من قبل للتحقق من توفرها.<br></p>','<p style=\"text-align: justify; \">At 410 meters below sea level, the Mujib Biosphere Reserve is the lowest nature reserve on Earth. Its rugged and spectacular mountains border the Dead Sea coast and are dissected by several river-filled canyons that offer the best river and adventure hikes in Jordan. The breathtaking scenery and the challenge of negotiating Mujib’s fast-flowing rivers make the Reserve one of Jordan’s most popular natural attractions.</p><p style=\"text-align: justify;\">Mujib’s complex river system and all-year water flow enable it to support a rich biodiversity. To date, over 300 species of plants, 10 species of carnivores and numerous species of resident and migratory birds have been recorded. Some of the mountain and valley areas are difficult to reach and offer safe havens for rare species of cats, mountain goats (Ibex) and other mountain animals.</p><div style=\"text-align: justify;\"><br></div>','<p style=\"text-align: justify; direction: rtl;\">تقع محمية الموجب للمحيط الحيوي على ارتفاع 410 مترًا تحت مستوى سطح البحر، وتعتبر أخفض محمية طبيعية على وجه الأرض. وتتميز المحمية بالجبال الساحرة والوعرة والتي تحد ساحل البحر الميّت ويتخللها العديد من الوديان المليئة بالأنهار والتي تعتبر أفضل الأنهار في الأردن لمحبي المغامرات، ففيها مناظر تحبس الأنفاس ومليئة بالتحديات في مجابهة الأنهار المتدفقة والسريعة مما جعل من محمية الموجب واحدة من أكثر المحميات جذبًا للزوّار.</p><p style=\"text-align: justify; direction: rtl;\">وقد مكّن نظام الأنهار المعقد في الموجب وتدفّق المياه فيه على مدار السنة من دعم تنوّع بيولوجي خصب. فحتى الآن، تم تسجيل أكثر من 300 نوعًا من النباتات و10 أنواع من الحيوانات المفترسة وأنواع عديدة من الطيور المقيمة والمهاجرة. حيث أنه يصعب الوصول إلى بعض المناطق الجبلية والوديان في الموجب، مما يجعلها ملاذًا لأنواع نادرة من القطط، والماعز الجبلي (الوعل)، والحيوانات الجبلية الأخرى.</p><div style=\"direction: rtl; \"><br></div>','6464714f82fe71684304207.webp','63e4f4fc787511675949308.png','63e4f4fc78a1e1675949308.png','2023-02-09 11:42:08','2023-12-19 05:09:59','646342766389f1684226678.pdf',NULL,NULL,NULL,NULL,NULL,NULL,0),(10,'Yarmouk Forest Reserve','محمية غابات اليرموك','<p>Explore the captivating Yarmouk Forest Reserve, a true treasury of biodiversity nestled in Jordan. </p><p>With its abundant greenery and diverse wildlife, the reserve proudly hosts a remarkable 27% of the country\'s bird population.&nbsp;<span style=\"text-align: var(--bs-body-text-align);\">Yarmouk Forest Reserve invites you to experience the magic of Jordan\'s extraordinary natural diversity in a setting of natural forest beauty.</span><br></p>','<div style=\"direction: rtl;\"><p class=\"MsoNormal\" dir=\"RTL\" style=\"direction: rtl; unicode-bidi: embed;\">اكتشف روعة محمية غابة اليرموك المذهلة، كنز حقيقي للتنوع الحيوي الموجود في قلب الأردن.</p><p class=\"MsoNormal\" dir=\"RTL\" style=\"direction: rtl; unicode-bidi: embed;\">مع وفرة النباتات الخضراء وتنوع الحياة البرية، تضم المحمية بفخر 27% من الطيور الموجودة في الأردن، تدعوك محمية غابة اليرموك لتجربة سحر تنوع الطبيعة الاستثنائي في جوٍ من جمال الغابة الطبيعي.</p></div>',1,8,'<p>The Royal Society for the Conservation of Nature is implementing the Integrated Ecosystem Management in the Jordan Rift Valley project, which aims to establish a network of reserves and special conservation areas in the Jordan rift valley region, Yarmouk is one area in a network of sites. It was announced as a natural reserve the 6th of January 2010 by the Prime Minister and became part of the national reserves network, which is run and managed by the RSCN.</p><p>Yarmouk Forest Reserve is located in the northwestern parts of Jordan, at the border with Golan hill. The total area of Yarmouk Forest Reserve is 21 km2. It contains two main topographic areas: Mountains which are covered by deciduous oak up to 500 m high above the sea level, and sometimes reach 100 m below the sea level punctuated by valleys of small and medium descend towards the Yarmouk river. Those small and medium descend valleys have a seasonal runoff with the exception of Shag Al Bared valley.</p><p>Yarmouk Forest Reserve is located within the Mediterranean biogeographical zone, which provides a warm climate in summer and a cold one in winter with an average rainfall of 400-600 mm / year. The reserve has four vegetation types: Deciduous oak forest , fresh water vegetation types,&nbsp; Mediterranean non-forest and&nbsp; Cultivated Aleppo Pine. The rapid assessment surveys show that there are 546 plant species, among them: Deciduous Oak, which is the national tree in Jordan, Atlantic Pistachio, White Willow, Oriental plane, Orchid Anatolian and Aleppo Pine. Fauna rapid assessment shows 18 recorded mammalian species, among them: Arabian Gazelle, Stone Marten, Rock Hyrax, Egyptian, Jungle Cat, Asiatick Jackal. Also 100 Bird species were recorded which count for 27% of Jordan’s bird population: Avifauna: Kestrel, Chukar, Sand Partridge, Moorhen, Hoopoe, Syrian Woodpecker, Collared Dove and Bee-eater. Also 19 herpetofaunal species were recorded at Yarmouk Forest Reserve, among them the Green Toad and the Palestinian Viper. The main challenges in the reserve are: Overgrazing, soil erosion, wood cutting, hunting, expansion of agricultural lands and random tourism, RSCN is preparing an integrated management plan to meet this threats in a participatory way with local communities.</p>','<p style=\"direction: rtl; \">تعمل الجمعية الملكية لحماية الطبيعة على تطبيق مشروع الإدارة المتكاملة للنظم البيئية في وادي الأردن والذي يهدف إلى إنشاء شبكة من المحميات والمناطق الهامة بيئياً على طول وادي الأردن، وتعتبر منطقة اليرموك إحدى المناطق التي تم العمل عليها، حيث تم إعلانها كمحمية طبيعية بتاريخ 6 كانون ثاني عام 2010 من قبل رئاسة الوزراء وأصبحت مدرجة ضمن قائمة المحميات الطبيعية في الأردن والتي تعمل الجمعية الملكية لحماية الطبيعة على إدارتها وتشغيلها.</p><p style=\"direction: rtl; \"><br></p><p style=\"direction: rtl; \">تقع محمية غابات اليرموك في الجزء الشمالي الغربي من المملكة على حدود مرتفعات الجولان، وتبلغ مساحة المحمية 21 كم²، ويتكون الموقع من جزئين طبوغرافيين أساسيين: الجبال حيث يصل ارتفاعها إلى 500 متر فوق سطح البحر وتنخفض في بعض المناطق إلى 100 تحت مستوى سطح البحر وتغطيها غابات البلوط متساقط الأوراق بشكل جيد، وما يتخللها من الأودية الصغيرة والمتوسطة والتي تنحدر نحو نهر اليرموك حيث يكون فيها الجريان موسمياً باستثناء وادي شق البارد.</p><p style=\"direction: rtl; \"><br></p><p style=\"direction: rtl; \">تقع محمية غابات اليرموك ضمن إقليم البحر الأبيض المتوسط الجغرافي الحيوي الذي يتميز بمناخ معتدل حيث الجو حار صيفاً وبارد شتاءاً ويصل فيه معدل هطول الأمطار إلى 400-600 ملم/سنة. تحتوي المحمية على أربعة انماط نباتية: نمط غابات البلوط متساقط الأوراق (الملول) ونمط النبت المائي العذب والنمط اللاغابوي ونمط الصنوبر الحلبي المستزرع، وقد أظهرت المسوحات الأولية السريعة وجود&nbsp;<span dir=\"RTL\"></span><span dir=\"RTL\"></span><span lang=\"AR-JO\" dir=\"RTL\" style=\"font-size:11.0pt;font-family:&quot;Arial&quot;,sans-serif;\r\nmso-fareast-font-family:Calibri;mso-fareast-theme-font:minor-latin;mso-ligatures:\r\nstandardcontextual;mso-ansi-language:EN-US;mso-fareast-language:EN-US;\r\nmso-bidi-language:AR-JO\"><span dir=\"RTL\"></span><span dir=\"RTL\"></span>546&nbsp;</span>نوع من النباتات أهمها البلوط متساقط الأوراق والذي يعد الشجرة الوطنية للأردن بالإضافة إلى البطم الأطلسي، الصفصاف الأبيض، الدلب الشرقي، الأوركيد الأناضولي، الصنوبر الحلبي.</p><p style=\"direction: rtl; \"><br></p><p style=\"direction: rtl; \">تم تسجيل 18 نوع من الثدييات من خلال دراسات المسح السريع أهمها الغزال العربي، الدلق الصخري، الوبر، قط الأدغال، ابن آوى. بالإضافة إلى تسجيل 100 نوع من الطيور أي ما يشكل 27% من الطيور الموجودة في الأردن منها الحمام المرقط، الوروار، العوسق، الهدهد، نقار الخشب السوري، دجاج الماء، الحجل، الشنار. وقد تم تسجيل 19 نوع من الزواحف منها: العلجوم الاخضر والأفعى الفلسطينية .</p><p style=\"direction: rtl; \"><br></p><p style=\"direction: rtl; \">يعتبر الرعي الجائر وانجراف التربة والتحطيب والصيد والتوسع الزراعي والسياحة العشوائية من أهم العوامل المؤثرة سلباً في المحمية، وتعمل الجمعية الملكية لحماية الطبيعة على إعداد الخطة الإدارية للمحمية لمواجهة هذه المهددات بالتشارك مع المجتمعات المحلية.</p><p style=\"direction: rtl; \"><br></p><p style=\"direction: rtl; \">تعتبر محمية غابات اليرموك من المناطق الهامة للطيور لوقوعها على ثاني أهم مسار عالمي لهجرة الطيور مسار وادي الأردن مروراً بثلاثة قارات أسيا وأوروبا وأفريقيا وكما تعتبر المحمية محطة استراحة للطيور المهاجرة. وتكمن الأهمية البيئية للمحمية بالدرجة الأول على احتوائها الشجرة الوطنية للأردن (شجرة البلوط او الملول) وتعتبر المحمية اخر امتداد لغابات الملول متساقط الأوراق.</p>','<p>18 species of mammals have been recorded through rapid survey studies, the most important of which is the Arabian gazelle, and 19 species of reptiles have been recorded. Learn more about the reserve here<br></p>','<p style=\"direction: rtl; \">تم تسجيل 18 نوع من الثدييات من خلال دراسات المسح السريع أهمها الغزال العربي وقد تم تسجيل 19 نوع من الزواحف اعرف المزيد عن المحمية هنا<br></p>','<p>Where is Yarmouk Nature reserve located</p>','<p>أين تقع محمية اليرموك الطبيعية<br></p>','https://www.google.com/maps?q=32.660370,35.686489',7.00,'#4CA950','<p>Yarmouk Forest Reserve is located in the northwestern parts of Jordan, at the border with Golan hill. You can book several activities online but make sure to check the Activities calendar before proceeding to the booking.<br></p>','<p style=\"direction: rtl; \">تقع محمية غابات اليرموك في الأجزاء الشمالية الغربية من الأردن على الحدود مع تل الجولان. يمكنك حجز العديد من الأنشطة عبر الإنترنت ولكن تأكد من مراجعة تقويم الأنشطة قبل المتابعة إلى الحجز.<br></p>','Yarmouk Forest Reserve has spectacular places that would make any visit to it a trip to remember. You can find many activities to book. In the next project, a new ecolodge will be built that will consist of 15 Challets with a view on Tabaria Lake.','<p style=\"direction: rtl; \">تتمتع محمية اليرموك الطبيعية بأماكن رائعة تجعل أي زيارة لها رحلة لا تنسى. يمكنك أن تجد العديد من الأنشطة للحجز. في المشروع القادم ، سيتم بناء نزل إيكولوجي جديد يتكون من 15 شاليه بإطلالة على بحيرة طبريا.<br></p>','64647246a52b81684304454.JPG','63e4f520726491675949344.png','63e4f520727611675949344.png','2023-02-09 12:09:52','2023-11-26 06:02:20','646343753783c1684226933.pdf',NULL,NULL,NULL,NULL,NULL,NULL,0),(11,'Dahek Nature Reserve','محمية الضاحك الطبيعية','<p>Dahek Nature Reserve was established in the year 2018, located in the North-Eastern Badia within Zarqa Governorate\'s borders. Its suggested southern borders are located 500m away from the Jordanian-Saudi borders<br></p>','<p style=\"direction: rtl; \">تأسست محمية الضاحك الطبيعية في العام 2018، وتقع في البادية الشمالية الشرقية داخل حدود محافظة الزرقاء. وتقع حدودها الجنوبية المقترحة على بعد 500 متر من الحدود الأردنية السعودية، وحوالي 110 كيلومترات شرق العاصمة عمان، بالقرب من الطريق الدولي الذي يربط المملكة الاردنية الهاشمية بالمملكة العربية السعودية<br></p>',1,10,'<p>Dahek Nature Reserve was established in the year 2018, located in the North-Eastern Badia within Zarqa Governorate\'s borders. Its suggested southern borders are located 500m away from the Jordanian-Saudi borders, approximately 110km\'s east of the capital Amman, and south the international road connecting Amman and Baghdad. The reserve\'s suggested area is about 265 square kilometers and is located within the desert region which covers over 70% of the Kingdom\'s area. Badia climate is prevalent in the area, where it is considered one of the most areas drought-prone since it located in a subtropical region.&nbsp; Its climate is characterized by low and fluctuating annual rainfall (70-100mm) with no monthly or seasonal distribution as they come in the form of rainstorms and floods. As to temperatures, the region is generally characterized by high temperatures reaching 45°C in summer with high evaporation rates. Its climate is commonly scorching in summer and very cold in winter.</p><p><span style=\"text-align: var(--bs-body-text-align);\">The proposed reserve is located east of the Omari border center, which is a flat desert region featured by sand and silt dunes and dry limestone hills. Part of the area contains dense vegetation. The region\'s name was chosen because its white stones resemble ivory teeth that are revealed through laughter and, therefore, the name \"Dahek\" which means the laughing. This muddy and sandy spate bed and white desert appear after al-Hurra\'s blackness and ruggedness, bringing joy to the spirit.</span><br></p><p>Dahek desert reserve is considered a museum of geological in Jordan which including assorted terrains and natural sculptured which it\'s rare in the world and you can see like it in Brazil and Egypt only.</p><p>Dahek is an ideal viewpoint, within a safe viewing experience that minimizes environmental impact, to see significant geological formations of white chalk cliffs and stunning landscapes. Wadi Dahek is named after the Arabic word Dahek that means a person who smiles, for its resemblance to a wide smile of white chalky teeth against the backdrop of the Black Desert. Dahek shows evidence of an ancient sea; 55 million years ago, this area was covered by Tethys Ocean. Geology and fossils show evidence of its ancient marine life, such as shark teeth. Dahek’s remoteness makes it an ideal spot for observing the moon and stargazing</p>','<p style=\"direction: rtl; \">تأسست محمية الضاحك الطبيعية في العام 2018، وتقع في البادية الشمالية الشرقية داخل حدود محافظة الزرقاء. وتقع حدودها الجنوبية المقترحة على بعد 500 متر من الحدود الأردنية السعودية، وحوالي 110 كيلومترات شرق العاصمة عمان، بالقرب من الطريق الدولي الذي يربط المملكة الاردنية الهاشمية بالمملكة العربية السعودية.&nbsp;</p><p style=\"direction: rtl; \">تبلغ المساحة المقترحة للمحمية حوالي 265 كيلومترا مربعا وتقع ضمن الاقليم الصحراوي والذي يغطي أكثر من 70٪ من مساحة المملكة. يسود مناخ البادية في المنطقة، حيث تعتبر من أكثر المناطق عرضة للجفاف لأنها تقع في منطقة شبه استوائية.&nbsp; يتميز مناخها بانخفاض وتذبذب هطول الأمطار السنوي (70-100 ملم) مع عدم وجود توزيع شهري أو موسمي لأنها تأتي في شكل عواصف رعدية وفيضانات. أما بالنسبة لدرجات الحرارة، تتميز المنطقة عموما بدرجات حرارة عالية تصل إلى 45 درجة مئوية في الصيف مع ارتفاع معدلات التبخر. مناخها عادة ما يكون حارا في الصيف وباردا جدا في الشتاء.</p><p style=\"direction: rtl; \">تقع المحمية المقترحة شرق المركز الحدودي مع المملكة العربية السعودية (العمري)، وهي منطقة صحراوية مسطحة تتميز بالكثبان الرملية والمناطق السهلية وتلال الحجر الجيري الجاف.&nbsp;</p><p style=\"direction: rtl; \">تم اختيار اسم المنطقة لأن أحجارها البيضاء تشبه الأسنان العاجية التي تظهر خلال الضحك، وبالتالي، فإن اسم \"Dahek\" الذي يعني الضحك، يظهر هذه الاودية والمناطق والرملية والصحراء البيضاء بعد سواد حجارة الحرة البازلتية ووعورتها، مما يجلب الفرح إلى الروح.</p><p style=\"direction: rtl; \">تعتبر محمية الضاحك الصحراوية متحفا جيولوجيا في الأردن يضم تضاريس متنوعة ومنحوتات طبيعية نادرة في العالم ويمكنك أن ترى مثلها في البرازيل ومصر فقط.</p><p style=\"direction: rtl; \">تعد محمية الضاحك وجهة سياحية مثالية لمحبي المناطق والتشكيلات الجيولوجية، لرؤية التكوينات الجيولوجية الهامة لمنحدرات الطباشير الأبيض والمناظر الطبيعية الخلابة.&nbsp;</p><p style=\"direction: rtl; \">يظهر وادي الضاحك أدلة على وجود بحر قديم. قبل 55 مليون سنة، كانت هذه المنطقة مغمورة بمياه بحر التيثيس او البحر القديم. وتظهر الجيولوجيا والحفريات أدلة على الحياة البحرية القديمة، مثل أسنان اسماك القرش.&nbsp;</p><p style=\"direction: rtl; \">إن موقع محمية الضاحك بعيدا عن التلوث الضوئي يجعل منها مكانا مثاليا لمراقبة القمر ومشاهدة النجوم.</p><div style=\"direction: rtl; \"><br></div>','<p>The Valley of the Laughter shows evidence of an ancient sea. 55 million years ago. Learn more about the reserve here<br></p>','<p style=\"direction: rtl; \">يظهر وادي الضاحك أدلة على وجود بحر قديم. قبل 55 مليون سنة، تعرف أكثر على المحمية هنا<br></p>','<p>Where is Dahek Nature reserve located</p>','<p style=\"direction: rtl; \">أين تقع محمية الضاحك الطبيعية</p>','https://goo.gl/maps/D1e2jyNARnwp9Nyu9',7.00,'#F37255','<p>The proposed area of the reserve is about 265 square kilometers and is located within the desert region in Zarqa Governorate. Al-Dahik Desert Reserve is a geological museum in Jordan that includes a variety of terrain and rare natural sculptures in the world, and you can see the same in Brazil and Egypt only.<br></p>','<p style=\"direction: rtl; \">تبلغ المساحة المقترحة للمحمية حوالي 265 كيلومترا مربعا وتقع ضمن الاقليم الصحراوي في محافظة الزرقاء.&nbsp;تعتبر محمية الضاحك الصحراوية متحفا جيولوجيا في الأردن يضم تضاريس متنوعة ومنحوتات طبيعية نادرة في العالم ويمكنك أن ترى مثلها في البرازيل ومصر فقط.<br></p>','<p><span style=\"text-align: var(--bs-body-text-align);\">Dahek is an ideal viewpoint, within a safe viewing experience that minimizes environmental impact, to see significant geological formations of white chalk cliffs and stunning landscapes.&nbsp;</span><br></p>','<p style=\"direction: rtl; \">تعد محمية الضاحك وجهة سياحية مثالية لمحبي المناطق والتشكيلات الجيولوجية، لرؤية التكوينات الجيولوجية الهامة لمنحدرات الطباشير الأبيض والمناظر الطبيعية الخلابة.&nbsp;<br></p>','642d4ac4d79e31680689860.JPG','63e4f9a2cbc431675950498.png','63e4f9a2cf7231675950498.png','2023-02-09 12:41:25','2023-05-17 04:18:44',NULL,NULL,NULL,NULL,NULL,NULL,NULL,0);

--
-- Table structure for table `resrvation_activities`
--

CREATE TABLE `resrvation_activities` (
  `id` bigint unsigned NOT NULL AUTO_INCREMENT,
  `reservation_id` bigint unsigned NOT NULL,
  `activity_id` bigint unsigned NOT NULL,
  `created_at` timestamp NULL DEFAULT NULL,
  `updated_at` timestamp NULL DEFAULT NULL,
  PRIMARY KEY (`id`),
  KEY `resrvation_activities_reservation_id_foreign` (`reservation_id`),
  KEY `resrvation_activities_activity_id_foreign` (`activity_id`),
  CONSTRAINT `resrvation_activities_activity_id_foreign` FOREIGN KEY (`activity_id`) REFERENCES `activities` (`id`) ON DELETE CASCADE,
  CONSTRAINT `resrvation_activities_reservation_id_foreign` FOREIGN KEY (`reservation_id`) REFERENCES `reservations` (`id`) ON DELETE CASCADE
) ENGINE=InnoDB AUTO_INCREMENT=597 DEFAULT CHARSET=utf8mb4 COLLATE=utf8mb4_unicode_ci;

--
-- Dumping data for table `resrvation_activities`
--

INSERT INTO `resrvation_activities` VALUES (440,9,3,'2023-10-30 08:28:57','2023-10-30 08:28:57'),(441,3,4,'2023-10-30 08:29:04','2023-10-30 08:29:04'),(518,1,1,'2023-11-02 12:22:08','2023-11-02 12:22:08'),(525,2,13,'2023-11-29 05:51:07','2023-11-29 05:51:07'),(566,4,6,'2023-11-30 04:19:34','2023-11-30 04:19:34'),(567,3,6,'2023-11-30 04:19:34','2023-11-30 04:19:34'),(568,2,6,'2023-11-30 04:19:34','2023-11-30 04:19:34'),(569,9,6,'2023-11-30 04:19:34','2023-11-30 04:19:34'),(570,1,6,'2023-11-30 04:19:34','2023-11-30 04:19:34'),(573,4,8,'2023-11-30 04:28:28','2023-11-30 04:28:28'),(574,2,8,'2023-11-30 04:28:28','2023-11-30 04:28:28'),(575,9,5,'2023-11-30 09:17:30','2023-11-30 09:17:30'),(576,5,5,'2023-11-30 09:17:30','2023-11-30 09:17:30'),(577,4,5,'2023-11-30 09:17:30','2023-11-30 09:17:30'),(578,1,5,'2023-11-30 09:17:30','2023-11-30 09:17:30'),(579,4,2,'2023-12-01 08:54:24','2023-12-01 08:54:24'),(580,2,2,'2023-12-01 08:54:24','2023-12-01 08:54:24'),(581,10,2,'2023-12-01 08:54:24','2023-12-01 08:54:24'),(582,9,2,'2023-12-01 08:54:24','2023-12-01 08:54:24'),(583,3,2,'2023-12-01 08:54:24','2023-12-01 08:54:24'),(584,5,2,'2023-12-01 08:54:24','2023-12-01 08:54:24'),(585,1,2,'2023-12-01 08:54:24','2023-12-01 08:54:24'),(589,2,12,'2023-12-02 09:18:00','2023-12-02 09:18:00'),(590,2,10,'2023-12-02 09:19:28','2023-12-02 09:19:28'),(591,4,10,'2023-12-02 09:19:28','2023-12-02 09:19:28'),(592,1,10,'2023-12-02 09:19:28','2023-12-02 09:19:28'),(593,4,9,'2023-12-02 09:20:29','2023-12-02 09:20:29'),(594,4,7,'2023-12-17 06:49:56','2023-12-17 06:49:56'),(595,3,7,'2023-12-17 06:49:56','2023-12-17 06:49:56'),(596,5,7,'2023-12-17 06:49:56','2023-12-17 06:49:56');

--
-- Table structure for table `role_has_permissions`
--

CREATE TABLE `role_has_permissions` (
  `permission_id` bigint unsigned NOT NULL,
  `role_id` bigint unsigned NOT NULL,
  PRIMARY KEY (`permission_id`,`role_id`),
  KEY `role_has_permissions_role_id_foreign` (`role_id`),
  CONSTRAINT `role_has_permissions_permission_id_foreign` FOREIGN KEY (`permission_id`) REFERENCES `permissions` (`id`) ON DELETE CASCADE,
  CONSTRAINT `role_has_permissions_role_id_foreign` FOREIGN KEY (`role_id`) REFERENCES `roles` (`id`) ON DELETE CASCADE
) ENGINE=InnoDB DEFAULT CHARSET=utf8mb4 COLLATE=utf8mb4_unicode_ci;

--
-- Dumping data for table `role_has_permissions`
--

INSERT INTO `role_has_permissions` VALUES (1,1),(2,1),(3,1),(4,1),(5,1),(6,1),(7,1),(8,1),(9,1),(10,1),(11,1),(12,1),(13,1),(14,1),(15,1),(16,1),(17,1),(18,1),(19,1),(20,1),(21,1),(22,1),(23,1),(24,1),(25,1),(26,1),(27,1),(28,1),(29,1),(30,1),(31,1),(32,1),(33,1),(34,1),(35,1),(36,1),(37,1),(38,1),(39,1),(40,1),(41,1),(42,1),(43,1),(44,1),(45,1),(46,1),(47,1),(48,1),(49,1),(50,1),(51,1),(52,1),(53,1),(54,1),(55,1),(56,1),(57,1),(58,1),(59,1),(60,1),(61,1),(62,1),(63,1),(64,1),(65,1),(66,1),(67,1),(68,1),(69,1),(70,1),(71,1),(72,1),(73,1),(74,1),(75,1),(76,1),(73,2),(74,3),(1,4),(2,4),(3,4),(4,4),(5,4),(6,4),(7,4),(8,4),(9,4),(10,4),(11,4),(12,4),(13,4),(14,4),(15,4),(16,4),(17,4),(18,4),(20,4),(21,4),(22,4),(23,4),(24,4),(25,4),(26,4),(27,4),(28,4),(29,4),(30,4),(31,4),(32,4),(33,4),(34,4),(35,4),(36,4),(45,4),(46,4),(47,4),(48,4),(29,5),(30,5),(31,5),(32,5),(57,5),(58,5),(59,5),(60,5),(61,5),(62,5),(63,5),(64,5),(65,5),(66,5),(67,5),(68,5),(69,5),(70,5),(71,5),(72,5),(75,6);

--
-- Table structure for table `roles`
--

CREATE TABLE `roles` (
  `id` bigint unsigned NOT NULL AUTO_INCREMENT,
  `name` varchar(191) CHARACTER SET utf8mb4 COLLATE utf8mb4_unicode_ci NOT NULL,
  `guard_name` varchar(191) CHARACTER SET utf8mb4 COLLATE utf8mb4_unicode_ci NOT NULL,
  `created_at` timestamp NULL DEFAULT NULL,
  `updated_at` timestamp NULL DEFAULT NULL,
  PRIMARY KEY (`id`),
  UNIQUE KEY `roles_name_guard_name_unique` (`name`,`guard_name`)
) ENGINE=InnoDB AUTO_INCREMENT=7 DEFAULT CHARSET=utf8mb4 COLLATE=utf8mb4_unicode_ci;

--
-- Dumping data for table `roles`
--

INSERT INTO `roles` VALUES (1,'Super Admin','web','2022-11-15 07:03:06','2022-11-15 07:03:06'),(2,'Membership Admin','web','2023-03-01 04:35:59','2023-03-01 04:35:59'),(3,'Tender Admin','web','2023-03-01 05:24:55','2023-03-01 05:24:55'),(4,'E-commerce','web','2023-03-01 05:40:57','2023-03-01 05:40:57'),(5,'Informative Admin','web','2023-03-01 05:44:39','2023-03-01 05:44:39'),(6,'Booking Admin','web','2023-03-01 05:53:00','2023-03-01 05:53:00');

--
-- Table structure for table `room_availabilties`
--

CREATE TABLE `room_availabilties` (
  `id` bigint unsigned NOT NULL AUTO_INCREMENT,
  `start_date` date NOT NULL,
  `end_date` date NOT NULL,
  `room_id` bigint unsigned NOT NULL,
  `detail_id` bigint unsigned DEFAULT NULL,
  `created_at` timestamp NULL DEFAULT NULL,
  `updated_at` timestamp NULL DEFAULT NULL,
  PRIMARY KEY (`id`),
  KEY `room_availabilties_room_id_foreign` (`room_id`),
  KEY `room_availabilties_detail_id_foreign` (`detail_id`),
  CONSTRAINT `room_availabilties_detail_id_foreign` FOREIGN KEY (`detail_id`) REFERENCES `activity_booking_details` (`id`) ON DELETE CASCADE,
  CONSTRAINT `room_availabilties_room_id_foreign` FOREIGN KEY (`room_id`) REFERENCES `lodging_rooms` (`id`) ON DELETE CASCADE
) ENGINE=InnoDB DEFAULT CHARSET=utf8mb4 COLLATE=utf8mb4_unicode_ci;

--
-- Dumping data for table `room_availabilties`
--


--
-- Table structure for table `rooms`
--

CREATE TABLE `rooms` (
  `id` bigint unsigned NOT NULL AUTO_INCREMENT,
  `room_id` bigint unsigned NOT NULL,
  `lodging_id` bigint unsigned NOT NULL,
  `created_at` timestamp NULL DEFAULT NULL,
  `updated_at` timestamp NULL DEFAULT NULL,
  PRIMARY KEY (`id`),
  KEY `rooms_room_id_foreign` (`room_id`),
  KEY `rooms_lodging_id_foreign` (`lodging_id`),
  CONSTRAINT `rooms_lodging_id_foreign` FOREIGN KEY (`lodging_id`) REFERENCES `lodgings` (`id`) ON DELETE CASCADE,
  CONSTRAINT `rooms_room_id_foreign` FOREIGN KEY (`room_id`) REFERENCES `lodging_rooms` (`id`) ON DELETE CASCADE
) ENGINE=InnoDB DEFAULT CHARSET=utf8mb4 COLLATE=utf8mb4_unicode_ci;

--
-- Dumping data for table `rooms`
--


--
-- Table structure for table `sectors`
--

CREATE TABLE `sectors` (
  `id` bigint unsigned NOT NULL AUTO_INCREMENT,
  `en_name` varchar(191) CHARACTER SET utf8mb4 COLLATE utf8mb4_unicode_ci NOT NULL,
  `fr_name` varchar(191) CHARACTER SET utf8mb4 COLLATE utf8mb4_unicode_ci NOT NULL,
  `created_at` timestamp NULL DEFAULT NULL,
  `updated_at` timestamp NULL DEFAULT NULL,
  PRIMARY KEY (`id`)
) ENGINE=InnoDB AUTO_INCREMENT=25 DEFAULT CHARSET=utf8mb4 COLLATE=utf8mb4_unicode_ci;

--
-- Dumping data for table `sectors`
--

INSERT INTO `sectors` VALUES (1,'Agriculture; plantations; other rural sectors','الزراعة','2023-02-08 09:31:36','2023-02-10 11:34:45'),(2,'Basic Metal Production','التصنيع','2023-02-08 09:31:36','2023-02-10 11:34:58'),(3,'Basic Metal Production','التصنيع','2023-02-08 09:31:36','2023-02-10 11:35:14'),(4,'Chemical industries','الصناعات الكيميائية','2023-02-08 09:31:36','2023-02-10 11:40:16'),(5,'Commerce','التجارة','2023-02-08 09:31:36','2023-02-10 11:40:23'),(6,'Construction','البناء','2023-02-08 09:31:36','2023-02-10 11:40:29'),(7,'Education','التعليم','2023-02-08 09:31:36','2023-02-10 11:40:35'),(8,'Financial services; professional services','الخدمات المالية','2023-02-08 09:31:36','2023-02-10 11:40:51'),(9,'Food; drink; tobacco','الطعام','2023-02-08 09:31:36','2023-02-10 11:40:58'),(10,'Forestry; wood; pulp and paper','التحطيب','2023-02-08 09:31:36','2023-02-10 11:41:25'),(11,'Health services','الخدمات الصحية','2023-02-08 09:31:36','2023-02-10 11:41:36'),(12,'Hotels; tourism; catering','السياحة','2023-02-08 09:31:36','2023-02-10 11:41:42'),(13,'Mining (coal; other mining)','التعدين','2023-02-08 09:31:36','2023-02-10 11:41:48'),(14,'Mechanical and electrical engineering','الكهرباء و الميكانيك','2023-02-08 09:31:36','2023-02-10 11:42:02'),(15,'Media; culture; graphical','الإعلام','2023-02-08 09:31:36','2023-02-10 11:42:09'),(16,'Oil and gas production; oil refining','النفط','2023-02-08 09:31:36','2023-02-10 11:42:17'),(17,'Postal and telecommunications services','الاتصالات و البريد','2023-02-08 09:31:36','2023-02-10 11:42:28'),(18,'Public service','الخدمات العامة','2023-02-08 09:31:36','2023-02-10 11:42:38'),(19,'Shipping; ports; fisheries; inland waterways','الشحن','2023-02-08 09:31:36','2023-02-10 11:42:45'),(20,'Textiles; clothing; leather; footwear','الألبسة','2023-02-08 09:31:36','2023-02-10 11:42:53'),(21,'Transport (including civil aviation; railways; road transport)','النقل','2023-02-08 09:31:36','2023-02-10 11:42:59'),(22,'Transport equipment manufacturing','تصنيع الاليات','2023-02-08 09:31:36','2023-02-10 11:43:13'),(23,'Utilities (water; gas; electricity)','الخدمات الأساسية','2023-02-08 09:31:36','2023-02-10 11:43:31'),(24,'Others','قطاع اخر','2023-04-09 06:47:19','2023-04-09 06:47:19');

--
-- Table structure for table `seo_settings`
--

CREATE TABLE `seo_settings` (
  `id` bigint unsigned NOT NULL AUTO_INCREMENT,
  `slug` varchar(191) CHARACTER SET utf8mb4 COLLATE utf8mb4_unicode_ci NOT NULL,
  `title` text CHARACTER SET utf8mb4 COLLATE utf8mb4_unicode_ci NOT NULL,
  `description` text CHARACTER SET utf8mb4 COLLATE utf8mb4_unicode_ci NOT NULL,
  `keywords` text CHARACTER SET utf8mb4 COLLATE utf8mb4_unicode_ci NOT NULL,
  `created_at` timestamp NULL DEFAULT NULL,
  `updated_at` timestamp NULL DEFAULT NULL,
  PRIMARY KEY (`id`)
) ENGINE=InnoDB AUTO_INCREMENT=20 DEFAULT CHARSET=utf8mb4 COLLATE=utf8mb4_unicode_ci;

--
-- Dumping data for table `seo_settings`
--

INSERT INTO `seo_settings` VALUES (1,'home','Home | RSCN','\"RSCN will create, manage and advocate for a national network of protected areas to conserve Jordan’s biodiversity and support local community development, while promoting wider public support.\"','Activities Adventures Ajloun Azraq Badia Biosphere Booking Camping Canyoning Catalog Center Crafts Cultural Cycling Dana Destinations Developed Dibeen Dining Eastern Ecotourism Ecommerce Facebook Forest Gallery Handicrafts Hiking Hours Jordan Lodge Lodging Media Meet Meeting Mountain Mujib Navigation Offers Order Oryx Overview Projects Rates Reserve Reserved Rooms Rscn Safari Shaumari Shop Silver Socioeconomic Support Tours Trail Trails Valley Video View Wetland Wild Wildlife Women Yarmouk احجز اشتري الآن الأردن العربية تصميم ضانا جمعية ملكية كوخ شاليه المشي طبيعة صيد محمية ضانا الشومري عجلون الموجب الازرق اليرموك فيفا العقبة برقع دبين الضاحك','2022-11-15 07:03:16','2023-05-02 05:40:12'),(2,'about-us','About Us | RSCN','RSCN Jordan','Activities Adventures Ajloun Azraq Badia Biosphere Booking Camping Canyoning Catalog Center Crafts Cultural Cycling Dana Destinations Developed Dibeen Dining Eastern Ecotourism Ecommerce Facebook Forest Gallery Handicrafts Hiking Hours Jordan Lodge Lodging Media Meet Meeting Mountain Mujib Navigation Offers Order Oryx Overview Projects Rates Reserve Reserved Rooms Rscn Safari Shaumari Shop Silver Socioeconomic Support Tours Trail Trails Valley Video View Wetland Wild Wildlife Women Yarmouk احجز اشتري الآن الأردن العربية تصميم ضانا جمعية ملكية كوخ شاليه المشي طبيعة صيد محمية ضانا الشومري عجلون الموجب الازرق اليرموك فيفا العقبة برقع دبين الضاحك','2022-11-15 07:03:16','2023-05-02 05:40:20'),(3,'blog','Blogs | RSCN','RSCN - Blogs','Activities Adventures Ajloun Azraq Badia Biosphere Booking Camping Canyoning Catalog Center Crafts Cultural Cycling Dana Destinations Developed Dibeen Dining Eastern Ecotourism Ecommerce Facebook Forest Gallery Handicrafts Hiking Hours Jordan Lodge Lodging Media Meet Meeting Mountain Mujib Navigation Offers Order Oryx Overview Projects Rates Reserve Reserved Rooms Rscn Safari Shaumari Shop Silver Socioeconomic Support Tours Trail Trails Valley Video View Wetland Wild Wildlife Women Yarmouk احجز اشتري الآن الأردن العربية تصميم ضانا جمعية ملكية كوخ شاليه المشي طبيعة صيد محمية ضانا الشومري عجلون الموجب الازرق اليرموك فيفا العقبة برقع دبين الضاحك','2022-11-15 07:03:16','2023-05-02 05:40:46'),(4,'contact','Contact Us| RSCN','RSCN - Contact us','Activities Adventures Ajloun Azraq Badia Biosphere Booking Camping Canyoning Catalog Center Crafts Cultural Cycling Dana Destinations Developed Dibeen Dining Eastern Ecotourism Ecommerce Facebook Forest Gallery Handicrafts Hiking Hours Jordan Lodge Lodging Media Meet Meeting Mountain Mujib Navigation Offers Order Oryx Overview Projects Rates Reserve Reserved Rooms Rscn Safari Shaumari Shop Silver Socioeconomic Support Tours Trail Trails Valley Video View Wetland Wild Wildlife Women Yarmouk احجز اشتري الآن الأردن العربية تصميم ضانا جمعية ملكية كوخ شاليه المشي طبيعة صيد محمية ضانا الشومري عجلون الموجب الازرق اليرموك فيفا العقبة برقع دبين الضاحك','2022-11-15 07:03:16','2023-05-02 05:40:40'),(5,'all-products','All Products| RSCN','RSCN Jordan','Activities Adventures Ajloun Azraq Badia Biosphere Booking Camping Canyoning Catalog Center Crafts Cultural Cycling Dana Destinations Developed Dibeen Dining Eastern Ecotourism Ecommerce Facebook Forest Gallery Handicrafts Hiking Hours Jordan Lodge Lodging Media Meet Meeting Mountain Mujib Navigation Offers Order Oryx Overview Projects Rates Reserve Reserved Rooms Rscn Safari Shaumari Shop Silver Socioeconomic Support Tours Trail Trails Valley Video View Wetland Wild Wildlife Women Yarmouk احجز اشتري الآن الأردن العربية تصميم ضانا جمعية ملكية كوخ شاليه المشي طبيعة صيد محمية ضانا الشومري عجلون الموجب الازرق اليرموك فيفا العقبة برقع دبين الضاحك','2022-11-15 07:03:16','2023-05-02 05:40:53'),(6,'cart','Cart | RSCN','RSCN Jordan','Activities Adventures Ajloun Azraq Badia Biosphere Booking Camping Canyoning Catalog Center Crafts Cultural Cycling Dana Destinations Developed Dibeen Dining Eastern Ecotourism Ecommerce Facebook Forest Gallery Handicrafts Hiking Hours Jordan Lodge Lodging Media Meet Meeting Mountain Mujib Navigation Offers Order Oryx Overview Projects Rates Reserve Reserved Rooms Rscn Safari Shaumari Shop Silver Socioeconomic Support Tours Trail Trails Valley Video View Wetland Wild Wildlife Women Yarmouk احجز اشتري الآن الأردن العربية تصميم ضانا جمعية ملكية كوخ شاليه المشي طبيعة صيد محمية ضانا الشومري عجلون الموجب الازرق اليرموك فيفا العقبة برقع دبين الضاحك','2022-11-15 07:03:16','2023-05-02 05:40:59'),(7,'checkout','Checkout | RSCN','RSCN','Activities Adventures Ajloun Azraq Badia Biosphere Booking Camping Canyoning Catalog Center Crafts Cultural Cycling Dana Destinations Developed Dibeen Dining Eastern Ecotourism Ecommerce Facebook Forest Gallery Handicrafts Hiking Hours Jordan Lodge Lodging Media Meet Meeting Mountain Mujib Navigation Offers Order Oryx Overview Projects Rates Reserve Reserved Rooms Rscn Safari Shaumari Shop Silver Socioeconomic Support Tours Trail Trails Valley Video View Wetland Wild Wildlife Women Yarmouk احجز اشتري الآن الأردن العربية تصميم ضانا جمعية ملكية كوخ شاليه المشي طبيعة صيد محمية ضانا الشومري عجلون الموجب الازرق اليرموك فيفا العقبة برقع دبين الضاحك','2022-11-15 07:03:16','2023-05-02 05:41:05'),(8,'wishlist','Wishlist | RSCN','RSCN','Activities Adventures Ajloun Azraq Badia Biosphere Booking Camping Canyoning Catalog Center Crafts Cultural Cycling Dana Destinations Developed Dibeen Dining Eastern Ecotourism Ecommerce Facebook Forest Gallery Handicrafts Hiking Hours Jordan Lodge Lodging Media Meet Meeting Mountain Mujib Navigation Offers Order Oryx Overview Projects Rates Reserve Reserved Rooms Rscn Safari Shaumari Shop Silver Socioeconomic Support Tours Trail Trails Valley Video View Wetland Wild Wildlife Women Yarmouk احجز اشتري الآن الأردن العربية تصميم ضانا جمعية ملكية كوخ شاليه المشي طبيعة صيد محمية ضانا الشومري عجلون الموجب الازرق اليرموك فيفا العقبة برقع دبين الضاحك','2022-11-15 07:03:16','2023-05-02 05:41:11'),(9,'compare','Compare | RSCN','RSCN Jordan','Activities Adventures Ajloun Azraq Badia Biosphere Booking Camping Canyoning Catalog Center Crafts Cultural Cycling Dana Destinations Developed Dibeen Dining Eastern Ecotourism Ecommerce Facebook Forest Gallery Handicrafts Hiking Hours Jordan Lodge Lodging Media Meet Meeting Mountain Mujib Navigation Offers Order Oryx Overview Projects Rates Reserve Reserved Rooms Rscn Safari Shaumari Shop Silver Socioeconomic Support Tours Trail Trails Valley Video View Wetland Wild Wildlife Women Yarmouk احجز اشتري الآن الأردن العربية تصميم ضانا جمعية ملكية كوخ شاليه المشي طبيعة صيد محمية ضانا الشومري عجلون الموجب الازرق اليرموك فيفا العقبة برقع دبين الضاحك','2022-11-15 07:03:16','2023-05-02 05:41:18'),(10,'sign-in','Sign In','Sign In','Activities Adventures Ajloun Azraq Badia Biosphere Booking Camping Canyoning Catalog Center Crafts Cultural Cycling Dana Destinations Developed Dibeen Dining Eastern Ecotourism Ecommerce Facebook Forest Gallery Handicrafts Hiking Hours Jordan Lodge Lodging Media Meet Meeting Mountain Mujib Navigation Offers Order Oryx Overview Projects Rates Reserve Reserved Rooms Rscn Safari Shaumari Shop Silver Socioeconomic Support Tours Trail Trails Valley Video View Wetland Wild Wildlife Women Yarmouk احجز اشتري الآن الأردن العربية تصميم ضانا جمعية ملكية كوخ شاليه المشي طبيعة صيد محمية ضانا الشومري عجلون الموجب الازرق اليرموك فيفا العقبة برقع دبين الضاحك','2022-11-15 07:03:16','2023-05-02 05:41:24'),(11,'sign-up','Sign Up','Sign Up','Activities Adventures Ajloun Azraq Badia Biosphere Booking Camping Canyoning Catalog Center Crafts Cultural Cycling Dana Destinations Developed Dibeen Dining Eastern Ecotourism Ecommerce Facebook Forest Gallery Handicrafts Hiking Hours Jordan Lodge Lodging Media Meet Meeting Mountain Mujib Navigation Offers Order Oryx Overview Projects Rates Reserve Reserved Rooms Rscn Safari Shaumari Shop Silver Socioeconomic Support Tours Trail Trails Valley Video View Wetland Wild Wildlife Women Yarmouk احجز اشتري الآن الأردن العربية تصميم ضانا جمعية ملكية كوخ شاليه المشي طبيعة صيد محمية ضانا الشومري عجلون الموجب الازرق اليرموك فيفا العقبة برقع دبين الضاحك','2022-11-15 07:03:16','2023-05-02 05:41:31'),(12,'forget-password','Forget Password','Forget Password','Activities Adventures Ajloun Azraq Badia Biosphere Booking Camping Canyoning Catalog Center Crafts Cultural Cycling Dana Destinations Developed Dibeen Dining Eastern Ecotourism Ecommerce Facebook Forest Gallery Handicrafts Hiking Hours Jordan Lodge Lodging Media Meet Meeting Mountain Mujib Navigation Offers Order Oryx Overview Projects Rates Reserve Reserved Rooms Rscn Safari Shaumari Shop Silver Socioeconomic Support Tours Trail Trails Valley Video View Wetland Wild Wildlife Women Yarmouk احجز اشتري الآن الأردن العربية تصميم ضانا جمعية ملكية كوخ شاليه المشي طبيعة صيد محمية ضانا الشومري عجلون الموجب الازرق اليرموك فيفا العقبة برقع دبين الضاحك','2022-11-15 07:03:16','2023-05-02 05:41:37'),(13,'reset-password','Reset Password','Reset Password','Activities Adventures Ajloun Azraq Badia Biosphere Booking Camping Canyoning Catalog Center Crafts Cultural Cycling Dana Destinations Developed Dibeen Dining Eastern Ecotourism Ecommerce Facebook Forest Gallery Handicrafts Hiking Hours Jordan Lodge Lodging Media Meet Meeting Mountain Mujib Navigation Offers Order Oryx Overview Projects Rates Reserve Reserved Rooms Rscn Safari Shaumari Shop Silver Socioeconomic Support Tours Trail Trails Valley Video View Wetland Wild Wildlife Women Yarmouk احجز اشتري الآن الأردن العربية تصميم ضانا جمعية ملكية كوخ شاليه المشي طبيعة صيد محمية ضانا الشومري عجلون الموجب الازرق اليرموك فيفا العقبة برقع دبين الضاحك','2022-11-15 07:03:16','2023-05-02 05:41:43'),(14,'terms-conditions','Terms Conditions','Terms Conditions','business,eCommerce, Ecommerce, ecommerce, shop, shopify, shopify ecommerce, creative, woocommerce, design, gallery, minimal, modern, html, html5, responsive','2022-11-15 07:03:16','2022-11-15 07:03:16'),(15,'privacy-policy','Privacy Policy','Privacy Policy','business,eCommerce, Ecommerce, ecommerce, shop, shopify, shopify ecommerce, creative, woocommerce, design, gallery, minimal, modern, html, html5, responsive','2022-11-15 07:03:16','2022-11-15 07:03:16'),(16,'shipping-return','Shipping Return Policy','Shipping Return Policy','business,eCommerce, Ecommerce, ecommerce, shop, shopify, shopify ecommerce, creative, woocommerce, design, gallery, minimal, modern, html, html5, responsive','2022-11-15 07:03:16','2022-11-15 07:03:16'),(17,'faq','FAQ','FAQ','business,eCommerce, Ecommerce, ecommerce, shop, shopify, shopify ecommerce, creative, woocommerce, design, gallery, minimal, modern, html, html5, responsive','2022-11-15 07:03:16','2022-11-15 07:03:16'),(18,'refund-policy','Refund Policy','Refund Policy','business,eCommerce, Ecommerce, ecommerce, shop, shopify, shopify ecommerce, creative, woocommerce, design, gallery, minimal, modern, html, html5, responsive','2022-11-15 07:03:16','2022-11-15 07:03:16'),(19,'carry-our-line','special-request','carry-our-line','business,eCommerce, Ecommerce, ecommerce, shop, shopify, shopify ecommerce,creative, woocommerce,design, gallery, minimal, modern, html, html5, responsive       ','2023-02-07 12:24:13','2023-02-07 12:24:13');

--
-- Table structure for table `settings`
--

CREATE TABLE `settings` (
  `id` bigint unsigned NOT NULL AUTO_INCREMENT,
  `slug` varchar(191) CHARACTER SET utf8mb4 COLLATE utf8mb4_unicode_ci NOT NULL,
  `value` longtext CHARACTER SET utf8mb4 COLLATE utf8mb4_unicode_ci,
  `created_at` timestamp NULL DEFAULT NULL,
  `updated_at` timestamp NULL DEFAULT NULL,
  PRIMARY KEY (`id`)
) ENGINE=InnoDB AUTO_INCREMENT=43 DEFAULT CHARSET=utf8mb4 COLLATE=utf8mb4_unicode_ci;

--
-- Dumping data for table `settings`
--

INSERT INTO `settings` VALUES (1,'app_title','RSCN','2022-11-15 07:03:14','2023-03-28 06:03:39'),(2,'tax_percentage','15','2022-11-15 07:03:14','2022-11-15 07:03:14'),(3,'shipping_charge','0','2022-11-15 07:03:14','2023-03-28 06:03:39'),(4,'estimating_delivery','7 days','2022-11-15 07:03:14','2023-03-28 06:03:39'),(5,'title','RSCN - Ecommerce','2022-11-15 07:03:14','2023-03-28 06:03:39'),(6,'main_logo','logo.png','2022-11-15 07:03:14','2022-11-15 07:03:14'),(7,'footer_logo','footer-logo.png','2022-11-15 07:03:14','2022-11-15 07:03:14'),(8,'footer_title','Designed & Developed By Complete Chain','2022-11-15 07:03:14','2023-03-28 06:03:39'),(9,'favicon','6447bb52f1b851682422610.webp','2022-11-15 07:03:14','2023-04-25 09:36:50'),(10,'version','1','2022-11-15 07:03:14','2022-11-15 07:03:14'),(11,'meta_author','Completechaintheme','2022-11-15 07:03:14','2022-11-15 07:03:14'),(12,'meta_description','RSCN - Ecommerce App','2022-11-15 07:03:14','2022-11-15 07:03:14'),(13,'meta_keywords','business,eCommerce, Ecommerce, ecommerce, shop, shopify, shopify ecommerce, creative, woocommerce, design, gallery, minimal, modern, html, html5, responsive','2022-11-15 07:03:14','2022-11-15 07:03:14'),(14,'call_us','(+962 6) 5157656 / 5157665','2022-11-15 07:03:14','2023-03-28 06:03:39'),(15,'email','adminrscn@rscn.org.jo','2022-11-15 07:03:14','2023-03-28 06:03:39'),(16,'address','Dahiyat Alrasheed','2022-11-15 07:03:14','2023-03-28 06:03:39'),(17,'state','Amman','2022-11-15 07:03:14','2023-03-28 06:03:39'),(18,'country','Jordan','2022-11-15 07:03:14','2023-03-28 06:03:39'),(19,'news_letter','Receive our latest updates about our <br /> products and promotions.','2022-11-15 07:03:14','2023-03-28 06:03:39'),(20,'preloader','63738a79a5adb1668516473.gif','2022-11-15 07:03:14','2022-11-15 11:47:53'),(21,'popup_image','popup-image.png','2022-11-15 07:03:14','2022-11-15 07:03:14'),(22,'menu_thumb','6373483d87e6f1668499517.jpg','2022-11-15 07:03:14','2022-11-15 07:05:18'),(23,'menu_link','javascript:void(0)','2022-11-15 07:03:14','2022-11-15 07:05:17'),(24,'home_products_page','50','2022-11-15 07:03:14','2022-11-15 07:03:14'),(25,'home_trending_page','4','2022-11-15 07:03:14','2023-03-02 11:25:48'),(26,'new_arrival','1','2022-11-15 07:03:14','2023-03-02 11:25:48'),(27,'best_selling','1','2022-11-15 07:03:14','2023-03-02 11:25:48'),(28,'on_sale','1','2022-11-15 07:03:14','2023-03-02 11:25:48'),(29,'featured_items','1','2022-11-15 07:03:14','2023-03-02 11:25:48'),(30,'default_currency','JD','2022-11-15 07:03:14','2023-03-28 06:03:39'),(31,'default_language','fr','2022-11-15 07:03:15','2023-03-28 06:03:39'),(32,'theme','one','2022-11-15 07:03:15','2022-11-15 07:03:15'),(33,'news_letter_img','accepts-image.png','2022-11-15 07:03:15','2022-11-15 07:03:15'),(34,'news_letter_title','Guarantee safe & secure checkout','2022-11-15 07:03:15','2022-11-15 07:03:15'),(35,'news_letter_status','1','2022-11-15 07:03:15','2022-11-15 07:03:15'),(36,'fr_address','ضاحية الرشيد','2022-12-07 07:31:40','2023-03-28 06:03:39'),(37,'fr_news_letter','احصل على احدث منتجاتنا و عروضنا','2022-12-07 07:31:41','2023-03-28 06:03:39'),(38,'fr_state','عمان','2022-12-07 07:31:41','2023-03-28 06:03:39'),(39,'fr_country','الاردن','2022-12-07 07:31:41','2023-03-28 06:03:39'),(40,'fr_footer_title','الجمعية الملكية لحماية الطبيعة','2022-12-07 07:31:41','2023-03-28 06:03:39'),(41,'fax','(+962 6) 5155195','2023-01-31 07:08:25','2023-03-28 06:03:39'),(42,'map','<iframe src=\"https://www.google.com/maps/embed?pb=!1m18!1m12!1m3!1d3383.3528718202006!2d35.87946231476047!3d32.00555383022641!2m3!1f0!2f0!3f0!3m2!1i1024!2i768!4f13.1!3m3!1m2!1s0x151c9f735e35fb1b%3A0x5a930fcf1952825b!2sThe%20Royal%20Society%20For%20The%20Conservation%20of%20Nature!5e0!3m2!1sen!2sjo!4v1675915667145!5m2!1sen!2sjo\" width=\"600\" height=\"450\" style=\"border:0;\" allowfullscreen=\"\" loading=\"lazy\" referrerpolicy=\"no-referrer-when-downgrade\"></iframe>','2023-01-31 07:08:25','2023-03-28 06:03:39');

--
-- Table structure for table `shippings`
--

CREATE TABLE `shippings` (
  `id` bigint unsigned NOT NULL AUTO_INCREMENT,
  `User_Id` bigint unsigned NOT NULL,
  `Name` varchar(191) CHARACTER SET utf8mb4 COLLATE utf8mb4_unicode_ci NOT NULL,
  `Email` varchar(191) CHARACTER SET utf8mb4 COLLATE utf8mb4_unicode_ci DEFAULT NULL,
  `Street` varchar(191) CHARACTER SET utf8mb4 COLLATE utf8mb4_unicode_ci DEFAULT NULL,
  `State` varchar(191) CHARACTER SET utf8mb4 COLLATE utf8mb4_unicode_ci DEFAULT NULL,
  `Zipcode` varchar(191) CHARACTER SET utf8mb4 COLLATE utf8mb4_unicode_ci DEFAULT NULL,
  `Country` varchar(191) CHARACTER SET utf8mb4 COLLATE utf8mb4_unicode_ci DEFAULT NULL,
  `created_at` timestamp NULL DEFAULT NULL,
  `updated_at` timestamp NULL DEFAULT NULL,
  PRIMARY KEY (`id`),
  KEY `shippings_user_id_foreign` (`User_Id`)
) ENGINE=InnoDB AUTO_INCREMENT=29 DEFAULT CHARSET=utf8mb4 COLLATE=utf8mb4_unicode_ci;

--
-- Dumping data for table `shippings`
--

INSERT INTO `shippings` VALUES (1,3,'Mohammad','mohammad@completechaintech.com','Gardens Street','Amman','11183','Jordan','2022-11-15 10:54:13','2022-11-15 10:54:13'),(2,4,'mahmoud obeidat','mamodaobeidat1@gmail.com','wasfi al Tal','amman','2342','Jordan','2022-11-17 05:25:28','2022-11-17 05:25:28'),(3,5,'Lacota Cantu','test@gmail.com','Consequatur aut ipsu','Voluptas eu labore u','10102','Country','2022-11-30 05:09:23','2022-12-07 13:30:18'),(4,2,'William Smith','user1@gmail.com','Ulmer Str. 3-7, 72555 Metzingen, Germany','cxvxc','72555','Country','2022-12-06 13:20:41','2023-08-26 09:25:37'),(5,1,'Oprah Tillman','xusojyc@mailinator.com','Temporibus culpa sap','Neque itaque ipsa a','96271','Western Sahara','2023-02-07 18:41:05','2023-02-11 04:52:27'),(6,21,'Mohammad','test@test.com','Amman','Amman','1663','Jordan','2023-02-07 18:48:12','2023-02-07 18:48:12'),(8,37,'existinguserindividualmember','test2@test2.com','fefefew','fefeew','efwefew','Dominica','2023-02-10 12:58:26','2023-02-10 12:58:26'),(9,36,'membershipuserindividual','test1@test1.com','dfgff','fdffd','1122','Argentina','2023-02-12 02:29:16','2023-02-12 02:29:16'),(10,6,'omnieh','omnieh@completechaintech.com','ljhkhkhkjhh','kggkjkkj','11183','Japan','2023-02-20 13:41:33','2023-02-21 05:51:05'),(11,94,'ahmad sawaie','ahmad@completechaintech.com','Amman - Jordan','amman','11183','Jordan','2023-02-20 13:51:26','2023-02-20 13:51:26'),(12,98,'Medge Lindsay','a.sawaie86@gmail.com','Amman - Jordan','amman','11183','Jordan','2023-02-21 11:02:28','2023-02-21 11:02:28'),(14,117,'Maxine Noel','a.sawaie86@gmail.com','Amman - Jordan','amman','11183','Jordan','2023-02-22 10:37:30','2023-02-22 10:37:30'),(15,147,'rawand moh','rawmad90@gmail.com','riyadh','Riyadh','12122','Jordan','2023-03-07 06:10:50','2023-03-07 06:10:50'),(16,141,'ميسر العوابدة','lara.albdour@rscn.org.jo','شارع اسماعيل عبده','amman','1118','111','2023-03-13 08:41:50','2024-01-16 07:00:15'),(17,6535,'sandrine marceau','sandrine.marceau@pm.me','29 boulevard richard lenoir','Paris','75011','France','2023-05-31 11:39:24','2023-05-31 11:39:24'),(18,6540,'walid','walidddd@gmail.com','asdasdsad','dd','22','Jordan','2023-06-06 08:18:03','2023-06-06 08:18:03'),(19,6550,'mohammad zaareer','moh.zaz92@yahoo.com','جرش - الكته','الكته','26751','Jordan','2023-06-12 11:18:04','2023-06-12 11:18:04'),(20,6548,'Nancy','accounting@completechaintech.com','شارع وصفي التل','عمان','11183','Jordan','2023-06-14 09:35:29','2023-06-14 09:35:29'),(21,133,'Tashya Acosta','mohammad@completechaintech.com','Amman','Amman','11183','Jordan','2023-06-14 10:27:12','2023-06-14 10:27:12'),(22,9821,'Mahdy','mahdyababneh282@gmail.com','Jordan','Jordan','77110','Jordan','2023-07-14 04:24:39','2023-07-14 04:24:39'),(23,9932,'ساره مبارك ال قنام','ssarl14la@gmail.com','Wadi ad-Dawasir','Wadi ad-Dawasir','18363','194','2023-10-01 18:29:22','2023-10-01 18:29:22'),(24,9950,'Ghaith','ghaith.aljarrah92@mail.ru','حوفا المزار شرق مركز الشباب','اربد','21110','دولة','2023-10-12 17:59:29','2023-10-24 15:22:07'),(25,9953,'روان الروسان','rawan_rusan@hotmail.com','٢٤ شارع شحادة موسى ابدة','عمان','١١١٨٣١','111','2023-10-14 14:23:28','2023-10-14 14:23:28'),(26,9992,'Farah Akiely','sadeem.qdaisat@gmail.com','7 Saleh Zaki Ali Street Apt 5','Amman','11185','111','2023-11-19 01:27:24','2023-11-19 01:38:06'),(27,9760,'Walid Khaled Dweik','Waleed.kdweik@gmail.com','تست','عمان','0000','111','2024-01-07 08:35:03','2024-01-07 08:35:03'),(28,10026,'wesam sharadgah','Sh_wessam760@hotmail.com','JVC, District 10, Signature livings building','Dubai','00971','231','2024-01-14 12:18:01','2024-01-14 12:18:01');

--
-- Table structure for table `sitemaps`
--

CREATE TABLE `sitemaps` (
  `id` bigint unsigned NOT NULL AUTO_INCREMENT,
  `sitemap_url` varchar(255) CHARACTER SET utf8mb4 COLLATE utf8mb4_unicode_ci DEFAULT NULL,
  `filename` varchar(255) CHARACTER SET utf8mb4 COLLATE utf8mb4_unicode_ci DEFAULT NULL,
  `created_at` timestamp NULL DEFAULT NULL,
  `updated_at` timestamp NULL DEFAULT NULL,
  PRIMARY KEY (`id`)
) ENGINE=InnoDB DEFAULT CHARSET=utf8mb4 COLLATE=utf8mb4_unicode_ci;

--
-- Dumping data for table `sitemaps`
--


--
-- Table structure for table `size_product`
--

CREATE TABLE `size_product` (
  `Product_Id` bigint unsigned NOT NULL,
  `Size_Id` bigint unsigned DEFAULT NULL,
  KEY `size_product_product_id_foreign` (`Product_Id`),
  KEY `size_product_size_id_foreign` (`Size_Id`),
  CONSTRAINT `size_product_product_id_foreign` FOREIGN KEY (`Product_Id`) REFERENCES `products` (`id`) ON DELETE CASCADE,
  CONSTRAINT `size_product_size_id_foreign` FOREIGN KEY (`Size_Id`) REFERENCES `sizes` (`id`) ON DELETE CASCADE
) ENGINE=InnoDB DEFAULT CHARSET=utf8mb4 COLLATE=utf8mb4_unicode_ci;

--
-- Dumping data for table `size_product`
--


--
-- Table structure for table `sizes`
--

CREATE TABLE `sizes` (
  `id` bigint unsigned NOT NULL AUTO_INCREMENT,
  `Size` varchar(7) CHARACTER SET utf8mb4 COLLATE utf8mb4_unicode_ci NOT NULL,
  `created_at` timestamp NULL DEFAULT NULL,
  `updated_at` timestamp NULL DEFAULT NULL,
  PRIMARY KEY (`id`)
) ENGINE=InnoDB AUTO_INCREMENT=6 DEFAULT CHARSET=utf8mb4 COLLATE=utf8mb4_unicode_ci;

--
-- Dumping data for table `sizes`
--

INSERT INTO `sizes` VALUES (1,'S','2022-11-15 07:03:10','2022-11-15 07:03:10'),(2,'M','2022-11-15 07:03:10','2022-11-15 07:03:10'),(3,'L','2022-11-15 07:03:10','2022-11-15 07:03:10'),(4,'XL','2022-11-15 07:03:10','2022-11-15 07:03:10'),(5,'XXL','2022-11-15 07:03:10','2022-11-15 07:03:10');

--
-- Table structure for table `sliders`
--

CREATE TABLE `sliders` (
  `id` bigint unsigned NOT NULL AUTO_INCREMENT,
  `sort` int DEFAULT NULL,
  `Background_Image` varchar(191) CHARACTER SET utf8mb4 COLLATE utf8mb4_unicode_ci NOT NULL,
  `Thumbnail` varchar(191) CHARACTER SET utf8mb4 COLLATE utf8mb4_unicode_ci DEFAULT NULL,
  `en_Title` varchar(191) CHARACTER SET utf8mb4 COLLATE utf8mb4_unicode_ci NOT NULL,
  `en_Sub_Title` varchar(191) CHARACTER SET utf8mb4 COLLATE utf8mb4_unicode_ci DEFAULT NULL,
  `en_Description` text CHARACTER SET utf8mb4 COLLATE utf8mb4_unicode_ci NOT NULL,
  `en_Button_Text` varchar(191) CHARACTER SET utf8mb4 COLLATE utf8mb4_unicode_ci NOT NULL,
  `fr_Title` varchar(191) CHARACTER SET utf8mb4 COLLATE utf8mb4_unicode_ci NOT NULL,
  `fr_Sub_Title` varchar(191) CHARACTER SET utf8mb4 COLLATE utf8mb4_unicode_ci DEFAULT NULL,
  `fr_Description` text CHARACTER SET utf8mb4 COLLATE utf8mb4_unicode_ci NOT NULL,
  `fr_Button_Text` varchar(191) CHARACTER SET utf8mb4 COLLATE utf8mb4_unicode_ci NOT NULL,
  `created_at` timestamp NULL DEFAULT NULL,
  `updated_at` timestamp NULL DEFAULT NULL,
  `link` varchar(191) COLLATE utf8mb4_unicode_ci DEFAULT NULL,
  PRIMARY KEY (`id`)
) ENGINE=InnoDB AUTO_INCREMENT=11 DEFAULT CHARSET=utf8mb4 COLLATE=utf8mb4_unicode_ci;

--
-- Dumping data for table `sliders`
--

INSERT INTO `sliders` VALUES (2,NULL,'656d7d6cd190f1701674348.jpg','654c75968a67b1699509654.jpg','handcraft','Products made by our hands','made with love  by our local community women','See Collection','منتجات يدويه','منتجات صنعت بأيدينا','صنعت بحب و اتقان بايدي سيدات المجتمع المحلي','للاطلاع على المنتجات','2022-11-15 07:03:08','2023-12-04 07:15:26',NULL),(5,NULL,'656d7d626ef971701674338.jpg','654b31a19ad811699426721.jpg','Azraq Wetland Reserve Handicrafts','-','Uniquely designed, hand-painted and carved Ostrich eggs, beautifully crafted by the women of Azraq and more!','See Collection','الحرف اليدوية في محمية الأزرق المائية','-','بيض نعام فريد من نوعه مرسوم يدويًا ومنقوشًا، مصنوعًا بجمال من قبل نساء الأزرق والمزيد.','للاطلاع على المنتجات','2023-05-10 07:42:03','2023-12-04 06:18:58',NULL),(9,NULL,'656d7d59cd0c41701674329.jpg','654c75b012e831699509680.jpg','Dibeen Reserve products','Herbs & Jams','Homemade products by the women of the community in Dibeen.','See Collection','منتجات محمية دبين','مربيات و اعشاب','منتجات يدوية الصنع على ايدي نساء المجتمع المحلي في محمية دبين','تسوق الان','2023-08-10 03:18:55','2023-12-04 07:17:17',NULL);

--
-- Table structure for table `social_links`
--

CREATE TABLE `social_links` (
  `id` bigint unsigned NOT NULL AUTO_INCREMENT,
  `Facebook` varchar(191) CHARACTER SET utf8mb4 COLLATE utf8mb4_unicode_ci DEFAULT NULL,
  `Skype` varchar(191) CHARACTER SET utf8mb4 COLLATE utf8mb4_unicode_ci DEFAULT NULL,
  `Twitter` varchar(191) CHARACTER SET utf8mb4 COLLATE utf8mb4_unicode_ci DEFAULT NULL,
  `Linkedin` varchar(191) CHARACTER SET utf8mb4 COLLATE utf8mb4_unicode_ci DEFAULT NULL,
  `Instagram` varchar(191) CHARACTER SET utf8mb4 COLLATE utf8mb4_unicode_ci DEFAULT NULL,
  `created_at` timestamp NULL DEFAULT NULL,
  `updated_at` timestamp NULL DEFAULT NULL,
  PRIMARY KEY (`id`)
) ENGINE=InnoDB AUTO_INCREMENT=2 DEFAULT CHARSET=utf8mb4 COLLATE=utf8mb4_unicode_ci;

--
-- Dumping data for table `social_links`
--

INSERT INTO `social_links` VALUES (1,'https://facebook.com/profile.php?id=100064918472640','https://www.youtube.com/@RSCNJordan66','https://twitter.com/rscnjordan','https://jo.linkedin.com/company/rscn-jo?trk=similar-pages','https://www.instagram.com/rscnjordan','2022-11-15 07:03:14','2023-04-05 05:14:12');

--
-- Table structure for table `special_offers`
--

CREATE TABLE `special_offers` (
  `id` bigint unsigned NOT NULL AUTO_INCREMENT,
  `image` varchar(191) CHARACTER SET utf8mb4 COLLATE utf8mb4_unicode_ci DEFAULT NULL,
  `en_title` varchar(191) CHARACTER SET utf8mb4 COLLATE utf8mb4_unicode_ci DEFAULT NULL,
  `fr_title` varchar(191) CHARACTER SET utf8mb4 COLLATE utf8mb4_unicode_ci DEFAULT NULL,
  `category_id` bigint unsigned NOT NULL,
  `discount` varchar(191) CHARACTER SET utf8mb4 COLLATE utf8mb4_unicode_ci NOT NULL DEFAULT '0',
  `url` varchar(191) CHARACTER SET utf8mb4 COLLATE utf8mb4_unicode_ci DEFAULT NULL,
  `status` tinyint(1) NOT NULL DEFAULT '1',
  `created_at` timestamp NULL DEFAULT NULL,
  `updated_at` timestamp NULL DEFAULT NULL,
  PRIMARY KEY (`id`),
  KEY `special_offers_category_id_foreign` (`category_id`),
  CONSTRAINT `special_offers_category_id_foreign` FOREIGN KEY (`category_id`) REFERENCES `categories` (`id`)
) ENGINE=InnoDB AUTO_INCREMENT=2 DEFAULT CHARSET=utf8mb4 COLLATE=utf8mb4_unicode_ci;

--
-- Dumping data for table `special_offers`
--

INSERT INTO `special_offers` VALUES (1,'offer-image.png','SPECTIAL OFFER','SPECTIAL OFFER',1,'50','www.completechaintech.com',1,'2022-11-15 07:03:16','2022-11-15 07:03:16');

--
-- Table structure for table `sub_menus`
--

CREATE TABLE `sub_menus` (
  `id` bigint unsigned NOT NULL AUTO_INCREMENT,
  `en_name` varchar(191) CHARACTER SET utf8mb4 COLLATE utf8mb4_unicode_ci NOT NULL,
  `fr_name` varchar(191) CHARACTER SET utf8mb4 COLLATE utf8mb4_unicode_ci NOT NULL,
  `url` text CHARACTER SET utf8mb4 COLLATE utf8mb4_unicode_ci,
  `menu_id` bigint unsigned NOT NULL,
  `sort` int DEFAULT NULL,
  `status` tinyint NOT NULL DEFAULT '1',
  `created_at` timestamp NULL DEFAULT NULL,
  `updated_at` timestamp NULL DEFAULT NULL,
  `pid` bigint unsigned DEFAULT NULL,
  PRIMARY KEY (`id`),
  KEY `sub_menus_menu_id_index` (`menu_id`),
  KEY `sub_menus_pid_foreign` (`pid`),
  CONSTRAINT `sub_menus_menu_id_foreign` FOREIGN KEY (`menu_id`) REFERENCES `menus` (`id`) ON DELETE CASCADE,
  CONSTRAINT `sub_menus_pid_foreign` FOREIGN KEY (`pid`) REFERENCES `sub_menus` (`id`)
) ENGINE=InnoDB AUTO_INCREMENT=55 DEFAULT CHARSET=utf8mb4 COLLATE=utf8mb4_unicode_ci;

--
-- Dumping data for table `sub_menus`
--

INSERT INTO `sub_menus` VALUES (1,'Who We Are','من نحن','http://www.rscn.org.jo/overview',2,2,1,'2023-01-12 11:38:42','2023-07-27 14:36:39',NULL),(2,'What we do','ماذا نعمل','/what-we-do',2,1,1,'2023-01-12 11:42:17','2023-07-27 14:36:39',NULL),(3,'History','تاريخ الجمعية','http://www.rscn.org.jo/history',2,3,1,'2023-01-12 11:42:49','2023-07-27 14:36:39',NULL),(5,'Milestones','محطات بارزة في مسيرة الجمعية','http://www.rscn.org.jo/milestones',2,4,1,'2023-01-12 11:44:08','2023-07-27 14:36:39',NULL),(6,'Awards & Grants','الجوائز والمنح','http://www.rscn.org.jo/awards',2,5,1,'2023-01-12 11:44:45','2023-07-27 14:36:39',NULL),(7,'Funders & Supporters','المؤسسات الداعمة','http://www.rscn.org.jo/funders',2,7,1,'2023-01-12 11:45:28','2023-07-27 14:36:39',NULL),(8,'Projects & Initiatives','المشاريع والمبادرات','http://www.rscn.org.jo/past-projects',2,6,1,'2023-01-12 11:47:38','2023-07-27 14:36:39',NULL),(9,'Protected Areas','المناطق المحمية','https://www.rscn.org.jo/reserve/list',3,NULL,1,'2023-01-23 05:49:18','2023-05-16 06:14:11',NULL),(10,'Nature Conservation Monitoring Center (NCMC)','مركز مراقبة التنوع الحيوي','http://www.rscn.org.jo/ncmc',3,NULL,1,'2023-01-23 05:53:21','2023-03-07 11:51:56',NULL),(11,'Grassroot Support','الدعم الشعبي','/grassroot-support',3,NULL,1,'2023-01-23 06:09:28','2023-01-24 12:47:55',NULL),(12,'Royal Academy For Nature Conservation','الأكاديمية الملكية لحماية الطبيعة','http://www.rscn.org.jo/ranc',3,NULL,1,'2023-01-23 06:11:58','2023-10-29 07:45:20',NULL),(13,'Careers','الوظائف','http://www.rscn.org.jo/career',4,NULL,1,'2023-01-23 06:52:01','2023-03-07 12:08:24',NULL),(16,'Nature Knights','فرسان الطبيعة','/natureKnightProgram',3,NULL,1,'2023-01-23 06:58:14','2023-03-07 11:53:18',11),(17,'Socio-economic Development Projects','مشاريع التنمية الاقتصادية الاجتماعية','/socioeconomicDevelopment',3,NULL,1,'2023-01-23 06:59:54','2023-04-11 06:03:13',NULL),(23,'Book Now','احجر الآن','http://www.rscn.org.jo/booking',4,NULL,1,'2023-01-23 07:06:40','2023-04-04 10:00:21',NULL),(24,'Make a Donation','تبرع','/donation',4,NULL,1,'2023-01-23 07:07:21','2023-04-04 10:03:11',NULL),(25,'Tenders','العطاءات','/tender',4,NULL,1,'2023-01-23 07:07:44','2023-06-13 07:26:36',NULL),(27,'Become a Member','انضم الى العضوية','/membership',4,NULL,1,'2023-01-23 07:08:29','2023-04-04 10:04:10',NULL),(28,'Newsletter','النشرة الإلكترونية','http://www.rscn.org.jo/newsletter',5,NULL,1,'2023-01-23 07:10:22','2023-07-04 05:25:47',NULL),(29,'Press Releases','الأخبار','http://www.rscn.org.jo/press-releases',5,NULL,1,'2023-01-23 07:10:51','2023-04-10 07:14:33',NULL),(30,'Annual report','التقرير السنوي','http://www.rscn.org.jo/anuual-report',5,NULL,1,'2023-01-23 07:11:21','2023-02-13 06:19:27',NULL),(31,'Photo Gallery','معرض الصور','http://www.rscn.org.jo/photo-gallery',5,NULL,1,'2023-01-23 07:11:45','2023-02-13 06:19:31',NULL),(32,'Our people','فريق العمل','http://www.rscn.org.jo/our-people/2',2,8,1,'2023-01-23 07:12:40','2023-07-27 14:36:39',NULL),(33,'Shop Now','تسوق الآن','http://www.rscn.org.jo/shop',4,NULL,1,'2023-01-24 08:42:17','2023-04-04 10:05:49',NULL),(34,'Contact Us','تواصل معنا','/contact-us',2,9,1,'2023-01-25 14:02:12','2023-07-27 14:36:39',NULL),(35,'Handicrafts','الحرف اليدوية','http://www.rscn.org.jo/handicrafts',3,NULL,0,'2023-01-30 07:40:18','2023-04-25 09:06:29',17),(36,'National Database for Birds','قاعدة بيانات دولية حول الطيور','https://moenv-eim.gov.jo/',6,NULL,1,'2023-02-02 08:02:25','2023-02-02 08:02:25',NULL),(37,'Biodiversity Information Management System','قاعدة بيانات التنوع الحيوي','http://80.90.161.188:2121/bims/public/index.aspx',6,NULL,1,'2023-02-02 08:06:49','2023-02-02 08:06:49',NULL),(38,'Jordan Journal of Natural History (JJNH)','المجلة الأردنية للتاريخ الوطني','https://www.rscn.org.jo/jjnh',3,NULL,1,'2023-03-07 11:17:27','2023-06-12 09:26:22',10),(39,'National Biodiversity Database','قاعدة بيانات التنوع الحيوي','https://www.rscn.org.jo/national-biodiversity-database',3,NULL,1,'2023-03-07 11:22:03','2023-03-07 11:22:03',10),(41,'On Map','على الخريطة','/protectedArea',3,NULL,1,'2023-03-31 17:09:35','2023-03-31 17:09:35',9),(42,'Become a Friend','أصدقاء الجمعية','https://www.rscn.org.jo/membership/friend/create',4,NULL,1,'2023-04-05 09:03:02','2023-04-16 07:54:14',NULL),(43,'Handicraft Workshops','مشاغل الحرف اليدوية','https://www.rscn.org.jo/handicrafts/workshop/list',3,NULL,1,'2023-04-11 05:57:12','2023-04-11 05:57:12',17),(44,'Meet The Women','تعرف على السيدات','https://www.rscn.org.jo/meetWomen/list',3,NULL,1,'2023-04-11 05:59:07','2023-04-11 05:59:07',17),(45,'Eco-tourism','السياحة البيئية','https://www.rscn.org.jo/ecotourism',3,NULL,1,'2023-04-11 06:09:02','2023-04-11 06:09:02',NULL),(46,'Activities','الأنشطة','https://www.rscn.org.jo/activities',3,NULL,1,'2023-04-11 06:10:33','2023-04-11 06:10:33',45),(47,'Special request','طلبات خاصة','https://www.rscn.org.jo/carry-our-line',3,NULL,1,'2023-04-11 06:31:48','2023-12-02 17:11:20',17),(48,'Law Enforcement','الحماية و تنظيم الصيد','https://www.rscn.org.jo/page/LawEnforcement',3,NULL,1,'2023-04-13 09:42:30','2023-04-13 09:42:30',NULL),(49,'Nature Reserves','المحميات الطبيعية','https://www.rscn.org.jo/reserve/list',3,NULL,0,'2023-05-16 06:11:58','2023-05-23 10:32:50',9),(52,'Aqaba Bird Observatory','مرصد طيور العقبة','https://www.rscn.org.jo/page/Aqaba%20Bird%20Observatory',3,NULL,1,'2023-07-11 05:42:07','2023-07-11 05:42:07',NULL),(53,'Law Enforcement','الحماية و تنظيم الصيد','https://lawenforcement.rscn.org.jo/',4,NULL,1,'2023-11-07 07:42:09','2023-11-12 05:00:22',NULL),(54,'E-shop','المتجر الاكتروني','https://www.rscn.org.jo/shop',3,NULL,1,'2023-12-02 17:14:12','2023-12-02 17:14:12',17);

--
-- Table structure for table `subscribes`
--

CREATE TABLE `subscribes` (
  `id` bigint unsigned NOT NULL AUTO_INCREMENT,
  `Subscribe` varchar(191) CHARACTER SET utf8mb4 COLLATE utf8mb4_unicode_ci NOT NULL,
  `created_at` timestamp NULL DEFAULT NULL,
  `updated_at` timestamp NULL DEFAULT NULL,
  PRIMARY KEY (`id`)
) ENGINE=InnoDB AUTO_INCREMENT=59 DEFAULT CHARSET=utf8mb4 COLLATE=utf8mb4_unicode_ci;

--
-- Dumping data for table `subscribes`
--

INSERT INTO `subscribes` VALUES (1,'test@test.com','2022-11-15 11:19:06','2022-11-15 11:19:06'),(2,'mohammad@completechaintech.com','2023-02-05 07:04:24','2023-02-05 07:04:24'),(3,'veronique.limeux@wanadoo.fr','2023-02-18 07:18:36','2023-02-18 07:18:36'),(4,'jordanwide@gmail.com','2023-02-20 13:35:24','2023-02-20 13:35:24'),(5,'moatasem@access2arabia.com','2023-03-08 16:31:20','2023-03-08 16:31:20'),(6,'malek-sami@hotmail.com','2023-03-13 06:59:59','2023-03-13 06:59:59'),(7,'steve.carter100@me.com','2023-03-19 21:42:13','2023-03-19 21:42:13'),(8,'urdun6@yahoo.com','2023-04-08 05:57:55','2023-04-08 05:57:55'),(9,'cntvxq37@gmail.com','2023-04-12 16:44:26','2023-04-12 16:44:26'),(10,'laithalayedd1@gmail.com','2023-04-20 22:36:14','2023-04-20 22:36:14'),(11,'aou_sb3@outlook.comand','2023-04-24 12:08:26','2023-04-24 12:08:26'),(12,'mohsafadi.ms.ms@gmail.com','2023-05-01 16:08:43','2023-05-01 16:08:43'),(13,'mustafa861987@gmail.com','2023-05-12 07:21:14','2023-05-12 07:21:14'),(14,'thaer.h.jarrar@gmail.com','2023-05-25 10:08:49','2023-05-25 10:08:49'),(15,'aand1985@gmail.com','2023-05-31 12:09:24','2023-05-31 12:09:24'),(16,'munir.herzallah@mail.com','2023-06-08 04:43:19','2023-06-08 04:43:19'),(17,'e_shammaa@yahoo.com','2023-06-09 11:34:12','2023-06-09 11:34:12'),(18,'adlikhoury@aol.com','2023-06-12 08:58:42','2023-06-12 08:58:42'),(19,'greenale@iinet.net.au','2023-06-15 03:51:56','2023-06-15 03:51:56'),(20,'greenale@iinet.net.au','2023-06-15 03:51:56','2023-06-15 03:51:56'),(21,'test@gmail.com','2023-06-22 04:44:32','2023-06-22 04:44:32'),(22,'test@yahho.com','2023-06-22 04:44:48','2023-06-22 04:44:48'),(23,'test1@gmail.com','2023-06-22 04:45:23','2023-06-22 04:45:23'),(24,'test@admin.com','2023-06-22 04:46:00','2023-06-22 04:46:00'),(25,'hfjygfh@jj.com','2023-06-22 04:49:19','2023-06-22 04:49:19'),(26,'hfjygfh@jju.com','2023-06-22 04:49:39','2023-06-22 04:49:39'),(27,'omnieh@completechaintech.com','2023-06-22 08:06:12','2023-06-22 08:06:12'),(28,'syc1225@gmail.com','2023-07-02 13:40:53','2023-07-02 13:40:53'),(29,'istanbuly@alepuniv.edu.sy','2023-07-06 12:59:07','2023-07-06 12:59:07'),(30,'jack@snowytree.com','2023-07-22 07:31:28','2023-07-22 07:31:28'),(31,'fadkirrish@hotmail.com','2023-07-23 03:28:30','2023-07-23 03:28:30'),(32,'info@gifts-bazar.com','2023-07-29 14:05:11','2023-07-29 14:05:11'),(33,'ahmadbasem009@yahoo.com','2023-07-30 05:38:20','2023-07-30 05:38:20'),(34,'godazont@gmail.com','2023-08-04 21:37:50','2023-08-04 21:37:50'),(35,'rhunziker@unistra.fr','2023-08-06 14:27:04','2023-08-06 14:27:04'),(36,'koffeeklatch@hotmail.com','2023-08-08 11:01:13','2023-08-08 11:01:13'),(37,'leadingedizioni@gmail.com','2023-08-12 13:03:46','2023-08-12 13:03:46'),(38,'mohammadsalamah004@gmail.com','2023-08-25 01:44:56','2023-08-25 01:44:56'),(39,'omarizainab@yahoo.com','2023-08-25 06:39:37','2023-08-25 06:39:37'),(40,'sufarouqi48@gmail.com','2023-08-26 05:36:36','2023-08-26 05:36:36'),(41,'adhamiraed1@gmail.com','2023-08-27 09:35:34','2023-08-27 09:35:34'),(42,'bonnieagurr@gmail.com','2023-09-05 05:47:23','2023-09-05 05:47:23'),(43,'yousefxc@hotmail.com','2023-09-07 18:18:04','2023-09-07 18:18:04'),(44,'pkhfffhgfghhdd@gmail.com','2023-09-16 11:38:04','2023-09-16 11:38:04'),(45,'shishooooo22@gmail.com','2023-09-20 14:24:38','2023-09-20 14:24:38'),(46,'Ronza.qussous@rscn.org.jo','2023-09-28 17:10:31','2023-09-28 17:10:31'),(47,'nooralhawary@yahoo.com','2023-10-05 20:57:39','2023-10-05 20:57:39'),(48,'steevanur@yahoo.com','2023-10-08 13:32:46','2023-10-08 13:32:46'),(49,'giveme5michael@gmail.com','2023-10-21 00:52:24','2023-10-21 00:52:24'),(50,'elchavomich@hotmail.com','2023-10-21 00:52:54','2023-10-21 00:52:54'),(51,'alsayegholfat5@gmail.com','2023-10-21 03:55:09','2023-10-21 03:55:09'),(52,'melissa.moody1971@gmail.com','2023-10-23 21:56:07','2023-10-23 21:56:07'),(53,'st.2009@hotmail.com','2023-11-04 04:53:56','2023-11-04 04:53:56'),(54,'alessandrafedelviaggi@gmail.com','2023-11-23 13:34:32','2023-11-23 13:34:32'),(55,'sarah_yousef01@icloud.com','2023-11-24 10:00:07','2023-11-24 10:00:07'),(56,'patgrevellec@wanadoo.fr','2023-11-27 15:48:02','2023-11-27 15:48:02'),(57,'ibrahimafaneh@outlok.com','2023-11-30 06:09:00','2023-11-30 06:09:00'),(58,'f.alfdaghi2@gmail.com','2023-12-14 01:15:15','2023-12-14 01:15:15');

--
-- Table structure for table `tags`
--

CREATE TABLE `tags` (
  `id` bigint unsigned NOT NULL AUTO_INCREMENT,
  `blog_id` bigint unsigned DEFAULT NULL,
  `Tag` varchar(191) CHARACTER SET utf8mb4 COLLATE utf8mb4_unicode_ci NOT NULL,
  `created_at` timestamp NULL DEFAULT NULL,
  `updated_at` timestamp NULL DEFAULT NULL,
  PRIMARY KEY (`id`),
  KEY `tags_blog_id_index` (`blog_id`),
  CONSTRAINT `tags_blog_id_foreign` FOREIGN KEY (`blog_id`) REFERENCES `blogs` (`id`) ON DELETE CASCADE
) ENGINE=InnoDB AUTO_INCREMENT=8 DEFAULT CHARSET=utf8mb4 COLLATE=utf8mb4_unicode_ci;

--
-- Dumping data for table `tags`
--

INSERT INTO `tags` VALUES (1,1,'[\"Interview\"]','2022-11-15 07:03:09','2022-12-04 12:18:21'),(2,2,'[\"New Collection\"]','2022-11-15 07:03:09','2022-12-04 12:21:28'),(3,3,'[\"Product\",\"Hot Collection\"]','2022-11-15 07:03:09','2022-12-04 11:58:19');

--
-- Table structure for table `taxes`
--

CREATE TABLE `taxes` (
  `id` bigint unsigned NOT NULL AUTO_INCREMENT,
  `country` varchar(191) CHARACTER SET utf8mb4 COLLATE utf8mb4_unicode_ci NOT NULL,
  `percentage` double(8,2) NOT NULL,
  `status` tinyint NOT NULL DEFAULT '1',
  `created_at` timestamp NULL DEFAULT NULL,
  `updated_at` timestamp NULL DEFAULT NULL,
  PRIMARY KEY (`id`)
) ENGINE=InnoDB DEFAULT CHARSET=utf8mb4 COLLATE=utf8mb4_unicode_ci;

--
-- Dumping data for table `taxes`
--


--
-- Table structure for table `tender_purchases`
--

CREATE TABLE `tender_purchases` (
  `id` bigint unsigned NOT NULL AUTO_INCREMENT,
  `tender_id` bigint unsigned NOT NULL,
  `user_id` bigint unsigned NOT NULL,
  `file` varchar(191) CHARACTER SET utf8mb4 COLLATE utf8mb4_unicode_ci DEFAULT NULL,
  `created_at` timestamp NULL DEFAULT NULL,
  `updated_at` timestamp NULL DEFAULT NULL,
  `payment_type` tinyint DEFAULT NULL,
  `ammount` text CHARACTER SET utf8mb4 COLLATE utf8mb4_unicode_ci,
  `payment_status` tinyint DEFAULT NULL,
  PRIMARY KEY (`id`),
  KEY `tender_purchases_tender_id_foreign` (`tender_id`),
  KEY `tender_purchases_user_id_foreign` (`user_id`)
) ENGINE=InnoDB AUTO_INCREMENT=128 DEFAULT CHARSET=utf8mb4 COLLATE=utf8mb4_unicode_ci;

--
-- Dumping data for table `tender_purchases`
--

INSERT INTO `tender_purchases` VALUES (16,10,1,'647eddba9afa71686035898.webp','2023-06-06 05:18:18','2023-06-06 07:53:09',NULL,'1.00',0),(17,10,1,'647ede7d181081686036093.webp','2023-06-06 05:21:33','2023-06-06 05:21:33',NULL,NULL,NULL),(19,10,1,'647ee1c6c4adb1686036934.webp','2023-06-06 05:35:34','2023-06-06 05:35:34',NULL,NULL,NULL),(20,10,1,'647ee796a06f81686038422.webp','2023-06-06 06:00:22','2023-06-06 06:00:22',NULL,NULL,NULL),(21,10,1,'647ee7ed80a901686038509.webp','2023-06-06 06:01:49','2023-06-06 06:01:49',NULL,NULL,NULL),(23,10,1,'647ef4ad2172c1686041773.webp','2023-06-06 06:56:13','2023-06-06 06:56:13',NULL,NULL,NULL),(24,10,1,'647ef52d4d78d1686041901.webp','2023-06-06 06:58:21','2023-06-06 06:58:21',NULL,NULL,NULL),(25,10,1,'647f0153b97701686045011.webp','2023-06-06 07:50:11','2023-06-06 07:50:11',NULL,NULL,NULL),(26,10,1,'647f01ef4530a1686045167.webp','2023-06-06 07:52:47','2023-06-06 07:52:47',NULL,NULL,NULL),(27,10,1,'647f049add4701686045850.webp','2023-06-06 08:04:10','2023-06-06 08:04:10',NULL,NULL,NULL),(28,10,1,'647f0526b60ec1686045990.webp','2023-06-06 08:06:30','2023-06-06 08:06:30',NULL,NULL,NULL),(31,10,1,'647f0bdd7009f1686047709.webp','2023-06-06 08:35:09','2023-06-06 08:35:09',NULL,NULL,NULL),(35,10,1,'647f165a70dc91686050394.webp','2023-06-06 09:19:54','2023-06-06 09:19:54',NULL,NULL,NULL),(68,10,6545,'6481a181f226c1686217089.webp','2023-06-08 07:38:09','2023-06-08 07:59:41',NULL,'1.00',1),(69,10,6545,'6481a4d8651861686217944.webp','2023-06-08 07:52:24','2023-06-08 07:59:41',NULL,'1.00',1),(70,10,6545,'6481a5962c78d1686218134.webp','2023-06-08 07:55:34','2023-06-08 07:59:41',NULL,'1.00',1),(84,12,133,'64859224b4dc21686475300.pdf','2023-06-11 07:21:40','2023-06-11 07:21:40',NULL,NULL,NULL),(85,12,6548,'6485d9cabc2251686493642.PDF','2023-06-11 12:27:22','2023-06-13 09:14:09',NULL,'25.00',1),(86,16,133,'6485e32d2a7bf1686496045.pdf','2023-06-11 13:07:25','2023-06-11 13:09:07',NULL,'1.00',1),(87,16,6542,'6486bd234ea791686551843.webp','2023-06-12 04:37:23','2023-06-13 07:27:43',NULL,'1.00',1),(88,16,6542,'6486bd5bad2961686551899.webp','2023-06-12 04:38:19','2023-06-13 07:27:43',NULL,'1.00',1),(89,16,6542,'6486bdc77ff481686552007.webp','2023-06-12 04:40:07','2023-06-13 07:27:43',NULL,'1.00',1),(90,12,6549,'6486e722a37e71686562594.pdf','2023-06-12 07:36:34','2023-06-12 07:36:34',NULL,NULL,NULL),(91,16,6542,'648836662df271686648422.webp','2023-06-13 07:27:02','2023-06-13 07:27:43',NULL,'1.00',1),(92,12,6549,'64884146b6a301686651206.pdf','2023-06-13 08:13:26','2023-06-13 08:13:26',NULL,NULL,NULL),(93,12,6548,'64884edd2cf8b1686654685.pdf','2023-06-13 09:11:25','2023-06-13 09:14:09',NULL,'25.00',1),(94,12,6548,'64884f3c65dd01686654780.pdf','2023-06-13 09:13:00','2023-06-13 09:14:09',NULL,'25.00',1),(95,16,1,'64885907e9bee1686657287.webp','2023-06-13 09:54:47','2023-06-13 10:09:59',NULL,'1.00',1),(96,16,1,'6488594a20cd11686657354.webp','2023-06-13 09:55:54','2023-06-13 10:09:59',NULL,'1.00',1),(97,16,1,'64885a9ce0d721686657692.webp','2023-06-13 10:01:32','2023-06-13 10:09:59',NULL,'1.00',1),(98,16,1,'64885b2f12dfc1686657839.webp','2023-06-13 10:03:59','2023-06-13 10:09:59',NULL,'1.00',1),(99,16,1,'64885b9d9700e1686657949.webp','2023-06-13 10:05:49','2023-06-13 10:09:59',NULL,'1.00',1),(100,16,1,'64885bfa739491686658042.webp','2023-06-13 10:07:22','2023-06-13 10:09:59',NULL,'1.00',1),(101,16,1,'64885c413c5151686658113.webp','2023-06-13 10:08:33','2023-06-13 10:09:59',NULL,'1.00',1),(102,16,1,'64885c49e223e1686658121.webp','2023-06-13 10:08:41','2023-06-13 10:09:59',NULL,'1.00',1),(103,16,6542,'6489631b19aba1686725403.webp','2023-06-14 04:50:03','2023-06-14 04:50:03',NULL,NULL,NULL),(104,16,6542,'648963943386a1686725524.webp','2023-06-14 04:52:04','2023-06-14 04:52:04',NULL,NULL,NULL),(105,16,6548,'6489b332ee9361686745906.pdf','2023-06-14 10:31:46','2023-06-14 10:31:46',NULL,NULL,NULL),(106,18,9794,'6497e1d6cb4641687675350.pdf','2023-06-25 04:42:30','2023-06-25 05:08:22',NULL,'25.00',1),(107,18,9794,'6497e75dc50881687676765.pdf','2023-06-25 05:06:05','2023-06-25 05:08:22',NULL,'25.00',1),(108,23,9901,'64f98b02b78101694075650.webp','2023-09-07 06:34:10','2023-09-07 06:35:31',NULL,'50.00',1),(109,26,9970,'65360f8f0f2711698041743.pdf','2023-10-23 04:15:43','2023-10-23 04:47:15',NULL,'50.00',1),(110,26,9971,'6538d19956f1f1698222489.pdf','2023-10-25 06:28:09','2023-10-25 06:33:44',NULL,'50.00',1),(111,26,9972,'6538d54e89fc11698223438.pdf','2023-10-25 06:43:58','2023-10-25 07:18:31',NULL,'50.00',1),(112,26,9972,'6538dce5bf4a11698225381.pdf','2023-10-25 07:16:21','2023-10-25 07:18:31',NULL,'50.00',1),(113,26,9974,'653a32b21fb2d1698312882.JPG','2023-10-26 07:34:42','2023-10-26 07:48:30',NULL,'50.00',1),(114,26,9974,'653a353440d9c1698313524.JPG','2023-10-26 07:45:24','2023-10-26 07:48:30',NULL,'50.00',1),(115,26,9974,'653a353c860551698313532.JPG','2023-10-26 07:45:32','2023-10-26 07:48:30',NULL,'50.00',1),(116,26,9974,'653a358015df31698313600.JPG','2023-10-26 07:46:40','2023-10-26 07:48:30',NULL,'50.00',1),(117,28,10006,'65702b4c2175f1701849932.pdf','2023-12-06 07:05:32','2023-12-06 07:10:40',NULL,'150.00',1),(118,28,10007,'657201623ecf51701970274.pdf','2023-12-07 16:31:14','2023-12-07 16:31:14',NULL,NULL,NULL),(119,30,10011,'65795657bb71a1702450775.pdf','2023-12-13 05:59:35','2023-12-13 06:02:27',NULL,'25.00',1),(120,30,10012,'657ac99c57e551702545820.pdf','2023-12-14 08:23:40','2023-12-14 08:26:12',NULL,'25.00',1),(121,30,10012,'657ac9c2e7a551702545858.pdf','2023-12-14 08:24:18','2023-12-14 08:26:12',NULL,'25.00',1),(122,30,10015,'6581745e9e1f81702982750.pdf','2023-12-19 09:45:50','2023-12-19 09:45:50',NULL,NULL,NULL),(123,30,10015,'6581764e916951702983246.pdf','2023-12-19 09:54:06','2023-12-19 09:54:06',NULL,NULL,NULL),(124,30,10015,'65817785065f41702983557.pdf','2023-12-19 09:59:17','2023-12-19 09:59:17',NULL,NULL,NULL),(125,32,10007,'65969d75893ac1704369525.pdf','2024-01-04 10:58:45','2024-01-04 11:06:21',NULL,'150.00',1),(126,32,10007,'65969e425e1d71704369730.pdf','2024-01-04 11:02:10','2024-01-04 11:06:21',NULL,'150.00',1),(127,32,10007,'65969ef51b3001704369909.pdf','2024-01-04 11:05:09','2024-01-04 11:06:21',NULL,'150.00',1);

--
-- Table structure for table `tenders`
--

CREATE TABLE `tenders` (
  `id` bigint unsigned NOT NULL AUTO_INCREMENT,
  `number` varchar(191) CHARACTER SET utf8mb4 COLLATE utf8mb4_unicode_ci NOT NULL,
  `description` varchar(191) CHARACTER SET utf8mb4 COLLATE utf8mb4_unicode_ci NOT NULL,
  `winner` varchar(191) CHARACTER SET utf8mb4 COLLATE utf8mb4_unicode_ci DEFAULT NULL,
  `guarantee` varchar(191) CHARACTER SET utf8mb4 COLLATE utf8mb4_unicode_ci NOT NULL,
  `copy_price` double(8,2) NOT NULL,
  `type` varchar(191) CHARACTER SET utf8mb4 COLLATE utf8mb4_unicode_ci NOT NULL,
  `document_fees` double(8,2) NOT NULL,
  `bid_bond` varchar(191) CHARACTER SET utf8mb4 COLLATE utf8mb4_unicode_ci NOT NULL,
  `document_purchasing_last_date` date NOT NULL,
  `proposal_submission_last_date` date NOT NULL,
  `proposal_opening_date` date NOT NULL,
  `sending_inquires_last_date` date NOT NULL,
  `qualification` varchar(191) CHARACTER SET utf8mb4 COLLATE utf8mb4_unicode_ci NOT NULL,
  `pdf` varchar(191) CHARACTER SET utf8mb4 COLLATE utf8mb4_unicode_ci DEFAULT NULL,
  `newspaper` varchar(191) CHARACTER SET utf8mb4 COLLATE utf8mb4_unicode_ci DEFAULT NULL,
  `created_at` timestamp NULL DEFAULT NULL,
  `updated_at` timestamp NULL DEFAULT NULL,
  `qualification_ar` varchar(191) CHARACTER SET utf8mb4 COLLATE utf8mb4_unicode_ci NOT NULL,
  `description_ar` varchar(191) CHARACTER SET utf8mb4 COLLATE utf8mb4_unicode_ci NOT NULL,
  PRIMARY KEY (`id`)
) ENGINE=InnoDB AUTO_INCREMENT=33 DEFAULT CHARSET=utf8mb4 COLLATE=utf8mb4_unicode_ci;

--
-- Dumping data for table `tenders`
--

INSERT INTO `tenders` VALUES (9,'ج م / 07 م/2023','اعلان مزايدة بيت العسل',NULL,'500',25.00,'Supply',1.00,'10','2023-06-07','2023-06-15','2023-06-15','2023-06-13','شركات + افراد','647ec8238d4d91686030371.pdf','647c54f4c09761685869812.webp','2023-06-04 07:10:12','2023-12-12 12:59:58','شركات + افراد','اعلان مزايدة بيت العسل'),(10,'ج م / 014 / 2023','عطاء تنفيذ القاعة الدلالية في الازرق',NULL,'300',25.00,'Supply',1.00,'3','2023-06-08','2023-06-12','2023-06-12','2023-06-10','رخصة مهن سارية المفعول','647d8161224a21685946721.pdf','647d703b0c1b91685942331.webp','2023-06-05 03:18:51','2023-12-12 12:49:51','رخصة مهن سارية المفعول','عطاء تنفيذ القاعة الدلالية في الازرق'),(12,'ج م / 016 / 2023','عطاء تطوير منصة الكترونية لمتابعة الاعمال التجارية',NULL,'300',25.00,'Supply',1.00,'3','2023-06-14','2023-06-22','2023-06-15','2023-06-18','اصحاب الاختصاص ورخصة مهن سارية المفعول','648559b816f1e1686460856.pdf','648573b38fdec1686467507.pdf','2023-06-11 03:20:56','2023-12-12 12:50:14','اصحاب الاختصاص ورخصة مهن سارية المفعول','عطاء تطوير منصة الكترونية لمتابعة الاعمال التجارية'),(13,'ج م / 09 م / 2023','ادارة بيت العسل في الاكاديمية الملكية',NULL,'500',25.00,'Supply',1.00,'3','2023-06-14','2023-06-20','2023-06-15','2023-06-18','مؤسسات / شركات / افراد','64855c672ce161686461543.pdf','64855c672d2fd1686461543.pdf','2023-06-11 03:32:23','2023-12-12 12:51:53','مؤسسات / شركات / افراد','ادارة بيت العسل في الاكاديمية الملكية'),(14,'ج م / 10 م / 2023','تزويد خدمات صيانة السيارات و الاطارات',NULL,'500',25.00,'Supply',1.00,'3','2023-06-13','2023-06-19','2023-06-14','2023-06-15','اصحاب الاختصاص - رخصة مهن','64855da9a3d3f1686461865.pdf','64855da9aa4b51686461865.pdf','2023-06-11 03:37:45','2023-12-12 12:58:32','اصحاب الاختصاص - رخصة مهن','تزويد خدمات صيانة السيارات و الاطارات'),(15,'ج م / 015 / 2023','تفصيل وتوريد ونركيب اثاث دكان مركز مغامرات الموجب',NULL,'3',25.00,'Supply',1.00,'10','2023-06-13','2023-06-19','2023-06-14','2023-06-18','رخصة مهن سارية المفعول','64856a00d49a21686465024.pdf','64856a00db5241686465024.pdf','2023-06-11 04:30:24','2023-12-12 12:50:04','رخصة مهن سارية المفعول','تفصيل وتوريد ونركيب اثاث دكان مركز مغامرات الموجب'),(16,'281','Test',NULL,'10',1.00,'Supply',1.00,'10','2023-10-24','2023-10-25','2001-11-25','2010-11-20','Distinctio Tenetur','6485e2f7bcab31686495991.pdf','6485e2f7bce791686495991.pdf','2023-06-11 13:06:31','2023-12-12 12:58:11','Sed atque in anim na','Test'),(17,'ج م / 11 م / 2023','خدمات اطارات السيارات',NULL,'500',25.00,'Supply',1.00,'3','2023-06-21','2023-06-28','2023-06-22','2023-06-26','رخصة مهن سارية المفعول','648ea1b3947241687069107.pdf','648ea1b3971851687069107.pdf','2023-06-18 04:18:27','2023-12-12 12:51:37','رخصة مهن سارية المفعول','خدمات اطارات السيارات'),(18,'ج م / 017 / 2023','برنامج تدريبي في تصنيع الصابون',NULL,'3',25.00,'Supply',1.00,'10','2023-06-26','2023-07-05','2023-07-06','2023-06-29','اصحاب الاختصاص ورخصة مهن سارية المفعول','6492e3c36e9d41687348163.pdf','6492e3c36eeec1687348163.pdf','2023-06-21 09:49:23','2023-12-12 12:57:18','اصحاب الاختصاص ورخصة مهن سارية المفعول','برنامج تدريبي في تصنيع الصابون'),(19,'ج م / 12م / 2023','تضمين بيت العسل في الاكاديمية',NULL,'500',25.00,'Supply',1.00,'3','2023-07-09','2023-07-13','2023-07-16','2023-07-11','مؤسسات / شركات / افراد','64a3b24d56b561688449613.pdf','64a3b24d572881688449613.webp','2023-07-04 03:46:53','2023-12-12 12:56:40','مؤسسات / شركات / افراد','تضمين بيت العسل في الاكاديمية'),(20,'ج م /018 /2023','تنفيذ برنامج تدريبي متخصص في تصنيع الصابون',NULL,'3',25.00,'Supply',1.00,'10','2023-07-09','2023-07-13','2023-07-16','2023-07-11','اصحاب الاختصاص - رخصة مهن','64a3d9d6171f01688459734.pdf','64a3d9d6176e91688459734.webp','2023-07-04 06:35:34','2023-12-12 12:50:26','اصحاب الاختصاص - رخصة مهن','تنفيذ برنامج تدريبي متخصص في تصنيع الصابون'),(21,'ج م / 13م / 2023','مناقصة توريد قرطاسية واحبار',NULL,'500',25.00,'Supply',1.00,'10','2023-07-23','2023-07-30','2023-07-31','2023-07-27','اصحاب الاختصاص ورخصة مهن سارية المفعول','64b4dd2cbc27d1689574700.pdf','64b4dd2cbc9f01689574700.pdf','2023-07-17 04:18:20','2023-12-12 12:51:15','اصحاب الاختصاص ورخصة مهن سارية المفعول','مناقصة توريد قرطاسية واحبار'),(22,'ج م /019 /2023','توريد وتركيب نظام لقياس تدفق ونوعية المياه في وادي الموجب',NULL,'3',50.00,'Supply',1.00,'10','2023-08-13','2023-08-20','2023-08-21','2023-08-15','اصحاب الاختصاص ورخصة مهن سارية المفعول','64d1f7747a1dd1691481972.pdf','64d1f774890671691481972.webp','2023-08-08 06:06:12','2023-12-12 12:50:41','اصحاب الاختصاص ورخصة مهن سارية المفعول','توريد وتركيب نظام لقياس تدفق ونوعية المياه في وادي الموجب'),(23,'ج م/ 021 /2023','عطاء توريد مسيجات - سياج حديد',NULL,'3',50.00,'Supply',1.00,'10','2023-09-07','2023-09-14','2023-09-10','2023-09-12','رخصة مهن سارية المفعول','64f43b74bb1921693727604.pdf','64f43b74bbcbb1693727604.pdf','2023-09-03 05:53:24','2023-12-12 12:55:07','رخصة مهن سارية المفعول','عطاء توريد مسيجات - سياج حديد'),(24,'ج م / 2023/023','تشطيب مكاتب ادارة مشروع الشرنقة',NULL,'3',100.00,'Supply',1.00,'10','2023-10-12','2023-10-19','2023-10-21','2023-10-15','شركات الانشاءات درجة خامسة فما فوق','65225d85bc7061696750981.pdf','652270a9e80391696755881.pdf','2023-10-08 05:43:01','2023-12-12 12:55:45','شركات الانشاءات درجة خامسة فما فوق','تشطيب مكاتب ادارة مشروع الشرنقة'),(25,'ج م / 2023/22','عطاء شراء سيارة',NULL,'1000',50.00,'Supply',1.00,'10','2023-10-12','2023-10-18','2023-10-19','2023-10-15','اصحاب الاختصاص ورخصة مهن سارية المفعول','65226384962601696752516.pdf','65227a64a4e991696758372.pdf','2023-10-08 06:08:36','2023-12-12 12:54:41','اصحاب الاختصاص ورخصة مهن سارية المفعول','عطاء شراء سيارة'),(26,'ج م / 024/ 2023','توريد وتركيب وتشغيل نظام على الطاقة الشمسية',NULL,'3',50.00,'Supply',1.00,'10','2023-10-26','2023-11-02','2023-11-02','2023-10-30','اصحاب الاختصاص - رخصة مهن','6534e07b524ce1697964155.pdf','6534e07b5543c1697964155.pdf','2023-10-22 06:42:35','2023-12-12 12:50:34','اصحاب الاختصاص - رخصة مهن','توريد وتركيب وتشغيل نظام على الطاقة الشمسية'),(27,'ج م /016م/2023','تضمين مطعم بيت الضيافة لمحمية ضانا للمحيط الحيوي',NULL,'3000',100.00,'Supply',1.00,'10','2023-11-16','2023-11-23','2023-11-19','2023-11-21','اصحاب الاختصاص ورخصة مهن سارية المفعول','655077f0884081699772400.pdf','655077f08fc481699772400.pdf','2023-11-12 06:00:00','2023-12-12 12:54:01','اصحاب الاختصاص ورخصة مهن سارية المفعول','تضمين مطعم بيت الضيافة لمحمية ضانا للمحيط الحيوي'),(28,'ج م / 025 /2023','توريد وتصنيع وتركيب وتشغيل خط انتاج حافظة للماء قابلة للتحلل لمشروع الشرنقة',NULL,'3',150.00,'Supply',1.00,'10','2023-12-07','2023-12-19','2023-12-20','2023-12-14','اصحاب الاختصاص ورخصة مهن سارية المفعول','656c1b83136a81701583747.pdf','656c1b83297051701583747.pdf','2023-12-03 05:09:07','2023-12-12 12:51:05','اصحاب الاختصاص ورخصة مهن سارية المفعول','توريد وتصنيع وتركيب وتشغيل خط انتاج حافظة للماء قابلة للتحلل لمشروع الشرنقة'),(29,'ج م / 026 /2023','تشطيب شاليهات في محمية اليرموك الطبيعية',NULL,'3',150.00,'Supply',1.00,'10','2023-12-07','2023-12-17','2023-12-18','2023-12-11','اصحاب الاختصاص ورخصة مهن سارية المفعول','656d77e166dc11701672929.pdf','656d77e1686c51701672929.pdf','2023-12-04 05:55:29','2023-12-12 12:52:41','اصحاب الاختصاص ورخصة مهن سارية المفعول','تشطيب شاليهات في محمية اليرموك الطبيعية'),(30,'ج م / 027/ 2023','خدمات اعداد وتطوير الانظمة المالية والادارية',NULL,'3',25.00,'Supply',1.00,'10','2023-12-19','2023-12-28','2023-12-30','2023-12-26','اصحاب الاختصاص ورخصة مهن سارية المفعول','65785a210519d1702386209.pdf','65785a210672e1702386209.pdf','2023-12-12 12:03:29','2023-12-12 12:03:29','اصحاب الاختصاص ورخصة مهن سارية المفعول','خدمات اعداد وتطوير الانظمة المالية والادارية'),(31,'ج م / 028 /2023','برنامج تدريبي متخصص بتربية النحل وانتاج العسل',NULL,'3',25.00,'Supply',1.00,'10','2023-12-14','2023-12-19','2023-12-20','2023-12-18','اصحاب الاختصاص ورخصة مهن سارية المفعول','65785b399344d1702386489.pdf','65785b3993ab41702386489.pdf','2023-12-12 12:08:09','2023-12-12 12:08:09','اصحاب الاختصاص ورخصة مهن سارية المفعول','برنامج تدريبي متخصص بتربية النحل وانتاج العسل'),(32,'ج م / 029 /2023','توريد وتركيب وتشغيل خط انتاج حافظة للماء قابلة للتحلل لمشروع الشرنقة',NULL,'3',150.00,'Supply',1.00,'10','2024-01-04','2024-01-16','2024-01-17','2024-01-11','اصحاب الاختصاص ورخصة مهن سارية المفعول','658bc853aef3a1703659603.pdf','658bc853b0a211703659603.pdf','2023-12-27 05:46:43','2023-12-27 05:46:43','اصحاب الاختصاص ورخصة مهن سارية المفعول','توريد وتركيب وتشغيل خط انتاج حافظة للماء قابلة للتحلل لمشروع الشرنقة');

--
-- Table structure for table `testimonials`
--

CREATE TABLE `testimonials` (
  `id` bigint unsigned NOT NULL AUTO_INCREMENT,
  `Image` varchar(191) CHARACTER SET utf8mb4 COLLATE utf8mb4_unicode_ci NOT NULL,
  `Name` varchar(191) CHARACTER SET utf8mb4 COLLATE utf8mb4_unicode_ci NOT NULL,
  `en_Description` text CHARACTER SET utf8mb4 COLLATE utf8mb4_unicode_ci NOT NULL,
  `fr_Description` text CHARACTER SET utf8mb4 COLLATE utf8mb4_unicode_ci NOT NULL,
  `star` tinyint NOT NULL,
  `created_at` timestamp NULL DEFAULT NULL,
  `updated_at` timestamp NULL DEFAULT NULL,
  PRIMARY KEY (`id`)
) ENGINE=InnoDB AUTO_INCREMENT=9 DEFAULT CHARSET=utf8mb4 COLLATE=utf8mb4_unicode_ci;

--
-- Dumping data for table `testimonials`
--

INSERT INTO `testimonials` VALUES (1,'testimonal-image-1.png','Andrew Jaimond','Nulla porttitor accumsan tincidunt. Mauris blandit aliquet elit, eget tincidunt nibh pulvinar a. Sed porttitor lectus nibh. Proin eget tortor risus. Proin eget tortor risus. Curabitur arcu','لا توجد طبقة مبتكرة لإيقافها. موريس بلانديت أليكت إيليت ، إيجيت تينكيدونت نيبه بولفينار أ. لكن العبارة اختارت الكرة. ولذا فهو بحاجة إلى ابتسامة بديلة. ولذا فهو بحاجة إلى ابتسامة بديلة.',5,'2022-11-15 07:03:13','2022-11-15 07:03:13'),(2,'testimonial-v2-image-3.png','Jhon Cena','Nulla porttitor accumsan tincidunt. Mauris blandit aliquet elit, eget tincidunt nibh pulvinar a. Sed porttitor lectus nibh. Proin eget tortor risus. Proin eget tortor risus. Curabitur arcu','لا توجد طبقة مبتكرة لإيقافها. موريس بلانديت أليكت إيليت ، إيجيت تينكيدونت نيبه بولفينار أ. لكن العبارة اختارت الكرة. ولذا فهو بحاجة إلى ابتسامة بديلة. ولذا فهو بحاجة إلى ابتسامة بديلة.',5,'2022-11-15 07:03:13','2022-11-15 07:03:13'),(3,'testimonal-image-1.png','Mike Clark','Nulla porttitor accumsan tincidunt. Mauris blandit aliquet elit, eget tincidunt nibh pulvinar a. Sed porttitor lectus nibh. Proin eget tortor risus. Proin eget tortor risus. Curabitur arcu','لا توجد طبقة مبتكرة لإيقافها. موريس بلانديت أليكت إيليت ، إيجيت تينكيدونت نيبه بولفينار أ. لكن العبارة اختارت الكرة. ولذا فهو بحاجة إلى ابتسامة بديلة. ولذا فهو بحاجة إلى ابتسامة بديلة.',5,'2022-11-15 07:03:13','2022-11-15 07:03:13'),(4,'testimonal-image-2.png','Rey mysterio','Nulla porttitor accumsan tincidunt. Mauris blandit aliquet elit, eget tincidunt nibh pulvinar a. Sed porttitor lectus nibh. Proin eget tortor risus. Proin eget tortor risus. Curabitur arcu','لا توجد طبقة مبتكرة لإيقافها. موريس بلانديت أليكت إيليت ، إيجيت تينكيدونت نيبه بولفينار أ. لكن العبارة اختارت الكرة. ولذا فهو بحاجة إلى ابتسامة بديلة. ولذا فهو بحاجة إلى ابتسامة بديلة.',5,'2022-11-15 07:03:13','2022-11-15 07:03:13'),(5,'testimonal-image-3.png','Big Show','Nulla porttitor accumsan tincidunt. Mauris blandit aliquet elit, eget tincidunt nibh pulvinar a. Sed porttitor lectus nibh. Proin eget tortor risus. Proin eget tortor risus. Curabitur arcu','لا توجد طبقة مبتكرة لإيقافها. موريس بلانديت أليكت إيليت ، إيجيت تينكيدونت نيبه بولفينار أ. لكن العبارة اختارت الكرة. ولذا فهو بحاجة إلى ابتسامة بديلة. ولذا فهو بحاجة إلى ابتسامة بديلة.',5,'2022-11-15 07:03:13','2022-11-15 07:03:13'),(6,'testimonial-v2-image-1.png','Michael Beven','Nulla porttitor accumsan tincidunt. Mauris blandit aliquet elit, eget tincidunt nibh pulvinar a. Sed porttitor lectus nibh. Proin eget tortor risus. Proin eget tortor risus. Curabitur arcu','لا توجد طبقة مبتكرة لإيقافها. موريس بلانديت أليكت إيليت ، إيجيت تينكيدونت نيبه بولفينار أ. لكن العبارة اختارت الكرة. ولذا فهو بحاجة إلى ابتسامة بديلة. ولذا فهو بحاجة إلى ابتسامة بديلة.',5,'2022-11-15 07:03:13','2022-11-15 07:03:13'),(7,'testimonial-v2-image-2.png','Randy orton','Nulla porttitor accumsan tincidunt. Mauris blandit aliquet elit, eget tincidunt nibh pulvinar a. Sed porttitor lectus nibh. Proin eget tortor risus. Proin eget tortor risus. Curabitur arcu','لا توجد طبقة مبتكرة لإيقافها. موريس بلانديت أليكت إيليت ، إيجيت تينكيدونت نيبه بولفينار أ. لكن العبارة اختارت الكرة. ولذا فهو بحاجة إلى ابتسامة بديلة. ولذا فهو بحاجة إلى ابتسامة بديلة.',5,'2022-11-15 07:03:13','2022-11-15 07:03:13'),(8,'testimonial-v2-image-3.png','Sheymas','Nulla porttitor accumsan tincidunt. Mauris blandit aliquet elit, eget tincidunt nibh pulvinar a. Sed porttitor lectus nibh. Proin eget tortor risus. Proin eget tortor risus. Curabitur arcu','لا توجد طبقة مبتكرة لإيقافها. موريس بلانديت أليكت إيليت ، إيجيت تينكيدونت نيبه بولفينار أ. لكن العبارة اختارت الكرة. ولذا فهو بحاجة إلى ابتسامة بديلة. ولذا فهو بحاجة إلى ابتسامة بديلة.',5,'2022-11-15 07:03:13','2022-11-15 07:03:13');

--
-- Table structure for table `type_of_activites`
--

CREATE TABLE `type_of_activites` (
  `id` bigint unsigned NOT NULL AUTO_INCREMENT,
  `type_id` bigint unsigned NOT NULL,
  `reservation_id` bigint unsigned NOT NULL,
  `created_at` timestamp NULL DEFAULT NULL,
  `updated_at` timestamp NULL DEFAULT NULL,
  PRIMARY KEY (`id`),
  KEY `type_of_activites_type_id_foreign` (`type_id`),
  KEY `type_of_activites_reservation_id_foreign` (`reservation_id`),
  CONSTRAINT `type_of_activites_reservation_id_foreign` FOREIGN KEY (`reservation_id`) REFERENCES `reservations` (`id`) ON DELETE CASCADE,
  CONSTRAINT `type_of_activites_type_id_foreign` FOREIGN KEY (`type_id`) REFERENCES `activity_types` (`id`) ON DELETE CASCADE
) ENGINE=InnoDB AUTO_INCREMENT=46 DEFAULT CHARSET=utf8mb4 COLLATE=utf8mb4_unicode_ci;

--
-- Dumping data for table `type_of_activites`
--

INSERT INTO `type_of_activites` VALUES (1,1,1,'2023-02-02 07:54:09','2023-02-02 07:54:09'),(2,2,2,'2023-02-05 08:24:03','2023-02-05 08:24:03'),(3,3,2,'2023-02-08 11:39:50','2023-02-08 11:39:50'),(4,4,1,'2023-02-08 11:40:40','2023-02-08 11:40:40'),(5,5,2,'2023-02-08 11:42:34','2023-02-08 11:42:34'),(6,6,2,'2023-02-08 12:02:50','2023-02-08 12:02:50'),(7,7,2,'2023-03-09 08:26:34','2023-03-09 08:26:34'),(8,8,2,'2023-03-09 08:27:41','2023-03-09 08:27:41'),(9,9,2,'2023-03-09 08:28:53','2023-03-09 08:28:53'),(10,10,1,'2023-03-09 08:56:35','2023-03-09 08:56:35'),(11,11,1,'2023-03-09 08:57:34','2023-03-09 08:57:34'),(12,12,1,'2023-03-09 08:58:47','2023-03-09 08:58:47'),(13,13,1,'2023-03-09 08:59:50','2023-03-09 08:59:50'),(14,14,1,'2023-03-09 09:00:53','2023-03-09 09:00:53'),(15,15,1,'2023-03-09 09:03:09','2023-03-09 09:03:09'),(16,16,1,'2023-03-09 09:04:19','2023-03-09 09:04:19'),(17,17,1,'2023-03-09 09:05:09','2023-03-09 09:05:09'),(18,18,1,'2023-03-09 09:06:23','2023-03-09 09:06:23'),(19,19,1,'2023-03-09 09:07:18','2023-03-09 09:07:18'),(20,20,10,'2023-03-12 05:33:08','2023-03-12 05:33:08'),(21,21,10,'2023-03-12 05:34:24','2023-03-12 05:34:24'),(22,22,10,'2023-03-12 05:35:37','2023-03-12 05:35:37'),(23,23,10,'2023-03-12 05:37:00','2023-03-12 05:37:00'),(24,24,4,'2023-03-12 05:39:39','2023-03-12 05:39:39'),(25,25,4,'2023-03-12 05:40:51','2023-03-12 05:40:51'),(26,26,4,'2023-03-12 05:42:10','2023-03-12 05:42:10'),(27,27,4,'2023-03-12 05:44:54','2023-03-12 05:44:54'),(28,28,4,'2023-03-12 05:46:16','2023-03-12 05:46:16'),(29,29,4,'2023-03-12 05:47:21','2023-03-12 05:47:21'),(30,30,4,'2023-03-12 05:49:32','2023-03-12 05:49:32'),(31,31,4,'2023-03-12 05:53:58','2023-03-12 05:53:58'),(32,32,3,'2023-03-12 06:04:15','2023-03-12 06:04:15'),(33,33,3,'2023-03-12 06:05:31','2023-03-12 06:05:31'),(34,34,3,'2023-03-12 06:08:00','2023-03-12 06:08:00'),(35,35,3,'2023-03-12 06:09:04','2023-03-12 06:09:04'),(36,36,9,'2023-03-12 06:13:34','2023-03-12 06:13:34'),(37,37,9,'2023-03-12 06:15:16','2023-03-12 06:15:16'),(38,38,5,'2023-03-12 06:21:48','2023-03-12 06:21:48'),(39,39,5,'2023-03-12 06:22:34','2023-03-12 06:22:34'),(40,40,5,'2023-03-12 06:23:23','2023-03-12 06:23:23'),(41,41,5,'2023-03-12 06:24:04','2023-03-12 06:24:04'),(42,42,5,'2023-03-12 06:31:55','2023-03-12 06:31:55'),(43,43,3,'2023-03-12 06:33:21','2023-03-12 06:33:21'),(44,44,4,'2023-03-12 06:34:38','2023-03-12 06:34:38'),(45,45,1,'2023-03-12 06:36:01','2023-03-12 06:36:01');

--
-- Table structure for table `user_families`
--

CREATE TABLE `user_families` (
  `id` bigint unsigned NOT NULL AUTO_INCREMENT,
  `user_id` bigint unsigned NOT NULL,
  `name` varchar(191) COLLATE utf8mb4_unicode_ci NOT NULL,
  `relative_relation` varchar(191) COLLATE utf8mb4_unicode_ci NOT NULL,
  `gender` varchar(191) COLLATE utf8mb4_unicode_ci NOT NULL,
  `dob` date NOT NULL,
  `created_at` timestamp NULL DEFAULT NULL,
  `updated_at` timestamp NULL DEFAULT NULL,
  PRIMARY KEY (`id`),
  KEY `user_families_user_id_foreign` (`user_id`),
  CONSTRAINT `user_families_user_id_foreign` FOREIGN KEY (`user_id`) REFERENCES `users` (`id`)
) ENGINE=InnoDB AUTO_INCREMENT=24 DEFAULT CHARSET=utf8mb4 COLLATE=utf8mb4_unicode_ci;

--
-- Dumping data for table `user_families`
--

INSERT INTO `user_families` VALUES (1,9805,'ندى','Mother','Female','2017-08-21','2023-10-09 06:41:22','2023-10-09 06:41:22'),(2,9813,'Jordan','Mother','Male','2004-07-10','2023-10-09 06:41:22','2023-10-09 06:41:22'),(3,9883,'عمر','Mother','Male','2018-08-28','2023-10-09 06:41:22','2023-10-09 06:41:22'),(4,9908,'مالك','Mother','Male','1993-08-23','2023-10-09 06:41:22','2023-10-09 06:41:22'),(5,9926,'علياء هاشم الداود','Mother','Female','2019-05-08','2023-10-09 06:41:22','2023-10-09 06:41:22'),(6,9973,'هاشم اسامة محمد عواد','Son','Male','2011-02-20','2023-10-25 12:18:40','2023-10-25 12:18:40'),(7,9973,'زين اسامة محمد عواد','Daughter','Female','2012-02-09','2023-10-25 12:18:40','2023-10-25 12:18:40'),(8,9973,'عليا اسامة محمد عواد','Daughter','Female','2019-11-05','2023-10-25 12:18:40','2023-10-25 12:18:40'),(9,9987,'Poire Gaspard','Son','Male','2002-07-17','2023-11-12 09:50:20','2023-11-12 09:50:20'),(10,9987,'Poire Mathias','Son','Male','2004-10-04','2023-11-12 09:50:20','2023-11-24 12:44:54'),(11,9987,'Poire Elise','Daughter','Female','2010-05-05','2023-11-12 09:50:20','2023-11-12 09:50:20'),(12,9995,'Jenna','Daughter','Female','2011-08-01','2023-11-22 18:03:04','2023-11-22 18:03:04'),(13,9995,'Yousef','Son','Male','2014-06-06','2023-11-22 18:03:04','2023-11-22 18:03:04'),(14,9998,'Selamawit Van Beusekom','Daughter','Female','1998-07-26','2023-11-25 09:40:56','2023-11-25 09:40:56'),(15,9998,'Mishael','Daughter','Female','2003-03-14','2023-11-25 09:40:56','2023-11-25 09:40:56'),(16,10016,'خالد','Son','Male','2004-08-06','2023-12-19 16:53:23','2023-12-19 16:53:23'),(17,10016,'طارق','Son','Male','2010-10-04','2023-12-19 16:53:23','2023-12-19 16:53:23'),(18,10016,'ملك','Daughter','Female','2012-12-22','2023-12-19 16:53:23','2023-12-19 16:53:23'),(19,10018,'ابراهيم','Son','Male','2015-01-18','2023-12-22 05:41:55','2023-12-22 05:41:55'),(20,10018,'ساره','Daughter','Female','2015-01-18','2023-12-22 05:41:55','2023-12-22 05:41:55'),(21,10018,'نجاح','Sister','Female','1983-02-21','2023-12-22 05:41:55','2023-12-22 05:41:55'),(22,9309,'شريف','Son','Male','2015-09-21','2023-12-26 10:53:38','2023-12-26 10:53:38'),(23,9309,'شمس','Daughter','Female','2017-12-09','2023-12-26 10:55:25','2023-12-26 10:55:25');

--
-- Table structure for table `user_interest_relationships`
--

CREATE TABLE `user_interest_relationships` (
  `id` bigint unsigned NOT NULL AUTO_INCREMENT,
  `user_id` bigint unsigned NOT NULL,
  `interest_id` bigint unsigned NOT NULL,
  `created_at` timestamp NULL DEFAULT NULL,
  `updated_at` timestamp NULL DEFAULT NULL,
  PRIMARY KEY (`id`),
  KEY `user_interest_relationships_user_id_foreign` (`user_id`),
  KEY `user_interest_relationships_interest_id_foreign` (`interest_id`),
  CONSTRAINT `user_interest_relationships_interest_id_foreign` FOREIGN KEY (`interest_id`) REFERENCES `interests` (`id`),
  CONSTRAINT `user_interest_relationships_user_id_foreign` FOREIGN KEY (`user_id`) REFERENCES `users` (`id`)
) ENGINE=InnoDB AUTO_INCREMENT=6540 DEFAULT CHARSET=utf8mb4 COLLATE=utf8mb4_unicode_ci;

--
-- Dumping data for table `user_interest_relationships`
--

INSERT INTO `user_interest_relationships` VALUES (1,6553,2,'2023-10-09 06:39:59','2023-10-09 06:39:59'),(2,6553,2,'2023-10-09 06:39:59','2023-10-09 06:39:59'),(3,6554,2,'2023-10-09 06:39:59','2023-10-09 06:39:59'),(4,6554,2,'2023-10-09 06:39:59','2023-10-09 06:39:59'),(5,6555,2,'2023-10-09 06:39:59','2023-10-09 06:39:59'),(6,6555,2,'2023-10-09 06:39:59','2023-10-09 06:39:59'),(7,6556,2,'2023-10-09 06:39:59','2023-10-09 06:39:59'),(8,6556,2,'2023-10-09 06:39:59','2023-10-09 06:39:59'),(9,6557,2,'2023-10-09 06:39:59','2023-10-09 06:39:59'),(10,6557,2,'2023-10-09 06:39:59','2023-10-09 06:39:59'),(11,6558,2,'2023-10-09 06:39:59','2023-10-09 06:39:59'),(12,6558,2,'2023-10-09 06:39:59','2023-10-09 06:39:59'),(13,6559,2,'2023-10-09 06:40:00','2023-10-09 06:40:00'),(14,6559,2,'2023-10-09 06:40:00','2023-10-09 06:40:00'),(15,6560,2,'2023-10-09 06:40:00','2023-10-09 06:40:00'),(16,6560,2,'2023-10-09 06:40:00','2023-10-09 06:40:00'),(17,6561,2,'2023-10-09 06:40:00','2023-10-09 06:40:00'),(18,6561,2,'2023-10-09 06:40:00','2023-10-09 06:40:00'),(19,6562,2,'2023-10-09 06:40:00','2023-10-09 06:40:00'),(20,6562,2,'2023-10-09 06:40:00','2023-10-09 06:40:00'),(21,6563,2,'2023-10-09 06:40:00','2023-10-09 06:40:00'),(22,6563,2,'2023-10-09 06:40:00','2023-10-09 06:40:00'),(23,6564,2,'2023-10-09 06:40:00','2023-10-09 06:40:00'),(24,6564,2,'2023-10-09 06:40:00','2023-10-09 06:40:00'),(25,6565,2,'2023-10-09 06:40:00','2023-10-09 06:40:00'),(26,6565,2,'2023-10-09 06:40:00','2023-10-09 06:40:00'),(27,6566,2,'2023-10-09 06:40:00','2023-10-09 06:40:00'),(28,6566,2,'2023-10-09 06:40:00','2023-10-09 06:40:00'),(29,6567,2,'2023-10-09 06:40:00','2023-10-09 06:40:00'),(30,6567,2,'2023-10-09 06:40:00','2023-10-09 06:40:00'),(31,6568,2,'2023-10-09 06:40:00','2023-10-09 06:40:00'),(32,6568,2,'2023-10-09 06:40:00','2023-10-09 06:40:00'),(33,6569,2,'2023-10-09 06:40:00','2023-10-09 06:40:00'),(34,6569,2,'2023-10-09 06:40:00','2023-10-09 06:40:00'),(35,6570,2,'2023-10-09 06:40:00','2023-10-09 06:40:00'),(36,6570,2,'2023-10-09 06:40:00','2023-10-09 06:40:00'),(37,6571,2,'2023-10-09 06:40:00','2023-10-09 06:40:00'),(38,6571,2,'2023-10-09 06:40:00','2023-10-09 06:40:00'),(39,6572,2,'2023-10-09 06:40:00','2023-10-09 06:40:00'),(40,6572,2,'2023-10-09 06:40:00','2023-10-09 06:40:00'),(41,6573,2,'2023-10-09 06:40:00','2023-10-09 06:40:00'),(42,6573,2,'2023-10-09 06:40:00','2023-10-09 06:40:00'),(43,6574,2,'2023-10-09 06:40:00','2023-10-09 06:40:00'),(44,6574,2,'2023-10-09 06:40:00','2023-10-09 06:40:00'),(45,6575,2,'2023-10-09 06:40:00','2023-10-09 06:40:00'),(46,6575,2,'2023-10-09 06:40:00','2023-10-09 06:40:00'),(47,6576,2,'2023-10-09 06:40:00','2023-10-09 06:40:00'),(48,6576,2,'2023-10-09 06:40:00','2023-10-09 06:40:00'),(49,6577,2,'2023-10-09 06:40:00','2023-10-09 06:40:00'),(50,6577,2,'2023-10-09 06:40:00','2023-10-09 06:40:00'),(51,6578,2,'2023-10-09 06:40:00','2023-10-09 06:40:00'),(52,6578,2,'2023-10-09 06:40:00','2023-10-09 06:40:00'),(53,6579,2,'2023-10-09 06:40:00','2023-10-09 06:40:00'),(54,6579,2,'2023-10-09 06:40:00','2023-10-09 06:40:00'),(55,6580,2,'2023-10-09 06:40:00','2023-10-09 06:40:00'),(56,6580,2,'2023-10-09 06:40:00','2023-10-09 06:40:00'),(57,6581,2,'2023-10-09 06:40:00','2023-10-09 06:40:00'),(58,6581,2,'2023-10-09 06:40:00','2023-10-09 06:40:00'),(59,6582,2,'2023-10-09 06:40:00','2023-10-09 06:40:00'),(60,6582,2,'2023-10-09 06:40:00','2023-10-09 06:40:00'),(61,6583,2,'2023-10-09 06:40:00','2023-10-09 06:40:00'),(62,6583,2,'2023-10-09 06:40:00','2023-10-09 06:40:00'),(63,6584,2,'2023-10-09 06:40:00','2023-10-09 06:40:00'),(64,6584,2,'2023-10-09 06:40:00','2023-10-09 06:40:00'),(65,6585,2,'2023-10-09 06:40:00','2023-10-09 06:40:00'),(66,6585,2,'2023-10-09 06:40:00','2023-10-09 06:40:00'),(67,6586,2,'2023-10-09 06:40:00','2023-10-09 06:40:00'),(68,6586,2,'2023-10-09 06:40:00','2023-10-09 06:40:00'),(69,6587,2,'2023-10-09 06:40:00','2023-10-09 06:40:00'),(70,6587,2,'2023-10-09 06:40:00','2023-10-09 06:40:00'),(71,6588,2,'2023-10-09 06:40:00','2023-10-09 06:40:00'),(72,6588,2,'2023-10-09 06:40:00','2023-10-09 06:40:00'),(73,6589,2,'2023-10-09 06:40:00','2023-10-09 06:40:00'),(74,6589,2,'2023-10-09 06:40:00','2023-10-09 06:40:00'),(75,6590,2,'2023-10-09 06:40:00','2023-10-09 06:40:00'),(76,6590,2,'2023-10-09 06:40:00','2023-10-09 06:40:00'),(77,6591,2,'2023-10-09 06:40:00','2023-10-09 06:40:00'),(78,6591,2,'2023-10-09 06:40:00','2023-10-09 06:40:00'),(79,6592,2,'2023-10-09 06:40:00','2023-10-09 06:40:00'),(80,6592,2,'2023-10-09 06:40:00','2023-10-09 06:40:00'),(81,6593,2,'2023-10-09 06:40:00','2023-10-09 06:40:00'),(82,6593,2,'2023-10-09 06:40:00','2023-10-09 06:40:00'),(83,6594,2,'2023-10-09 06:40:00','2023-10-09 06:40:00'),(84,6594,2,'2023-10-09 06:40:00','2023-10-09 06:40:00'),(85,6595,2,'2023-10-09 06:40:00','2023-10-09 06:40:00'),(86,6595,2,'2023-10-09 06:40:00','2023-10-09 06:40:00'),(87,6596,2,'2023-10-09 06:40:00','2023-10-09 06:40:00'),(88,6596,2,'2023-10-09 06:40:00','2023-10-09 06:40:00'),(89,6597,2,'2023-10-09 06:40:00','2023-10-09 06:40:00'),(90,6597,2,'2023-10-09 06:40:00','2023-10-09 06:40:00'),(91,6598,2,'2023-10-09 06:40:00','2023-10-09 06:40:00'),(92,6598,2,'2023-10-09 06:40:00','2023-10-09 06:40:00'),(93,6599,2,'2023-10-09 06:40:00','2023-10-09 06:40:00'),(94,6599,2,'2023-10-09 06:40:00','2023-10-09 06:40:00'),(95,6600,2,'2023-10-09 06:40:00','2023-10-09 06:40:00'),(96,6600,2,'2023-10-09 06:40:00','2023-10-09 06:40:00'),(97,6601,2,'2023-10-09 06:40:00','2023-10-09 06:40:00'),(98,6601,2,'2023-10-09 06:40:00','2023-10-09 06:40:00'),(99,6602,2,'2023-10-09 06:40:00','2023-10-09 06:40:00'),(100,6602,2,'2023-10-09 06:40:00','2023-10-09 06:40:00'),(101,6603,2,'2023-10-09 06:40:00','2023-10-09 06:40:00'),(102,6603,2,'2023-10-09 06:40:00','2023-10-09 06:40:00'),(103,6604,2,'2023-10-09 06:40:00','2023-10-09 06:40:00'),(104,6604,2,'2023-10-09 06:40:00','2023-10-09 06:40:00'),(105,6605,2,'2023-10-09 06:40:00','2023-10-09 06:40:00'),(106,6605,2,'2023-10-09 06:40:00','2023-10-09 06:40:00'),(107,6606,2,'2023-10-09 06:40:00','2023-10-09 06:40:00'),(108,6606,2,'2023-10-09 06:40:00','2023-10-09 06:40:00'),(109,6607,2,'2023-10-09 06:40:00','2023-10-09 06:40:00'),(110,6607,2,'2023-10-09 06:40:00','2023-10-09 06:40:00'),(111,6608,2,'2023-10-09 06:40:00','2023-10-09 06:40:00'),(112,6608,2,'2023-10-09 06:40:00','2023-10-09 06:40:00'),(113,6609,2,'2023-10-09 06:40:00','2023-10-09 06:40:00'),(114,6609,2,'2023-10-09 06:40:00','2023-10-09 06:40:00'),(115,6610,2,'2023-10-09 06:40:00','2023-10-09 06:40:00'),(116,6610,2,'2023-10-09 06:40:00','2023-10-09 06:40:00'),(117,6611,2,'2023-10-09 06:40:00','2023-10-09 06:40:00'),(118,6611,2,'2023-10-09 06:40:00','2023-10-09 06:40:00'),(119,6612,2,'2023-10-09 06:40:00','2023-10-09 06:40:00'),(120,6612,2,'2023-10-09 06:40:00','2023-10-09 06:40:00'),(121,6613,2,'2023-10-09 06:40:00','2023-10-09 06:40:00'),(122,6613,2,'2023-10-09 06:40:00','2023-10-09 06:40:00'),(123,6614,2,'2023-10-09 06:40:00','2023-10-09 06:40:00'),(124,6614,2,'2023-10-09 06:40:00','2023-10-09 06:40:00'),(125,6615,2,'2023-10-09 06:40:00','2023-10-09 06:40:00'),(126,6615,2,'2023-10-09 06:40:00','2023-10-09 06:40:00'),(127,6616,2,'2023-10-09 06:40:00','2023-10-09 06:40:00'),(128,6616,2,'2023-10-09 06:40:00','2023-10-09 06:40:00'),(129,6617,2,'2023-10-09 06:40:00','2023-10-09 06:40:00'),(130,6617,2,'2023-10-09 06:40:00','2023-10-09 06:40:00'),(131,6618,2,'2023-10-09 06:40:00','2023-10-09 06:40:00'),(132,6618,2,'2023-10-09 06:40:00','2023-10-09 06:40:00'),(133,6619,2,'2023-10-09 06:40:00','2023-10-09 06:40:00'),(134,6619,2,'2023-10-09 06:40:00','2023-10-09 06:40:00'),(135,6620,2,'2023-10-09 06:40:00','2023-10-09 06:40:00'),(136,6620,2,'2023-10-09 06:40:00','2023-10-09 06:40:00'),(137,6621,2,'2023-10-09 06:40:01','2023-10-09 06:40:01'),(138,6621,2,'2023-10-09 06:40:01','2023-10-09 06:40:01'),(139,6622,2,'2023-10-09 06:40:01','2023-10-09 06:40:01'),(140,6622,2,'2023-10-09 06:40:01','2023-10-09 06:40:01'),(141,6623,2,'2023-10-09 06:40:01','2023-10-09 06:40:01'),(142,6623,2,'2023-10-09 06:40:01','2023-10-09 06:40:01'),(143,6624,2,'2023-10-09 06:40:01','2023-10-09 06:40:01'),(144,6624,2,'2023-10-09 06:40:01','2023-10-09 06:40:01'),(145,6625,2,'2023-10-09 06:40:01','2023-10-09 06:40:01'),(146,6625,2,'2023-10-09 06:40:01','2023-10-09 06:40:01'),(147,6626,2,'2023-10-09 06:40:01','2023-10-09 06:40:01'),(148,6626,2,'2023-10-09 06:40:01','2023-10-09 06:40:01'),(149,6627,2,'2023-10-09 06:40:01','2023-10-09 06:40:01'),(150,6627,2,'2023-10-09 06:40:01','2023-10-09 06:40:01'),(151,6628,2,'2023-10-09 06:40:01','2023-10-09 06:40:01'),(152,6628,2,'2023-10-09 06:40:01','2023-10-09 06:40:01'),(153,6629,2,'2023-10-09 06:40:01','2023-10-09 06:40:01'),(154,6629,2,'2023-10-09 06:40:01','2023-10-09 06:40:01'),(155,6630,2,'2023-10-09 06:40:01','2023-10-09 06:40:01'),(156,6630,2,'2023-10-09 06:40:01','2023-10-09 06:40:01'),(157,6631,2,'2023-10-09 06:40:01','2023-10-09 06:40:01'),(158,6631,2,'2023-10-09 06:40:01','2023-10-09 06:40:01'),(159,6632,2,'2023-10-09 06:40:01','2023-10-09 06:40:01'),(160,6632,2,'2023-10-09 06:40:01','2023-10-09 06:40:01'),(161,6633,2,'2023-10-09 06:40:01','2023-10-09 06:40:01'),(162,6633,2,'2023-10-09 06:40:01','2023-10-09 06:40:01'),(163,6634,2,'2023-10-09 06:40:01','2023-10-09 06:40:01'),(164,6634,2,'2023-10-09 06:40:01','2023-10-09 06:40:01'),(165,6635,2,'2023-10-09 06:40:01','2023-10-09 06:40:01'),(166,6635,2,'2023-10-09 06:40:01','2023-10-09 06:40:01'),(167,6636,2,'2023-10-09 06:40:01','2023-10-09 06:40:01'),(168,6636,2,'2023-10-09 06:40:01','2023-10-09 06:40:01'),(169,6637,2,'2023-10-09 06:40:01','2023-10-09 06:40:01'),(170,6637,2,'2023-10-09 06:40:01','2023-10-09 06:40:01'),(171,6638,2,'2023-10-09 06:40:01','2023-10-09 06:40:01'),(172,6638,2,'2023-10-09 06:40:01','2023-10-09 06:40:01'),(173,6639,2,'2023-10-09 06:40:01','2023-10-09 06:40:01'),(174,6639,2,'2023-10-09 06:40:01','2023-10-09 06:40:01'),(175,6640,2,'2023-10-09 06:40:01','2023-10-09 06:40:01'),(176,6640,2,'2023-10-09 06:40:01','2023-10-09 06:40:01'),(177,6641,2,'2023-10-09 06:40:01','2023-10-09 06:40:01'),(178,6641,2,'2023-10-09 06:40:01','2023-10-09 06:40:01'),(179,6642,2,'2023-10-09 06:40:01','2023-10-09 06:40:01'),(180,6642,2,'2023-10-09 06:40:01','2023-10-09 06:40:01'),(181,6643,2,'2023-10-09 06:40:01','2023-10-09 06:40:01'),(182,6643,2,'2023-10-09 06:40:01','2023-10-09 06:40:01'),(183,6644,2,'2023-10-09 06:40:01','2023-10-09 06:40:01'),(184,6644,2,'2023-10-09 06:40:01','2023-10-09 06:40:01'),(185,6645,2,'2023-10-09 06:40:01','2023-10-09 06:40:01'),(186,6645,2,'2023-10-09 06:40:01','2023-10-09 06:40:01'),(187,6646,2,'2023-10-09 06:40:01','2023-10-09 06:40:01'),(188,6646,2,'2023-10-09 06:40:01','2023-10-09 06:40:01'),(189,6647,2,'2023-10-09 06:40:01','2023-10-09 06:40:01'),(190,6647,2,'2023-10-09 06:40:01','2023-10-09 06:40:01'),(191,6648,2,'2023-10-09 06:40:01','2023-10-09 06:40:01'),(192,6648,2,'2023-10-09 06:40:01','2023-10-09 06:40:01'),(193,6649,2,'2023-10-09 06:40:01','2023-10-09 06:40:01'),(194,6649,2,'2023-10-09 06:40:01','2023-10-09 06:40:01'),(195,6650,2,'2023-10-09 06:40:01','2023-10-09 06:40:01'),(196,6650,2,'2023-10-09 06:40:01','2023-10-09 06:40:01'),(197,6651,2,'2023-10-09 06:40:01','2023-10-09 06:40:01'),(198,6651,2,'2023-10-09 06:40:01','2023-10-09 06:40:01'),(199,6652,2,'2023-10-09 06:40:01','2023-10-09 06:40:01'),(200,6652,2,'2023-10-09 06:40:01','2023-10-09 06:40:01'),(201,6653,2,'2023-10-09 06:40:01','2023-10-09 06:40:01'),(202,6653,2,'2023-10-09 06:40:01','2023-10-09 06:40:01'),(203,6654,2,'2023-10-09 06:40:01','2023-10-09 06:40:01'),(204,6654,2,'2023-10-09 06:40:01','2023-10-09 06:40:01'),(205,6655,2,'2023-10-09 06:40:01','2023-10-09 06:40:01'),(206,6655,2,'2023-10-09 06:40:01','2023-10-09 06:40:01'),(207,6656,2,'2023-10-09 06:40:01','2023-10-09 06:40:01'),(208,6656,2,'2023-10-09 06:40:01','2023-10-09 06:40:01'),(209,6657,2,'2023-10-09 06:40:01','2023-10-09 06:40:01'),(210,6657,2,'2023-10-09 06:40:01','2023-10-09 06:40:01'),(211,6658,2,'2023-10-09 06:40:01','2023-10-09 06:40:01'),(212,6658,2,'2023-10-09 06:40:01','2023-10-09 06:40:01'),(213,6659,2,'2023-10-09 06:40:01','2023-10-09 06:40:01'),(214,6659,2,'2023-10-09 06:40:01','2023-10-09 06:40:01'),(215,6660,2,'2023-10-09 06:40:01','2023-10-09 06:40:01'),(216,6660,2,'2023-10-09 06:40:01','2023-10-09 06:40:01'),(217,6661,2,'2023-10-09 06:40:01','2023-10-09 06:40:01'),(218,6661,2,'2023-10-09 06:40:01','2023-10-09 06:40:01'),(219,6662,2,'2023-10-09 06:40:01','2023-10-09 06:40:01'),(220,6662,2,'2023-10-09 06:40:01','2023-10-09 06:40:01'),(221,6663,2,'2023-10-09 06:40:01','2023-10-09 06:40:01'),(222,6663,2,'2023-10-09 06:40:01','2023-10-09 06:40:01'),(223,6664,2,'2023-10-09 06:40:01','2023-10-09 06:40:01'),(224,6664,2,'2023-10-09 06:40:01','2023-10-09 06:40:01'),(225,6665,2,'2023-10-09 06:40:01','2023-10-09 06:40:01'),(226,6665,2,'2023-10-09 06:40:01','2023-10-09 06:40:01'),(227,6666,2,'2023-10-09 06:40:01','2023-10-09 06:40:01'),(228,6666,2,'2023-10-09 06:40:01','2023-10-09 06:40:01'),(229,6667,2,'2023-10-09 06:40:01','2023-10-09 06:40:01'),(230,6667,2,'2023-10-09 06:40:01','2023-10-09 06:40:01'),(231,6668,2,'2023-10-09 06:40:01','2023-10-09 06:40:01'),(232,6668,2,'2023-10-09 06:40:01','2023-10-09 06:40:01'),(233,6669,2,'2023-10-09 06:40:01','2023-10-09 06:40:01'),(234,6669,2,'2023-10-09 06:40:01','2023-10-09 06:40:01'),(235,6670,2,'2023-10-09 06:40:01','2023-10-09 06:40:01'),(236,6670,2,'2023-10-09 06:40:01','2023-10-09 06:40:01'),(237,6671,2,'2023-10-09 06:40:01','2023-10-09 06:40:01'),(238,6671,2,'2023-10-09 06:40:01','2023-10-09 06:40:01'),(239,6672,2,'2023-10-09 06:40:01','2023-10-09 06:40:01'),(240,6672,2,'2023-10-09 06:40:01','2023-10-09 06:40:01'),(241,6673,2,'2023-10-09 06:40:01','2023-10-09 06:40:01'),(242,6673,2,'2023-10-09 06:40:01','2023-10-09 06:40:01'),(243,6674,2,'2023-10-09 06:40:01','2023-10-09 06:40:01'),(244,6674,2,'2023-10-09 06:40:01','2023-10-09 06:40:01'),(245,6675,2,'2023-10-09 06:40:01','2023-10-09 06:40:01'),(246,6675,2,'2023-10-09 06:40:01','2023-10-09 06:40:01'),(247,6676,2,'2023-10-09 06:40:01','2023-10-09 06:40:01'),(248,6676,2,'2023-10-09 06:40:01','2023-10-09 06:40:01'),(249,6677,2,'2023-10-09 06:40:02','2023-10-09 06:40:02'),(250,6677,2,'2023-10-09 06:40:02','2023-10-09 06:40:02'),(251,6678,2,'2023-10-09 06:40:02','2023-10-09 06:40:02'),(252,6678,2,'2023-10-09 06:40:02','2023-10-09 06:40:02'),(253,6679,2,'2023-10-09 06:40:02','2023-10-09 06:40:02'),(254,6679,2,'2023-10-09 06:40:02','2023-10-09 06:40:02'),(255,6680,2,'2023-10-09 06:40:02','2023-10-09 06:40:02'),(256,6680,2,'2023-10-09 06:40:02','2023-10-09 06:40:02'),(257,6681,2,'2023-10-09 06:40:02','2023-10-09 06:40:02'),(258,6681,2,'2023-10-09 06:40:02','2023-10-09 06:40:02'),(259,6682,2,'2023-10-09 06:40:02','2023-10-09 06:40:02'),(260,6682,2,'2023-10-09 06:40:02','2023-10-09 06:40:02'),(261,6683,2,'2023-10-09 06:40:02','2023-10-09 06:40:02'),(262,6683,2,'2023-10-09 06:40:02','2023-10-09 06:40:02'),(263,6684,2,'2023-10-09 06:40:02','2023-10-09 06:40:02'),(264,6684,2,'2023-10-09 06:40:02','2023-10-09 06:40:02'),(265,6685,2,'2023-10-09 06:40:02','2023-10-09 06:40:02'),(266,6685,2,'2023-10-09 06:40:02','2023-10-09 06:40:02'),(267,6686,2,'2023-10-09 06:40:02','2023-10-09 06:40:02'),(268,6686,2,'2023-10-09 06:40:02','2023-10-09 06:40:02'),(269,6687,2,'2023-10-09 06:40:02','2023-10-09 06:40:02'),(270,6687,2,'2023-10-09 06:40:02','2023-10-09 06:40:02'),(271,6688,2,'2023-10-09 06:40:02','2023-10-09 06:40:02'),(272,6688,2,'2023-10-09 06:40:02','2023-10-09 06:40:02'),(273,6689,2,'2023-10-09 06:40:02','2023-10-09 06:40:02'),(274,6689,2,'2023-10-09 06:40:02','2023-10-09 06:40:02'),(275,6690,2,'2023-10-09 06:40:02','2023-10-09 06:40:02'),(276,6690,2,'2023-10-09 06:40:02','2023-10-09 06:40:02'),(277,6691,2,'2023-10-09 06:40:02','2023-10-09 06:40:02'),(278,6691,2,'2023-10-09 06:40:02','2023-10-09 06:40:02'),(279,6692,2,'2023-10-09 06:40:02','2023-10-09 06:40:02'),(280,6692,2,'2023-10-09 06:40:02','2023-10-09 06:40:02'),(281,6693,2,'2023-10-09 06:40:02','2023-10-09 06:40:02'),(282,6693,2,'2023-10-09 06:40:02','2023-10-09 06:40:02'),(283,6694,2,'2023-10-09 06:40:02','2023-10-09 06:40:02'),(284,6694,2,'2023-10-09 06:40:02','2023-10-09 06:40:02'),(285,6695,2,'2023-10-09 06:40:02','2023-10-09 06:40:02'),(286,6695,2,'2023-10-09 06:40:02','2023-10-09 06:40:02'),(287,6696,2,'2023-10-09 06:40:02','2023-10-09 06:40:02'),(288,6696,2,'2023-10-09 06:40:02','2023-10-09 06:40:02'),(289,6697,2,'2023-10-09 06:40:02','2023-10-09 06:40:02'),(290,6697,2,'2023-10-09 06:40:02','2023-10-09 06:40:02'),(291,6698,2,'2023-10-09 06:40:02','2023-10-09 06:40:02'),(292,6698,2,'2023-10-09 06:40:02','2023-10-09 06:40:02'),(293,6699,2,'2023-10-09 06:40:02','2023-10-09 06:40:02'),(294,6699,2,'2023-10-09 06:40:02','2023-10-09 06:40:02'),(295,6700,2,'2023-10-09 06:40:02','2023-10-09 06:40:02'),(296,6700,2,'2023-10-09 06:40:02','2023-10-09 06:40:02'),(297,6701,2,'2023-10-09 06:40:02','2023-10-09 06:40:02'),(298,6701,2,'2023-10-09 06:40:02','2023-10-09 06:40:02'),(299,6702,2,'2023-10-09 06:40:02','2023-10-09 06:40:02'),(300,6702,2,'2023-10-09 06:40:02','2023-10-09 06:40:02'),(301,6703,2,'2023-10-09 06:40:02','2023-10-09 06:40:02'),(302,6703,2,'2023-10-09 06:40:02','2023-10-09 06:40:02'),(303,6704,2,'2023-10-09 06:40:02','2023-10-09 06:40:02'),(304,6704,2,'2023-10-09 06:40:02','2023-10-09 06:40:02'),(305,6705,2,'2023-10-09 06:40:02','2023-10-09 06:40:02'),(306,6705,2,'2023-10-09 06:40:02','2023-10-09 06:40:02'),(307,6706,2,'2023-10-09 06:40:02','2023-10-09 06:40:02'),(308,6706,2,'2023-10-09 06:40:02','2023-10-09 06:40:02'),(309,6707,2,'2023-10-09 06:40:02','2023-10-09 06:40:02'),(310,6707,2,'2023-10-09 06:40:02','2023-10-09 06:40:02'),(311,6708,2,'2023-10-09 06:40:02','2023-10-09 06:40:02'),(312,6708,2,'2023-10-09 06:40:02','2023-10-09 06:40:02'),(313,6709,2,'2023-10-09 06:40:02','2023-10-09 06:40:02'),(314,6709,2,'2023-10-09 06:40:02','2023-10-09 06:40:02'),(315,6710,2,'2023-10-09 06:40:02','2023-10-09 06:40:02'),(316,6710,2,'2023-10-09 06:40:02','2023-10-09 06:40:02'),(317,6711,2,'2023-10-09 06:40:02','2023-10-09 06:40:02'),(318,6711,2,'2023-10-09 06:40:02','2023-10-09 06:40:02'),(319,6712,2,'2023-10-09 06:40:02','2023-10-09 06:40:02'),(320,6712,2,'2023-10-09 06:40:02','2023-10-09 06:40:02'),(321,6713,2,'2023-10-09 06:40:02','2023-10-09 06:40:02'),(322,6713,2,'2023-10-09 06:40:02','2023-10-09 06:40:02'),(323,6714,2,'2023-10-09 06:40:02','2023-10-09 06:40:02'),(324,6714,2,'2023-10-09 06:40:02','2023-10-09 06:40:02'),(325,6715,2,'2023-10-09 06:40:02','2023-10-09 06:40:02'),(326,6715,2,'2023-10-09 06:40:02','2023-10-09 06:40:02'),(327,6716,2,'2023-10-09 06:40:02','2023-10-09 06:40:02'),(328,6716,2,'2023-10-09 06:40:02','2023-10-09 06:40:02'),(329,6717,2,'2023-10-09 06:40:02','2023-10-09 06:40:02'),(330,6717,2,'2023-10-09 06:40:02','2023-10-09 06:40:02'),(331,6718,2,'2023-10-09 06:40:02','2023-10-09 06:40:02'),(332,6718,2,'2023-10-09 06:40:02','2023-10-09 06:40:02'),(333,6719,2,'2023-10-09 06:40:02','2023-10-09 06:40:02'),(334,6719,2,'2023-10-09 06:40:02','2023-10-09 06:40:02'),(335,6720,2,'2023-10-09 06:40:02','2023-10-09 06:40:02'),(336,6720,2,'2023-10-09 06:40:02','2023-10-09 06:40:02'),(337,6721,2,'2023-10-09 06:40:02','2023-10-09 06:40:02'),(338,6721,2,'2023-10-09 06:40:02','2023-10-09 06:40:02'),(339,6722,2,'2023-10-09 06:40:02','2023-10-09 06:40:02'),(340,6722,2,'2023-10-09 06:40:02','2023-10-09 06:40:02'),(341,6723,2,'2023-10-09 06:40:02','2023-10-09 06:40:02'),(342,6723,2,'2023-10-09 06:40:02','2023-10-09 06:40:02'),(343,6724,2,'2023-10-09 06:40:02','2023-10-09 06:40:02'),(344,6724,2,'2023-10-09 06:40:02','2023-10-09 06:40:02'),(345,6725,2,'2023-10-09 06:40:02','2023-10-09 06:40:02'),(346,6725,2,'2023-10-09 06:40:02','2023-10-09 06:40:02'),(347,6726,2,'2023-10-09 06:40:02','2023-10-09 06:40:02'),(348,6726,2,'2023-10-09 06:40:02','2023-10-09 06:40:02'),(349,6727,2,'2023-10-09 06:40:02','2023-10-09 06:40:02'),(350,6727,2,'2023-10-09 06:40:02','2023-10-09 06:40:02'),(351,6728,2,'2023-10-09 06:40:02','2023-10-09 06:40:02'),(352,6728,2,'2023-10-09 06:40:02','2023-10-09 06:40:02'),(353,6729,2,'2023-10-09 06:40:03','2023-10-09 06:40:03'),(354,6729,2,'2023-10-09 06:40:03','2023-10-09 06:40:03'),(355,6730,2,'2023-10-09 06:40:03','2023-10-09 06:40:03'),(356,6730,2,'2023-10-09 06:40:03','2023-10-09 06:40:03'),(357,6731,2,'2023-10-09 06:40:03','2023-10-09 06:40:03'),(358,6731,2,'2023-10-09 06:40:03','2023-10-09 06:40:03'),(359,6732,2,'2023-10-09 06:40:03','2023-10-09 06:40:03'),(360,6732,2,'2023-10-09 06:40:03','2023-10-09 06:40:03'),(361,6733,2,'2023-10-09 06:40:03','2023-10-09 06:40:03'),(362,6733,2,'2023-10-09 06:40:03','2023-10-09 06:40:03'),(363,6734,2,'2023-10-09 06:40:03','2023-10-09 06:40:03'),(364,6734,2,'2023-10-09 06:40:03','2023-10-09 06:40:03'),(365,6735,2,'2023-10-09 06:40:03','2023-10-09 06:40:03'),(366,6735,2,'2023-10-09 06:40:03','2023-10-09 06:40:03'),(367,6736,2,'2023-10-09 06:40:03','2023-10-09 06:40:03'),(368,6736,2,'2023-10-09 06:40:03','2023-10-09 06:40:03'),(369,6737,2,'2023-10-09 06:40:03','2023-10-09 06:40:03'),(370,6737,2,'2023-10-09 06:40:03','2023-10-09 06:40:03'),(371,6738,2,'2023-10-09 06:40:03','2023-10-09 06:40:03'),(372,6738,2,'2023-10-09 06:40:03','2023-10-09 06:40:03'),(373,6739,2,'2023-10-09 06:40:03','2023-10-09 06:40:03'),(374,6739,2,'2023-10-09 06:40:03','2023-10-09 06:40:03'),(375,6740,2,'2023-10-09 06:40:03','2023-10-09 06:40:03'),(376,6740,2,'2023-10-09 06:40:03','2023-10-09 06:40:03'),(377,6741,2,'2023-10-09 06:40:03','2023-10-09 06:40:03'),(378,6741,2,'2023-10-09 06:40:03','2023-10-09 06:40:03'),(379,6742,2,'2023-10-09 06:40:03','2023-10-09 06:40:03'),(380,6742,2,'2023-10-09 06:40:03','2023-10-09 06:40:03'),(381,6743,2,'2023-10-09 06:40:03','2023-10-09 06:40:03'),(382,6743,2,'2023-10-09 06:40:03','2023-10-09 06:40:03'),(383,6744,2,'2023-10-09 06:40:03','2023-10-09 06:40:03'),(384,6744,2,'2023-10-09 06:40:03','2023-10-09 06:40:03'),(385,6745,2,'2023-10-09 06:40:03','2023-10-09 06:40:03'),(386,6745,2,'2023-10-09 06:40:03','2023-10-09 06:40:03'),(387,6746,2,'2023-10-09 06:40:03','2023-10-09 06:40:03'),(388,6746,2,'2023-10-09 06:40:03','2023-10-09 06:40:03'),(389,6747,2,'2023-10-09 06:40:03','2023-10-09 06:40:03'),(390,6747,2,'2023-10-09 06:40:03','2023-10-09 06:40:03'),(391,6748,2,'2023-10-09 06:40:03','2023-10-09 06:40:03'),(392,6748,2,'2023-10-09 06:40:03','2023-10-09 06:40:03'),(393,6749,2,'2023-10-09 06:40:03','2023-10-09 06:40:03'),(394,6749,2,'2023-10-09 06:40:03','2023-10-09 06:40:03'),(395,6750,2,'2023-10-09 06:40:03','2023-10-09 06:40:03'),(396,6750,2,'2023-10-09 06:40:03','2023-10-09 06:40:03'),(397,6751,2,'2023-10-09 06:40:03','2023-10-09 06:40:03'),(398,6751,2,'2023-10-09 06:40:03','2023-10-09 06:40:03'),(399,6752,2,'2023-10-09 06:40:03','2023-10-09 06:40:03'),(400,6752,2,'2023-10-09 06:40:03','2023-10-09 06:40:03'),(401,6753,2,'2023-10-09 06:40:03','2023-10-09 06:40:03'),(402,6753,2,'2023-10-09 06:40:03','2023-10-09 06:40:03'),(403,6754,2,'2023-10-09 06:40:03','2023-10-09 06:40:03'),(404,6754,2,'2023-10-09 06:40:03','2023-10-09 06:40:03'),(405,6755,2,'2023-10-09 06:40:03','2023-10-09 06:40:03'),(406,6755,2,'2023-10-09 06:40:03','2023-10-09 06:40:03'),(407,6756,2,'2023-10-09 06:40:03','2023-10-09 06:40:03'),(408,6756,2,'2023-10-09 06:40:03','2023-10-09 06:40:03'),(409,6757,2,'2023-10-09 06:40:03','2023-10-09 06:40:03'),(410,6757,2,'2023-10-09 06:40:03','2023-10-09 06:40:03'),(411,6758,2,'2023-10-09 06:40:03','2023-10-09 06:40:03'),(412,6758,2,'2023-10-09 06:40:03','2023-10-09 06:40:03'),(413,6759,2,'2023-10-09 06:40:03','2023-10-09 06:40:03'),(414,6759,2,'2023-10-09 06:40:03','2023-10-09 06:40:03'),(415,6760,2,'2023-10-09 06:40:03','2023-10-09 06:40:03'),(416,6760,2,'2023-10-09 06:40:03','2023-10-09 06:40:03'),(417,6761,2,'2023-10-09 06:40:03','2023-10-09 06:40:03'),(418,6761,2,'2023-10-09 06:40:03','2023-10-09 06:40:03'),(419,6762,2,'2023-10-09 06:40:03','2023-10-09 06:40:03'),(420,6762,2,'2023-10-09 06:40:03','2023-10-09 06:40:03'),(421,6763,2,'2023-10-09 06:40:03','2023-10-09 06:40:03'),(422,6763,2,'2023-10-09 06:40:03','2023-10-09 06:40:03'),(423,6764,2,'2023-10-09 06:40:03','2023-10-09 06:40:03'),(424,6764,2,'2023-10-09 06:40:03','2023-10-09 06:40:03'),(425,6765,2,'2023-10-09 06:40:03','2023-10-09 06:40:03'),(426,6765,2,'2023-10-09 06:40:03','2023-10-09 06:40:03'),(427,6766,2,'2023-10-09 06:40:03','2023-10-09 06:40:03'),(428,6766,2,'2023-10-09 06:40:03','2023-10-09 06:40:03'),(429,6767,2,'2023-10-09 06:40:03','2023-10-09 06:40:03'),(430,6767,2,'2023-10-09 06:40:03','2023-10-09 06:40:03'),(431,6768,2,'2023-10-09 06:40:03','2023-10-09 06:40:03'),(432,6768,2,'2023-10-09 06:40:03','2023-10-09 06:40:03'),(433,6769,2,'2023-10-09 06:40:03','2023-10-09 06:40:03'),(434,6769,2,'2023-10-09 06:40:03','2023-10-09 06:40:03'),(435,6770,2,'2023-10-09 06:40:03','2023-10-09 06:40:03'),(436,6770,2,'2023-10-09 06:40:03','2023-10-09 06:40:03'),(437,6771,2,'2023-10-09 06:40:03','2023-10-09 06:40:03'),(438,6771,2,'2023-10-09 06:40:03','2023-10-09 06:40:03'),(439,6772,2,'2023-10-09 06:40:03','2023-10-09 06:40:03'),(440,6772,2,'2023-10-09 06:40:03','2023-10-09 06:40:03'),(441,6773,2,'2023-10-09 06:40:03','2023-10-09 06:40:03'),(442,6773,2,'2023-10-09 06:40:03','2023-10-09 06:40:03'),(443,6774,2,'2023-10-09 06:40:03','2023-10-09 06:40:03'),(444,6774,2,'2023-10-09 06:40:03','2023-10-09 06:40:03'),(445,6775,2,'2023-10-09 06:40:03','2023-10-09 06:40:03'),(446,6775,2,'2023-10-09 06:40:03','2023-10-09 06:40:03'),(447,6776,2,'2023-10-09 06:40:03','2023-10-09 06:40:03'),(448,6776,2,'2023-10-09 06:40:03','2023-10-09 06:40:03'),(449,6777,2,'2023-10-09 06:40:03','2023-10-09 06:40:03'),(450,6777,2,'2023-10-09 06:40:03','2023-10-09 06:40:03'),(451,6778,2,'2023-10-09 06:40:03','2023-10-09 06:40:03'),(452,6778,2,'2023-10-09 06:40:03','2023-10-09 06:40:03'),(453,6779,2,'2023-10-09 06:40:03','2023-10-09 06:40:03'),(454,6779,2,'2023-10-09 06:40:03','2023-10-09 06:40:03'),(455,6780,2,'2023-10-09 06:40:03','2023-10-09 06:40:03'),(456,6780,2,'2023-10-09 06:40:03','2023-10-09 06:40:03'),(457,6781,2,'2023-10-09 06:40:03','2023-10-09 06:40:03'),(458,6781,2,'2023-10-09 06:40:04','2023-10-09 06:40:04'),(459,6782,2,'2023-10-09 06:40:04','2023-10-09 06:40:04'),(460,6782,2,'2023-10-09 06:40:04','2023-10-09 06:40:04'),(461,6783,2,'2023-10-09 06:40:04','2023-10-09 06:40:04'),(462,6783,2,'2023-10-09 06:40:04','2023-10-09 06:40:04'),(463,6784,2,'2023-10-09 06:40:04','2023-10-09 06:40:04'),(464,6784,2,'2023-10-09 06:40:04','2023-10-09 06:40:04'),(465,6785,2,'2023-10-09 06:40:04','2023-10-09 06:40:04'),(466,6785,2,'2023-10-09 06:40:04','2023-10-09 06:40:04'),(467,6786,2,'2023-10-09 06:40:04','2023-10-09 06:40:04'),(468,6786,2,'2023-10-09 06:40:04','2023-10-09 06:40:04'),(469,6787,2,'2023-10-09 06:40:04','2023-10-09 06:40:04'),(470,6787,2,'2023-10-09 06:40:04','2023-10-09 06:40:04'),(471,6788,2,'2023-10-09 06:40:04','2023-10-09 06:40:04'),(472,6788,2,'2023-10-09 06:40:04','2023-10-09 06:40:04'),(473,6789,2,'2023-10-09 06:40:04','2023-10-09 06:40:04'),(474,6789,2,'2023-10-09 06:40:04','2023-10-09 06:40:04'),(475,6790,2,'2023-10-09 06:40:04','2023-10-09 06:40:04'),(476,6790,2,'2023-10-09 06:40:04','2023-10-09 06:40:04'),(477,6791,2,'2023-10-09 06:40:04','2023-10-09 06:40:04'),(478,6791,2,'2023-10-09 06:40:04','2023-10-09 06:40:04'),(479,6792,2,'2023-10-09 06:40:04','2023-10-09 06:40:04'),(480,6792,2,'2023-10-09 06:40:04','2023-10-09 06:40:04'),(481,6793,2,'2023-10-09 06:40:04','2023-10-09 06:40:04'),(482,6793,2,'2023-10-09 06:40:04','2023-10-09 06:40:04'),(483,6794,2,'2023-10-09 06:40:04','2023-10-09 06:40:04'),(484,6794,2,'2023-10-09 06:40:04','2023-10-09 06:40:04'),(485,6795,2,'2023-10-09 06:40:04','2023-10-09 06:40:04'),(486,6795,2,'2023-10-09 06:40:04','2023-10-09 06:40:04'),(487,6796,2,'2023-10-09 06:40:04','2023-10-09 06:40:04'),(488,6796,2,'2023-10-09 06:40:04','2023-10-09 06:40:04'),(489,6797,2,'2023-10-09 06:40:04','2023-10-09 06:40:04'),(490,6797,2,'2023-10-09 06:40:04','2023-10-09 06:40:04'),(491,6798,2,'2023-10-09 06:40:04','2023-10-09 06:40:04'),(492,6798,2,'2023-10-09 06:40:04','2023-10-09 06:40:04'),(493,6799,2,'2023-10-09 06:40:04','2023-10-09 06:40:04'),(494,6799,2,'2023-10-09 06:40:04','2023-10-09 06:40:04'),(495,6800,2,'2023-10-09 06:40:04','2023-10-09 06:40:04'),(496,6800,2,'2023-10-09 06:40:04','2023-10-09 06:40:04'),(497,6801,2,'2023-10-09 06:40:04','2023-10-09 06:40:04'),(498,6801,2,'2023-10-09 06:40:04','2023-10-09 06:40:04'),(499,6802,2,'2023-10-09 06:40:04','2023-10-09 06:40:04'),(500,6802,2,'2023-10-09 06:40:04','2023-10-09 06:40:04'),(501,6803,2,'2023-10-09 06:40:04','2023-10-09 06:40:04'),(502,6803,2,'2023-10-09 06:40:04','2023-10-09 06:40:04'),(503,6804,2,'2023-10-09 06:40:04','2023-10-09 06:40:04'),(504,6804,2,'2023-10-09 06:40:04','2023-10-09 06:40:04'),(505,6805,2,'2023-10-09 06:40:04','2023-10-09 06:40:04'),(506,6805,2,'2023-10-09 06:40:04','2023-10-09 06:40:04'),(507,6806,2,'2023-10-09 06:40:04','2023-10-09 06:40:04'),(508,6806,2,'2023-10-09 06:40:04','2023-10-09 06:40:04'),(509,6807,2,'2023-10-09 06:40:04','2023-10-09 06:40:04'),(510,6807,2,'2023-10-09 06:40:04','2023-10-09 06:40:04'),(511,6808,2,'2023-10-09 06:40:04','2023-10-09 06:40:04'),(512,6808,2,'2023-10-09 06:40:04','2023-10-09 06:40:04'),(513,6809,2,'2023-10-09 06:40:04','2023-10-09 06:40:04'),(514,6809,2,'2023-10-09 06:40:04','2023-10-09 06:40:04'),(515,6810,2,'2023-10-09 06:40:04','2023-10-09 06:40:04'),(516,6810,2,'2023-10-09 06:40:04','2023-10-09 06:40:04'),(517,6811,2,'2023-10-09 06:40:04','2023-10-09 06:40:04'),(518,6811,2,'2023-10-09 06:40:04','2023-10-09 06:40:04'),(519,6812,2,'2023-10-09 06:40:04','2023-10-09 06:40:04'),(520,6812,2,'2023-10-09 06:40:04','2023-10-09 06:40:04'),(521,6813,2,'2023-10-09 06:40:04','2023-10-09 06:40:04'),(522,6813,2,'2023-10-09 06:40:04','2023-10-09 06:40:04'),(523,6814,2,'2023-10-09 06:40:04','2023-10-09 06:40:04'),(524,6814,2,'2023-10-09 06:40:04','2023-10-09 06:40:04'),(525,6815,2,'2023-10-09 06:40:04','2023-10-09 06:40:04'),(526,6815,2,'2023-10-09 06:40:04','2023-10-09 06:40:04'),(527,6816,2,'2023-10-09 06:40:04','2023-10-09 06:40:04'),(528,6816,2,'2023-10-09 06:40:04','2023-10-09 06:40:04'),(529,6817,2,'2023-10-09 06:40:04','2023-10-09 06:40:04'),(530,6817,2,'2023-10-09 06:40:04','2023-10-09 06:40:04'),(531,6818,2,'2023-10-09 06:40:04','2023-10-09 06:40:04'),(532,6818,2,'2023-10-09 06:40:04','2023-10-09 06:40:04'),(533,6819,2,'2023-10-09 06:40:04','2023-10-09 06:40:04'),(534,6819,2,'2023-10-09 06:40:04','2023-10-09 06:40:04'),(535,6820,2,'2023-10-09 06:40:04','2023-10-09 06:40:04'),(536,6820,2,'2023-10-09 06:40:04','2023-10-09 06:40:04'),(537,6821,2,'2023-10-09 06:40:04','2023-10-09 06:40:04'),(538,6821,2,'2023-10-09 06:40:04','2023-10-09 06:40:04'),(539,6822,2,'2023-10-09 06:40:04','2023-10-09 06:40:04'),(540,6822,2,'2023-10-09 06:40:04','2023-10-09 06:40:04'),(541,6823,2,'2023-10-09 06:40:04','2023-10-09 06:40:04'),(542,6823,2,'2023-10-09 06:40:04','2023-10-09 06:40:04'),(543,6824,2,'2023-10-09 06:40:04','2023-10-09 06:40:04'),(544,6824,2,'2023-10-09 06:40:04','2023-10-09 06:40:04'),(545,6825,2,'2023-10-09 06:40:04','2023-10-09 06:40:04'),(546,6825,2,'2023-10-09 06:40:04','2023-10-09 06:40:04'),(547,6826,2,'2023-10-09 06:40:04','2023-10-09 06:40:04'),(548,6826,2,'2023-10-09 06:40:04','2023-10-09 06:40:04'),(549,6827,2,'2023-10-09 06:40:04','2023-10-09 06:40:04'),(550,6827,2,'2023-10-09 06:40:04','2023-10-09 06:40:04'),(551,6828,2,'2023-10-09 06:40:04','2023-10-09 06:40:04'),(552,6828,2,'2023-10-09 06:40:04','2023-10-09 06:40:04'),(553,6829,2,'2023-10-09 06:40:04','2023-10-09 06:40:04'),(554,6829,2,'2023-10-09 06:40:04','2023-10-09 06:40:04'),(555,6830,2,'2023-10-09 06:40:04','2023-10-09 06:40:04'),(556,6830,2,'2023-10-09 06:40:04','2023-10-09 06:40:04'),(557,6831,2,'2023-10-09 06:40:04','2023-10-09 06:40:04'),(558,6831,2,'2023-10-09 06:40:04','2023-10-09 06:40:04'),(559,6832,2,'2023-10-09 06:40:04','2023-10-09 06:40:04'),(560,6832,2,'2023-10-09 06:40:04','2023-10-09 06:40:04'),(561,6833,2,'2023-10-09 06:40:04','2023-10-09 06:40:04'),(562,6833,2,'2023-10-09 06:40:04','2023-10-09 06:40:04'),(563,6834,2,'2023-10-09 06:40:05','2023-10-09 06:40:05'),(564,6834,2,'2023-10-09 06:40:05','2023-10-09 06:40:05'),(565,6835,2,'2023-10-09 06:40:05','2023-10-09 06:40:05'),(566,6835,2,'2023-10-09 06:40:05','2023-10-09 06:40:05'),(567,6836,2,'2023-10-09 06:40:05','2023-10-09 06:40:05'),(568,6836,2,'2023-10-09 06:40:05','2023-10-09 06:40:05'),(569,6837,2,'2023-10-09 06:40:05','2023-10-09 06:40:05'),(570,6837,2,'2023-10-09 06:40:05','2023-10-09 06:40:05'),(571,6838,2,'2023-10-09 06:40:05','2023-10-09 06:40:05'),(572,6838,2,'2023-10-09 06:40:05','2023-10-09 06:40:05'),(573,6839,2,'2023-10-09 06:40:05','2023-10-09 06:40:05'),(574,6839,2,'2023-10-09 06:40:05','2023-10-09 06:40:05'),(575,6840,2,'2023-10-09 06:40:05','2023-10-09 06:40:05'),(576,6840,2,'2023-10-09 06:40:05','2023-10-09 06:40:05'),(577,6841,2,'2023-10-09 06:40:05','2023-10-09 06:40:05'),(578,6841,2,'2023-10-09 06:40:05','2023-10-09 06:40:05'),(579,6842,2,'2023-10-09 06:40:05','2023-10-09 06:40:05'),(580,6842,2,'2023-10-09 06:40:05','2023-10-09 06:40:05'),(581,6843,2,'2023-10-09 06:40:05','2023-10-09 06:40:05'),(582,6843,2,'2023-10-09 06:40:05','2023-10-09 06:40:05'),(583,6844,2,'2023-10-09 06:40:05','2023-10-09 06:40:05'),(584,6844,2,'2023-10-09 06:40:05','2023-10-09 06:40:05'),(585,6845,2,'2023-10-09 06:40:05','2023-10-09 06:40:05'),(586,6845,2,'2023-10-09 06:40:05','2023-10-09 06:40:05'),(587,6846,2,'2023-10-09 06:40:05','2023-10-09 06:40:05'),(588,6846,2,'2023-10-09 06:40:05','2023-10-09 06:40:05'),(589,6847,2,'2023-10-09 06:40:05','2023-10-09 06:40:05'),(590,6847,2,'2023-10-09 06:40:05','2023-10-09 06:40:05'),(591,6848,2,'2023-10-09 06:40:05','2023-10-09 06:40:05'),(592,6848,2,'2023-10-09 06:40:05','2023-10-09 06:40:05'),(593,6849,2,'2023-10-09 06:40:05','2023-10-09 06:40:05'),(594,6849,2,'2023-10-09 06:40:05','2023-10-09 06:40:05'),(595,6850,2,'2023-10-09 06:40:05','2023-10-09 06:40:05'),(596,6850,2,'2023-10-09 06:40:05','2023-10-09 06:40:05'),(597,6851,2,'2023-10-09 06:40:05','2023-10-09 06:40:05'),(598,6851,2,'2023-10-09 06:40:05','2023-10-09 06:40:05'),(599,6852,2,'2023-10-09 06:40:05','2023-10-09 06:40:05'),(600,6852,2,'2023-10-09 06:40:05','2023-10-09 06:40:05'),(601,6853,2,'2023-10-09 06:40:05','2023-10-09 06:40:05'),(602,6853,2,'2023-10-09 06:40:05','2023-10-09 06:40:05'),(603,6854,2,'2023-10-09 06:40:05','2023-10-09 06:40:05'),(604,6854,2,'2023-10-09 06:40:05','2023-10-09 06:40:05'),(605,6855,2,'2023-10-09 06:40:05','2023-10-09 06:40:05'),(606,6855,2,'2023-10-09 06:40:05','2023-10-09 06:40:05'),(607,6856,2,'2023-10-09 06:40:05','2023-10-09 06:40:05'),(608,6856,2,'2023-10-09 06:40:05','2023-10-09 06:40:05'),(609,6857,2,'2023-10-09 06:40:05','2023-10-09 06:40:05'),(610,6857,2,'2023-10-09 06:40:05','2023-10-09 06:40:05'),(611,6858,2,'2023-10-09 06:40:05','2023-10-09 06:40:05'),(612,6858,2,'2023-10-09 06:40:05','2023-10-09 06:40:05'),(613,6859,2,'2023-10-09 06:40:05','2023-10-09 06:40:05'),(614,6859,2,'2023-10-09 06:40:05','2023-10-09 06:40:05'),(615,6860,2,'2023-10-09 06:40:05','2023-10-09 06:40:05'),(616,6860,2,'2023-10-09 06:40:05','2023-10-09 06:40:05'),(617,6861,2,'2023-10-09 06:40:05','2023-10-09 06:40:05'),(618,6861,2,'2023-10-09 06:40:05','2023-10-09 06:40:05'),(619,6862,2,'2023-10-09 06:40:05','2023-10-09 06:40:05'),(620,6862,2,'2023-10-09 06:40:05','2023-10-09 06:40:05'),(621,6863,2,'2023-10-09 06:40:05','2023-10-09 06:40:05'),(622,6863,2,'2023-10-09 06:40:05','2023-10-09 06:40:05'),(623,6864,2,'2023-10-09 06:40:05','2023-10-09 06:40:05'),(624,6864,2,'2023-10-09 06:40:05','2023-10-09 06:40:05'),(625,6865,2,'2023-10-09 06:40:05','2023-10-09 06:40:05'),(626,6865,2,'2023-10-09 06:40:05','2023-10-09 06:40:05'),(627,6866,2,'2023-10-09 06:40:05','2023-10-09 06:40:05'),(628,6866,2,'2023-10-09 06:40:05','2023-10-09 06:40:05'),(629,6867,2,'2023-10-09 06:40:05','2023-10-09 06:40:05'),(630,6867,2,'2023-10-09 06:40:05','2023-10-09 06:40:05'),(631,6868,2,'2023-10-09 06:40:05','2023-10-09 06:40:05'),(632,6868,2,'2023-10-09 06:40:05','2023-10-09 06:40:05'),(633,6869,2,'2023-10-09 06:40:05','2023-10-09 06:40:05'),(634,6869,2,'2023-10-09 06:40:05','2023-10-09 06:40:05'),(635,6870,2,'2023-10-09 06:40:05','2023-10-09 06:40:05'),(636,6870,2,'2023-10-09 06:40:05','2023-10-09 06:40:05'),(637,6871,2,'2023-10-09 06:40:05','2023-10-09 06:40:05'),(638,6871,2,'2023-10-09 06:40:05','2023-10-09 06:40:05'),(639,6872,2,'2023-10-09 06:40:05','2023-10-09 06:40:05'),(640,6872,2,'2023-10-09 06:40:05','2023-10-09 06:40:05'),(641,6873,2,'2023-10-09 06:40:05','2023-10-09 06:40:05'),(642,6873,2,'2023-10-09 06:40:05','2023-10-09 06:40:05'),(643,6874,2,'2023-10-09 06:40:05','2023-10-09 06:40:05'),(644,6874,2,'2023-10-09 06:40:05','2023-10-09 06:40:05'),(645,6875,2,'2023-10-09 06:40:05','2023-10-09 06:40:05'),(646,6875,2,'2023-10-09 06:40:05','2023-10-09 06:40:05'),(647,6876,2,'2023-10-09 06:40:05','2023-10-09 06:40:05'),(648,6876,2,'2023-10-09 06:40:05','2023-10-09 06:40:05'),(649,6877,2,'2023-10-09 06:40:05','2023-10-09 06:40:05'),(650,6877,2,'2023-10-09 06:40:05','2023-10-09 06:40:05'),(651,6878,2,'2023-10-09 06:40:05','2023-10-09 06:40:05'),(652,6878,2,'2023-10-09 06:40:05','2023-10-09 06:40:05'),(653,6879,2,'2023-10-09 06:40:05','2023-10-09 06:40:05'),(654,6879,2,'2023-10-09 06:40:05','2023-10-09 06:40:05'),(655,6880,2,'2023-10-09 06:40:05','2023-10-09 06:40:05'),(656,6880,2,'2023-10-09 06:40:05','2023-10-09 06:40:05'),(657,6881,2,'2023-10-09 06:40:05','2023-10-09 06:40:05'),(658,6881,2,'2023-10-09 06:40:05','2023-10-09 06:40:05'),(659,6882,2,'2023-10-09 06:40:05','2023-10-09 06:40:05'),(660,6882,2,'2023-10-09 06:40:05','2023-10-09 06:40:05'),(661,6883,2,'2023-10-09 06:40:05','2023-10-09 06:40:05'),(662,6883,2,'2023-10-09 06:40:05','2023-10-09 06:40:05'),(663,6884,2,'2023-10-09 06:40:05','2023-10-09 06:40:05'),(664,6884,2,'2023-10-09 06:40:05','2023-10-09 06:40:05'),(665,6885,2,'2023-10-09 06:40:05','2023-10-09 06:40:05'),(666,6885,2,'2023-10-09 06:40:05','2023-10-09 06:40:05'),(667,6886,2,'2023-10-09 06:40:05','2023-10-09 06:40:05'),(668,6886,2,'2023-10-09 06:40:05','2023-10-09 06:40:05'),(669,6887,2,'2023-10-09 06:40:05','2023-10-09 06:40:05'),(670,6887,2,'2023-10-09 06:40:05','2023-10-09 06:40:05'),(671,6888,2,'2023-10-09 06:40:05','2023-10-09 06:40:05'),(672,6888,2,'2023-10-09 06:40:05','2023-10-09 06:40:05'),(673,6889,2,'2023-10-09 06:40:05','2023-10-09 06:40:05'),(674,6889,2,'2023-10-09 06:40:05','2023-10-09 06:40:05'),(675,6890,2,'2023-10-09 06:40:05','2023-10-09 06:40:05'),(676,6890,2,'2023-10-09 06:40:05','2023-10-09 06:40:05'),(677,6891,2,'2023-10-09 06:40:06','2023-10-09 06:40:06'),(678,6891,2,'2023-10-09 06:40:06','2023-10-09 06:40:06'),(679,6892,2,'2023-10-09 06:40:06','2023-10-09 06:40:06'),(680,6892,2,'2023-10-09 06:40:06','2023-10-09 06:40:06'),(681,6893,2,'2023-10-09 06:40:06','2023-10-09 06:40:06'),(682,6893,2,'2023-10-09 06:40:06','2023-10-09 06:40:06'),(683,6894,2,'2023-10-09 06:40:06','2023-10-09 06:40:06'),(684,6894,2,'2023-10-09 06:40:06','2023-10-09 06:40:06'),(685,6895,2,'2023-10-09 06:40:06','2023-10-09 06:40:06'),(686,6895,2,'2023-10-09 06:40:06','2023-10-09 06:40:06'),(687,6896,2,'2023-10-09 06:40:06','2023-10-09 06:40:06'),(688,6896,2,'2023-10-09 06:40:06','2023-10-09 06:40:06'),(689,6897,2,'2023-10-09 06:40:06','2023-10-09 06:40:06'),(690,6897,2,'2023-10-09 06:40:06','2023-10-09 06:40:06'),(691,6898,2,'2023-10-09 06:40:06','2023-10-09 06:40:06'),(692,6898,2,'2023-10-09 06:40:06','2023-10-09 06:40:06'),(693,6899,2,'2023-10-09 06:40:06','2023-10-09 06:40:06'),(694,6899,2,'2023-10-09 06:40:06','2023-10-09 06:40:06'),(695,6900,2,'2023-10-09 06:40:06','2023-10-09 06:40:06'),(696,6900,2,'2023-10-09 06:40:06','2023-10-09 06:40:06'),(697,6901,2,'2023-10-09 06:40:06','2023-10-09 06:40:06'),(698,6901,2,'2023-10-09 06:40:06','2023-10-09 06:40:06'),(699,6902,2,'2023-10-09 06:40:06','2023-10-09 06:40:06'),(700,6902,2,'2023-10-09 06:40:06','2023-10-09 06:40:06'),(701,6903,2,'2023-10-09 06:40:06','2023-10-09 06:40:06'),(702,6903,2,'2023-10-09 06:40:06','2023-10-09 06:40:06'),(703,6904,2,'2023-10-09 06:40:06','2023-10-09 06:40:06'),(704,6904,2,'2023-10-09 06:40:06','2023-10-09 06:40:06'),(705,6905,2,'2023-10-09 06:40:06','2023-10-09 06:40:06'),(706,6905,2,'2023-10-09 06:40:06','2023-10-09 06:40:06'),(707,6906,2,'2023-10-09 06:40:06','2023-10-09 06:40:06'),(708,6906,2,'2023-10-09 06:40:06','2023-10-09 06:40:06'),(709,6907,2,'2023-10-09 06:40:06','2023-10-09 06:40:06'),(710,6907,2,'2023-10-09 06:40:06','2023-10-09 06:40:06'),(711,6908,2,'2023-10-09 06:40:06','2023-10-09 06:40:06'),(712,6908,2,'2023-10-09 06:40:06','2023-10-09 06:40:06'),(713,6909,2,'2023-10-09 06:40:06','2023-10-09 06:40:06'),(714,6909,2,'2023-10-09 06:40:06','2023-10-09 06:40:06'),(715,6910,2,'2023-10-09 06:40:06','2023-10-09 06:40:06'),(716,6910,2,'2023-10-09 06:40:06','2023-10-09 06:40:06'),(717,6911,2,'2023-10-09 06:40:06','2023-10-09 06:40:06'),(718,6911,2,'2023-10-09 06:40:06','2023-10-09 06:40:06'),(719,6912,2,'2023-10-09 06:40:06','2023-10-09 06:40:06'),(720,6912,2,'2023-10-09 06:40:06','2023-10-09 06:40:06'),(721,6913,2,'2023-10-09 06:40:06','2023-10-09 06:40:06'),(722,6913,2,'2023-10-09 06:40:06','2023-10-09 06:40:06'),(723,6914,2,'2023-10-09 06:40:06','2023-10-09 06:40:06'),(724,6914,2,'2023-10-09 06:40:06','2023-10-09 06:40:06'),(725,6915,2,'2023-10-09 06:40:06','2023-10-09 06:40:06'),(726,6915,2,'2023-10-09 06:40:06','2023-10-09 06:40:06'),(727,6916,2,'2023-10-09 06:40:06','2023-10-09 06:40:06'),(728,6916,2,'2023-10-09 06:40:06','2023-10-09 06:40:06'),(729,6917,2,'2023-10-09 06:40:06','2023-10-09 06:40:06'),(730,6917,2,'2023-10-09 06:40:06','2023-10-09 06:40:06'),(731,6918,2,'2023-10-09 06:40:06','2023-10-09 06:40:06'),(732,6918,2,'2023-10-09 06:40:06','2023-10-09 06:40:06'),(733,6919,2,'2023-10-09 06:40:06','2023-10-09 06:40:06'),(734,6919,2,'2023-10-09 06:40:06','2023-10-09 06:40:06'),(735,6920,2,'2023-10-09 06:40:06','2023-10-09 06:40:06'),(736,6920,2,'2023-10-09 06:40:06','2023-10-09 06:40:06'),(737,6921,2,'2023-10-09 06:40:06','2023-10-09 06:40:06'),(738,6921,2,'2023-10-09 06:40:06','2023-10-09 06:40:06'),(739,6922,2,'2023-10-09 06:40:06','2023-10-09 06:40:06'),(740,6922,2,'2023-10-09 06:40:06','2023-10-09 06:40:06'),(741,6923,2,'2023-10-09 06:40:06','2023-10-09 06:40:06'),(742,6923,2,'2023-10-09 06:40:06','2023-10-09 06:40:06'),(743,6924,2,'2023-10-09 06:40:06','2023-10-09 06:40:06'),(744,6924,2,'2023-10-09 06:40:06','2023-10-09 06:40:06'),(745,6925,2,'2023-10-09 06:40:06','2023-10-09 06:40:06'),(746,6925,2,'2023-10-09 06:40:06','2023-10-09 06:40:06'),(747,6926,2,'2023-10-09 06:40:06','2023-10-09 06:40:06'),(748,6926,2,'2023-10-09 06:40:06','2023-10-09 06:40:06'),(749,6927,2,'2023-10-09 06:40:06','2023-10-09 06:40:06'),(750,6927,2,'2023-10-09 06:40:06','2023-10-09 06:40:06'),(751,6928,2,'2023-10-09 06:40:06','2023-10-09 06:40:06'),(752,6928,2,'2023-10-09 06:40:06','2023-10-09 06:40:06'),(753,6929,2,'2023-10-09 06:40:06','2023-10-09 06:40:06'),(754,6929,2,'2023-10-09 06:40:06','2023-10-09 06:40:06'),(755,6930,2,'2023-10-09 06:40:06','2023-10-09 06:40:06'),(756,6930,2,'2023-10-09 06:40:06','2023-10-09 06:40:06'),(757,6931,2,'2023-10-09 06:40:06','2023-10-09 06:40:06'),(758,6931,2,'2023-10-09 06:40:06','2023-10-09 06:40:06'),(759,6932,2,'2023-10-09 06:40:06','2023-10-09 06:40:06'),(760,6932,2,'2023-10-09 06:40:06','2023-10-09 06:40:06'),(761,6933,2,'2023-10-09 06:40:06','2023-10-09 06:40:06'),(762,6933,2,'2023-10-09 06:40:06','2023-10-09 06:40:06'),(763,6934,2,'2023-10-09 06:40:06','2023-10-09 06:40:06'),(764,6934,2,'2023-10-09 06:40:06','2023-10-09 06:40:06'),(765,6935,2,'2023-10-09 06:40:06','2023-10-09 06:40:06'),(766,6935,2,'2023-10-09 06:40:06','2023-10-09 06:40:06'),(767,6936,2,'2023-10-09 06:40:06','2023-10-09 06:40:06'),(768,6936,2,'2023-10-09 06:40:06','2023-10-09 06:40:06'),(769,6937,2,'2023-10-09 06:40:06','2023-10-09 06:40:06'),(770,6937,2,'2023-10-09 06:40:06','2023-10-09 06:40:06'),(771,6938,2,'2023-10-09 06:40:06','2023-10-09 06:40:06'),(772,6938,2,'2023-10-09 06:40:06','2023-10-09 06:40:06'),(773,6939,2,'2023-10-09 06:40:06','2023-10-09 06:40:06'),(774,6939,2,'2023-10-09 06:40:06','2023-10-09 06:40:06'),(775,6940,2,'2023-10-09 06:40:06','2023-10-09 06:40:06'),(776,6940,2,'2023-10-09 06:40:06','2023-10-09 06:40:06'),(777,6941,2,'2023-10-09 06:40:06','2023-10-09 06:40:06'),(778,6941,2,'2023-10-09 06:40:06','2023-10-09 06:40:06'),(779,6942,2,'2023-10-09 06:40:06','2023-10-09 06:40:06'),(780,6942,2,'2023-10-09 06:40:06','2023-10-09 06:40:06'),(781,6943,2,'2023-10-09 06:40:06','2023-10-09 06:40:06'),(782,6943,2,'2023-10-09 06:40:06','2023-10-09 06:40:06'),(783,6944,2,'2023-10-09 06:40:06','2023-10-09 06:40:06'),(784,6944,2,'2023-10-09 06:40:06','2023-10-09 06:40:06'),(785,6945,2,'2023-10-09 06:40:06','2023-10-09 06:40:06'),(786,6945,2,'2023-10-09 06:40:06','2023-10-09 06:40:06'),(787,6946,2,'2023-10-09 06:40:06','2023-10-09 06:40:06'),(788,6946,2,'2023-10-09 06:40:06','2023-10-09 06:40:06'),(789,6947,2,'2023-10-09 06:40:06','2023-10-09 06:40:06'),(790,6947,2,'2023-10-09 06:40:06','2023-10-09 06:40:06'),(791,6948,2,'2023-10-09 06:40:06','2023-10-09 06:40:06'),(792,6948,2,'2023-10-09 06:40:06','2023-10-09 06:40:06'),(793,6949,2,'2023-10-09 06:40:06','2023-10-09 06:40:06'),(794,6949,2,'2023-10-09 06:40:06','2023-10-09 06:40:06'),(795,6950,2,'2023-10-09 06:40:07','2023-10-09 06:40:07'),(796,6950,2,'2023-10-09 06:40:07','2023-10-09 06:40:07'),(797,6951,2,'2023-10-09 06:40:07','2023-10-09 06:40:07'),(798,6951,2,'2023-10-09 06:40:07','2023-10-09 06:40:07'),(799,6952,2,'2023-10-09 06:40:07','2023-10-09 06:40:07'),(800,6952,2,'2023-10-09 06:40:07','2023-10-09 06:40:07'),(801,6953,2,'2023-10-09 06:40:07','2023-10-09 06:40:07'),(802,6953,2,'2023-10-09 06:40:07','2023-10-09 06:40:07'),(803,6954,2,'2023-10-09 06:40:07','2023-10-09 06:40:07'),(804,6954,2,'2023-10-09 06:40:07','2023-10-09 06:40:07'),(805,6955,2,'2023-10-09 06:40:07','2023-10-09 06:40:07'),(806,6955,2,'2023-10-09 06:40:07','2023-10-09 06:40:07'),(807,6956,2,'2023-10-09 06:40:07','2023-10-09 06:40:07'),(808,6956,2,'2023-10-09 06:40:07','2023-10-09 06:40:07'),(809,6957,2,'2023-10-09 06:40:07','2023-10-09 06:40:07'),(810,6957,2,'2023-10-09 06:40:07','2023-10-09 06:40:07'),(811,6958,2,'2023-10-09 06:40:07','2023-10-09 06:40:07'),(812,6958,2,'2023-10-09 06:40:07','2023-10-09 06:40:07'),(813,6959,2,'2023-10-09 06:40:07','2023-10-09 06:40:07'),(814,6959,2,'2023-10-09 06:40:07','2023-10-09 06:40:07'),(815,6960,2,'2023-10-09 06:40:07','2023-10-09 06:40:07'),(816,6960,2,'2023-10-09 06:40:07','2023-10-09 06:40:07'),(817,6961,2,'2023-10-09 06:40:07','2023-10-09 06:40:07'),(818,6961,2,'2023-10-09 06:40:07','2023-10-09 06:40:07'),(819,6962,2,'2023-10-09 06:40:07','2023-10-09 06:40:07'),(820,6962,2,'2023-10-09 06:40:07','2023-10-09 06:40:07'),(821,6963,2,'2023-10-09 06:40:07','2023-10-09 06:40:07'),(822,6963,2,'2023-10-09 06:40:07','2023-10-09 06:40:07'),(823,6964,2,'2023-10-09 06:40:07','2023-10-09 06:40:07'),(824,6964,2,'2023-10-09 06:40:07','2023-10-09 06:40:07'),(825,6965,2,'2023-10-09 06:40:07','2023-10-09 06:40:07'),(826,6965,2,'2023-10-09 06:40:07','2023-10-09 06:40:07'),(827,6966,2,'2023-10-09 06:40:07','2023-10-09 06:40:07'),(828,6966,2,'2023-10-09 06:40:07','2023-10-09 06:40:07'),(829,6967,2,'2023-10-09 06:40:07','2023-10-09 06:40:07'),(830,6967,2,'2023-10-09 06:40:07','2023-10-09 06:40:07'),(831,6968,2,'2023-10-09 06:40:07','2023-10-09 06:40:07'),(832,6968,2,'2023-10-09 06:40:07','2023-10-09 06:40:07'),(833,6969,2,'2023-10-09 06:40:07','2023-10-09 06:40:07'),(834,6969,2,'2023-10-09 06:40:07','2023-10-09 06:40:07'),(835,6970,2,'2023-10-09 06:40:07','2023-10-09 06:40:07'),(836,6970,2,'2023-10-09 06:40:07','2023-10-09 06:40:07'),(837,6971,2,'2023-10-09 06:40:07','2023-10-09 06:40:07'),(838,6971,2,'2023-10-09 06:40:07','2023-10-09 06:40:07'),(839,6972,2,'2023-10-09 06:40:07','2023-10-09 06:40:07'),(840,6972,2,'2023-10-09 06:40:07','2023-10-09 06:40:07'),(841,6973,2,'2023-10-09 06:40:07','2023-10-09 06:40:07'),(842,6973,2,'2023-10-09 06:40:07','2023-10-09 06:40:07'),(843,6974,2,'2023-10-09 06:40:07','2023-10-09 06:40:07'),(844,6974,2,'2023-10-09 06:40:07','2023-10-09 06:40:07'),(845,6975,2,'2023-10-09 06:40:07','2023-10-09 06:40:07'),(846,6975,2,'2023-10-09 06:40:07','2023-10-09 06:40:07'),(847,6976,2,'2023-10-09 06:40:07','2023-10-09 06:40:07'),(848,6976,2,'2023-10-09 06:40:07','2023-10-09 06:40:07'),(849,6977,2,'2023-10-09 06:40:07','2023-10-09 06:40:07'),(850,6977,2,'2023-10-09 06:40:07','2023-10-09 06:40:07'),(851,6978,2,'2023-10-09 06:40:07','2023-10-09 06:40:07'),(852,6978,2,'2023-10-09 06:40:07','2023-10-09 06:40:07'),(853,6979,2,'2023-10-09 06:40:07','2023-10-09 06:40:07'),(854,6979,2,'2023-10-09 06:40:07','2023-10-09 06:40:07'),(855,6980,2,'2023-10-09 06:40:07','2023-10-09 06:40:07'),(856,6980,2,'2023-10-09 06:40:07','2023-10-09 06:40:07'),(857,6981,2,'2023-10-09 06:40:07','2023-10-09 06:40:07'),(858,6981,2,'2023-10-09 06:40:07','2023-10-09 06:40:07'),(859,6982,2,'2023-10-09 06:40:07','2023-10-09 06:40:07'),(860,6982,2,'2023-10-09 06:40:07','2023-10-09 06:40:07'),(861,6983,2,'2023-10-09 06:40:07','2023-10-09 06:40:07'),(862,6983,2,'2023-10-09 06:40:07','2023-10-09 06:40:07'),(863,6984,2,'2023-10-09 06:40:07','2023-10-09 06:40:07'),(864,6984,2,'2023-10-09 06:40:07','2023-10-09 06:40:07'),(865,6985,2,'2023-10-09 06:40:07','2023-10-09 06:40:07'),(866,6985,2,'2023-10-09 06:40:07','2023-10-09 06:40:07'),(867,6986,2,'2023-10-09 06:40:07','2023-10-09 06:40:07'),(868,6986,2,'2023-10-09 06:40:07','2023-10-09 06:40:07'),(869,6987,2,'2023-10-09 06:40:07','2023-10-09 06:40:07'),(870,6987,2,'2023-10-09 06:40:07','2023-10-09 06:40:07'),(871,6988,2,'2023-10-09 06:40:07','2023-10-09 06:40:07'),(872,6988,2,'2023-10-09 06:40:07','2023-10-09 06:40:07'),(873,6989,2,'2023-10-09 06:40:07','2023-10-09 06:40:07'),(874,6989,2,'2023-10-09 06:40:07','2023-10-09 06:40:07'),(875,6990,2,'2023-10-09 06:40:07','2023-10-09 06:40:07'),(876,6990,2,'2023-10-09 06:40:07','2023-10-09 06:40:07'),(877,6991,2,'2023-10-09 06:40:07','2023-10-09 06:40:07'),(878,6991,2,'2023-10-09 06:40:07','2023-10-09 06:40:07'),(879,6992,2,'2023-10-09 06:40:07','2023-10-09 06:40:07'),(880,6992,2,'2023-10-09 06:40:07','2023-10-09 06:40:07'),(881,6993,2,'2023-10-09 06:40:07','2023-10-09 06:40:07'),(882,6993,2,'2023-10-09 06:40:07','2023-10-09 06:40:07'),(883,6994,2,'2023-10-09 06:40:07','2023-10-09 06:40:07'),(884,6994,2,'2023-10-09 06:40:07','2023-10-09 06:40:07'),(885,6995,2,'2023-10-09 06:40:07','2023-10-09 06:40:07'),(886,6995,2,'2023-10-09 06:40:07','2023-10-09 06:40:07'),(887,6996,2,'2023-10-09 06:40:07','2023-10-09 06:40:07'),(888,6996,2,'2023-10-09 06:40:07','2023-10-09 06:40:07'),(889,6997,2,'2023-10-09 06:40:07','2023-10-09 06:40:07'),(890,6997,2,'2023-10-09 06:40:07','2023-10-09 06:40:07'),(891,6998,2,'2023-10-09 06:40:07','2023-10-09 06:40:07'),(892,6998,2,'2023-10-09 06:40:07','2023-10-09 06:40:07'),(893,6999,2,'2023-10-09 06:40:07','2023-10-09 06:40:07'),(894,6999,2,'2023-10-09 06:40:07','2023-10-09 06:40:07'),(895,7000,2,'2023-10-09 06:40:07','2023-10-09 06:40:07'),(896,7000,2,'2023-10-09 06:40:07','2023-10-09 06:40:07'),(897,7001,2,'2023-10-09 06:40:07','2023-10-09 06:40:07'),(898,7001,2,'2023-10-09 06:40:07','2023-10-09 06:40:07'),(899,7002,2,'2023-10-09 06:40:07','2023-10-09 06:40:07'),(900,7002,2,'2023-10-09 06:40:07','2023-10-09 06:40:07'),(901,7003,2,'2023-10-09 06:40:07','2023-10-09 06:40:07'),(902,7003,2,'2023-10-09 06:40:07','2023-10-09 06:40:07'),(903,7004,2,'2023-10-09 06:40:07','2023-10-09 06:40:07'),(904,7004,2,'2023-10-09 06:40:07','2023-10-09 06:40:07'),(905,7005,2,'2023-10-09 06:40:07','2023-10-09 06:40:07'),(906,7005,2,'2023-10-09 06:40:07','2023-10-09 06:40:07'),(907,7006,2,'2023-10-09 06:40:07','2023-10-09 06:40:07'),(908,7006,2,'2023-10-09 06:40:07','2023-10-09 06:40:07'),(909,7007,2,'2023-10-09 06:40:07','2023-10-09 06:40:07'),(910,7007,2,'2023-10-09 06:40:07','2023-10-09 06:40:07'),(911,7008,2,'2023-10-09 06:40:07','2023-10-09 06:40:07'),(912,7008,2,'2023-10-09 06:40:07','2023-10-09 06:40:07'),(913,7009,2,'2023-10-09 06:40:07','2023-10-09 06:40:07'),(914,7009,2,'2023-10-09 06:40:07','2023-10-09 06:40:07'),(915,7010,2,'2023-10-09 06:40:08','2023-10-09 06:40:08'),(916,7010,2,'2023-10-09 06:40:08','2023-10-09 06:40:08'),(917,7011,2,'2023-10-09 06:40:08','2023-10-09 06:40:08'),(918,7011,2,'2023-10-09 06:40:08','2023-10-09 06:40:08'),(919,7012,2,'2023-10-09 06:40:08','2023-10-09 06:40:08'),(920,7012,2,'2023-10-09 06:40:08','2023-10-09 06:40:08'),(921,7013,2,'2023-10-09 06:40:08','2023-10-09 06:40:08'),(922,7013,2,'2023-10-09 06:40:08','2023-10-09 06:40:08'),(923,7014,2,'2023-10-09 06:40:08','2023-10-09 06:40:08'),(924,7014,2,'2023-10-09 06:40:08','2023-10-09 06:40:08'),(925,7015,2,'2023-10-09 06:40:08','2023-10-09 06:40:08'),(926,7015,2,'2023-10-09 06:40:08','2023-10-09 06:40:08'),(927,7016,2,'2023-10-09 06:40:08','2023-10-09 06:40:08'),(928,7016,2,'2023-10-09 06:40:08','2023-10-09 06:40:08'),(929,7017,2,'2023-10-09 06:40:08','2023-10-09 06:40:08'),(930,7017,2,'2023-10-09 06:40:08','2023-10-09 06:40:08'),(931,7018,2,'2023-10-09 06:40:08','2023-10-09 06:40:08'),(932,7018,2,'2023-10-09 06:40:08','2023-10-09 06:40:08'),(933,7019,2,'2023-10-09 06:40:08','2023-10-09 06:40:08'),(934,7019,2,'2023-10-09 06:40:08','2023-10-09 06:40:08'),(935,7020,2,'2023-10-09 06:40:08','2023-10-09 06:40:08'),(936,7020,2,'2023-10-09 06:40:08','2023-10-09 06:40:08'),(937,7021,2,'2023-10-09 06:40:08','2023-10-09 06:40:08'),(938,7021,2,'2023-10-09 06:40:08','2023-10-09 06:40:08'),(939,7022,2,'2023-10-09 06:40:08','2023-10-09 06:40:08'),(940,7022,2,'2023-10-09 06:40:08','2023-10-09 06:40:08'),(941,7023,2,'2023-10-09 06:40:08','2023-10-09 06:40:08'),(942,7023,2,'2023-10-09 06:40:08','2023-10-09 06:40:08'),(943,7024,2,'2023-10-09 06:40:08','2023-10-09 06:40:08'),(944,7024,2,'2023-10-09 06:40:08','2023-10-09 06:40:08'),(945,7025,2,'2023-10-09 06:40:08','2023-10-09 06:40:08'),(946,7025,2,'2023-10-09 06:40:08','2023-10-09 06:40:08'),(947,7026,2,'2023-10-09 06:40:08','2023-10-09 06:40:08'),(948,7026,2,'2023-10-09 06:40:08','2023-10-09 06:40:08'),(949,7027,2,'2023-10-09 06:40:08','2023-10-09 06:40:08'),(950,7027,2,'2023-10-09 06:40:08','2023-10-09 06:40:08'),(951,7028,2,'2023-10-09 06:40:08','2023-10-09 06:40:08'),(952,7028,2,'2023-10-09 06:40:08','2023-10-09 06:40:08'),(953,7029,2,'2023-10-09 06:40:08','2023-10-09 06:40:08'),(954,7029,2,'2023-10-09 06:40:08','2023-10-09 06:40:08'),(955,7030,2,'2023-10-09 06:40:08','2023-10-09 06:40:08'),(956,7030,2,'2023-10-09 06:40:08','2023-10-09 06:40:08'),(957,7031,2,'2023-10-09 06:40:08','2023-10-09 06:40:08'),(958,7031,2,'2023-10-09 06:40:08','2023-10-09 06:40:08'),(959,7032,2,'2023-10-09 06:40:08','2023-10-09 06:40:08'),(960,7032,2,'2023-10-09 06:40:08','2023-10-09 06:40:08'),(961,7033,2,'2023-10-09 06:40:08','2023-10-09 06:40:08'),(962,7033,2,'2023-10-09 06:40:08','2023-10-09 06:40:08'),(963,7034,2,'2023-10-09 06:40:08','2023-10-09 06:40:08'),(964,7034,2,'2023-10-09 06:40:08','2023-10-09 06:40:08'),(965,7035,2,'2023-10-09 06:40:08','2023-10-09 06:40:08'),(966,7035,2,'2023-10-09 06:40:08','2023-10-09 06:40:08'),(967,7036,2,'2023-10-09 06:40:08','2023-10-09 06:40:08'),(968,7036,2,'2023-10-09 06:40:08','2023-10-09 06:40:08'),(969,7037,2,'2023-10-09 06:40:08','2023-10-09 06:40:08'),(970,7037,2,'2023-10-09 06:40:08','2023-10-09 06:40:08'),(971,7038,2,'2023-10-09 06:40:08','2023-10-09 06:40:08'),(972,7038,2,'2023-10-09 06:40:08','2023-10-09 06:40:08'),(973,7039,2,'2023-10-09 06:40:08','2023-10-09 06:40:08'),(974,7039,2,'2023-10-09 06:40:08','2023-10-09 06:40:08'),(975,7040,2,'2023-10-09 06:40:08','2023-10-09 06:40:08'),(976,7040,2,'2023-10-09 06:40:08','2023-10-09 06:40:08'),(977,7041,2,'2023-10-09 06:40:08','2023-10-09 06:40:08'),(978,7041,2,'2023-10-09 06:40:08','2023-10-09 06:40:08'),(979,7042,2,'2023-10-09 06:40:08','2023-10-09 06:40:08'),(980,7042,2,'2023-10-09 06:40:08','2023-10-09 06:40:08'),(981,7043,2,'2023-10-09 06:40:08','2023-10-09 06:40:08'),(982,7043,2,'2023-10-09 06:40:08','2023-10-09 06:40:08'),(983,7044,2,'2023-10-09 06:40:08','2023-10-09 06:40:08'),(984,7044,2,'2023-10-09 06:40:08','2023-10-09 06:40:08'),(985,7045,2,'2023-10-09 06:40:08','2023-10-09 06:40:08'),(986,7045,2,'2023-10-09 06:40:08','2023-10-09 06:40:08'),(987,7046,2,'2023-10-09 06:40:08','2023-10-09 06:40:08'),(988,7046,2,'2023-10-09 06:40:08','2023-10-09 06:40:08'),(989,7047,2,'2023-10-09 06:40:08','2023-10-09 06:40:08'),(990,7047,2,'2023-10-09 06:40:08','2023-10-09 06:40:08'),(991,7048,2,'2023-10-09 06:40:08','2023-10-09 06:40:08'),(992,7048,2,'2023-10-09 06:40:08','2023-10-09 06:40:08'),(993,7049,2,'2023-10-09 06:40:08','2023-10-09 06:40:08'),(994,7049,2,'2023-10-09 06:40:08','2023-10-09 06:40:08'),(995,7050,2,'2023-10-09 06:40:08','2023-10-09 06:40:08'),(996,7050,2,'2023-10-09 06:40:08','2023-10-09 06:40:08'),(997,7051,2,'2023-10-09 06:40:08','2023-10-09 06:40:08'),(998,7051,2,'2023-10-09 06:40:08','2023-10-09 06:40:08'),(999,7052,2,'2023-10-09 06:40:08','2023-10-09 06:40:08'),(1000,7052,2,'2023-10-09 06:40:08','2023-10-09 06:40:08'),(1001,7053,2,'2023-10-09 06:40:08','2023-10-09 06:40:08'),(1002,7053,2,'2023-10-09 06:40:08','2023-10-09 06:40:08'),(1003,7054,2,'2023-10-09 06:40:08','2023-10-09 06:40:08'),(1004,7054,2,'2023-10-09 06:40:08','2023-10-09 06:40:08'),(1005,7055,2,'2023-10-09 06:40:08','2023-10-09 06:40:08'),(1006,7055,2,'2023-10-09 06:40:08','2023-10-09 06:40:08'),(1007,7056,2,'2023-10-09 06:40:08','2023-10-09 06:40:08'),(1008,7056,2,'2023-10-09 06:40:08','2023-10-09 06:40:08'),(1009,7057,2,'2023-10-09 06:40:08','2023-10-09 06:40:08'),(1010,7057,2,'2023-10-09 06:40:08','2023-10-09 06:40:08'),(1011,7058,2,'2023-10-09 06:40:08','2023-10-09 06:40:08'),(1012,7058,2,'2023-10-09 06:40:08','2023-10-09 06:40:08'),(1013,7059,2,'2023-10-09 06:40:08','2023-10-09 06:40:08'),(1014,7059,2,'2023-10-09 06:40:08','2023-10-09 06:40:08'),(1015,7060,2,'2023-10-09 06:40:08','2023-10-09 06:40:08'),(1016,7060,2,'2023-10-09 06:40:08','2023-10-09 06:40:08'),(1017,7061,2,'2023-10-09 06:40:08','2023-10-09 06:40:08'),(1018,7061,2,'2023-10-09 06:40:08','2023-10-09 06:40:08'),(1019,7062,2,'2023-10-09 06:40:08','2023-10-09 06:40:08'),(1020,7062,2,'2023-10-09 06:40:08','2023-10-09 06:40:08'),(1021,7063,2,'2023-10-09 06:40:08','2023-10-09 06:40:08'),(1022,7063,2,'2023-10-09 06:40:08','2023-10-09 06:40:08'),(1023,7064,2,'2023-10-09 06:40:08','2023-10-09 06:40:08'),(1024,7064,2,'2023-10-09 06:40:08','2023-10-09 06:40:08'),(1025,7065,2,'2023-10-09 06:40:08','2023-10-09 06:40:08'),(1026,7065,2,'2023-10-09 06:40:08','2023-10-09 06:40:08'),(1027,7066,2,'2023-10-09 06:40:08','2023-10-09 06:40:08'),(1028,7066,2,'2023-10-09 06:40:08','2023-10-09 06:40:08'),(1029,7067,2,'2023-10-09 06:40:08','2023-10-09 06:40:08'),(1030,7067,2,'2023-10-09 06:40:08','2023-10-09 06:40:08'),(1031,7068,2,'2023-10-09 06:40:08','2023-10-09 06:40:08'),(1032,7068,2,'2023-10-09 06:40:08','2023-10-09 06:40:08'),(1033,7069,2,'2023-10-09 06:40:08','2023-10-09 06:40:08'),(1034,7069,2,'2023-10-09 06:40:08','2023-10-09 06:40:08'),(1035,7070,2,'2023-10-09 06:40:08','2023-10-09 06:40:08'),(1036,7070,2,'2023-10-09 06:40:08','2023-10-09 06:40:08'),(1037,7071,2,'2023-10-09 06:40:08','2023-10-09 06:40:08'),(1038,7071,2,'2023-10-09 06:40:08','2023-10-09 06:40:08'),(1039,7072,2,'2023-10-09 06:40:09','2023-10-09 06:40:09'),(1040,7072,2,'2023-10-09 06:40:09','2023-10-09 06:40:09'),(1041,7073,2,'2023-10-09 06:40:09','2023-10-09 06:40:09'),(1042,7073,2,'2023-10-09 06:40:09','2023-10-09 06:40:09'),(1043,7074,2,'2023-10-09 06:40:09','2023-10-09 06:40:09'),(1044,7074,2,'2023-10-09 06:40:09','2023-10-09 06:40:09'),(1045,7075,2,'2023-10-09 06:40:09','2023-10-09 06:40:09'),(1046,7075,2,'2023-10-09 06:40:09','2023-10-09 06:40:09'),(1047,7076,2,'2023-10-09 06:40:09','2023-10-09 06:40:09'),(1048,7076,2,'2023-10-09 06:40:09','2023-10-09 06:40:09'),(1049,7077,2,'2023-10-09 06:40:09','2023-10-09 06:40:09'),(1050,7077,2,'2023-10-09 06:40:09','2023-10-09 06:40:09'),(1051,7078,2,'2023-10-09 06:40:09','2023-10-09 06:40:09'),(1052,7078,2,'2023-10-09 06:40:09','2023-10-09 06:40:09'),(1053,7079,2,'2023-10-09 06:40:09','2023-10-09 06:40:09'),(1054,7079,2,'2023-10-09 06:40:09','2023-10-09 06:40:09'),(1055,7080,2,'2023-10-09 06:40:09','2023-10-09 06:40:09'),(1056,7080,2,'2023-10-09 06:40:09','2023-10-09 06:40:09'),(1057,7081,2,'2023-10-09 06:40:09','2023-10-09 06:40:09'),(1058,7081,2,'2023-10-09 06:40:09','2023-10-09 06:40:09'),(1059,7082,2,'2023-10-09 06:40:09','2023-10-09 06:40:09'),(1060,7082,2,'2023-10-09 06:40:09','2023-10-09 06:40:09'),(1061,7083,2,'2023-10-09 06:40:09','2023-10-09 06:40:09'),(1062,7083,2,'2023-10-09 06:40:09','2023-10-09 06:40:09'),(1063,7084,2,'2023-10-09 06:40:09','2023-10-09 06:40:09'),(1064,7084,2,'2023-10-09 06:40:09','2023-10-09 06:40:09'),(1065,7085,2,'2023-10-09 06:40:09','2023-10-09 06:40:09'),(1066,7085,2,'2023-10-09 06:40:09','2023-10-09 06:40:09'),(1067,7086,2,'2023-10-09 06:40:09','2023-10-09 06:40:09'),(1068,7086,2,'2023-10-09 06:40:09','2023-10-09 06:40:09'),(1069,7087,2,'2023-10-09 06:40:09','2023-10-09 06:40:09'),(1070,7087,2,'2023-10-09 06:40:09','2023-10-09 06:40:09'),(1071,7088,2,'2023-10-09 06:40:09','2023-10-09 06:40:09'),(1072,7088,2,'2023-10-09 06:40:09','2023-10-09 06:40:09'),(1073,7089,2,'2023-10-09 06:40:09','2023-10-09 06:40:09'),(1074,7089,2,'2023-10-09 06:40:09','2023-10-09 06:40:09'),(1075,7090,2,'2023-10-09 06:40:09','2023-10-09 06:40:09'),(1076,7090,2,'2023-10-09 06:40:09','2023-10-09 06:40:09'),(1077,7091,2,'2023-10-09 06:40:09','2023-10-09 06:40:09'),(1078,7091,2,'2023-10-09 06:40:09','2023-10-09 06:40:09'),(1079,7092,2,'2023-10-09 06:40:09','2023-10-09 06:40:09'),(1080,7092,2,'2023-10-09 06:40:09','2023-10-09 06:40:09'),(1081,7093,2,'2023-10-09 06:40:09','2023-10-09 06:40:09'),(1082,7093,2,'2023-10-09 06:40:09','2023-10-09 06:40:09'),(1083,7094,2,'2023-10-09 06:40:09','2023-10-09 06:40:09'),(1084,7094,2,'2023-10-09 06:40:09','2023-10-09 06:40:09'),(1085,7095,2,'2023-10-09 06:40:09','2023-10-09 06:40:09'),(1086,7095,2,'2023-10-09 06:40:09','2023-10-09 06:40:09'),(1087,7096,2,'2023-10-09 06:40:09','2023-10-09 06:40:09'),(1088,7096,2,'2023-10-09 06:40:09','2023-10-09 06:40:09'),(1089,7097,2,'2023-10-09 06:40:09','2023-10-09 06:40:09'),(1090,7097,2,'2023-10-09 06:40:09','2023-10-09 06:40:09'),(1091,7098,2,'2023-10-09 06:40:09','2023-10-09 06:40:09'),(1092,7098,2,'2023-10-09 06:40:09','2023-10-09 06:40:09'),(1093,7099,2,'2023-10-09 06:40:09','2023-10-09 06:40:09'),(1094,7099,2,'2023-10-09 06:40:09','2023-10-09 06:40:09'),(1095,7100,2,'2023-10-09 06:40:09','2023-10-09 06:40:09'),(1096,7100,2,'2023-10-09 06:40:09','2023-10-09 06:40:09'),(1097,7101,2,'2023-10-09 06:40:09','2023-10-09 06:40:09'),(1098,7101,2,'2023-10-09 06:40:09','2023-10-09 06:40:09'),(1099,7102,2,'2023-10-09 06:40:09','2023-10-09 06:40:09'),(1100,7102,2,'2023-10-09 06:40:09','2023-10-09 06:40:09'),(1101,7103,2,'2023-10-09 06:40:09','2023-10-09 06:40:09'),(1102,7103,2,'2023-10-09 06:40:09','2023-10-09 06:40:09'),(1103,7104,2,'2023-10-09 06:40:09','2023-10-09 06:40:09'),(1104,7104,2,'2023-10-09 06:40:09','2023-10-09 06:40:09'),(1105,7105,2,'2023-10-09 06:40:09','2023-10-09 06:40:09'),(1106,7105,2,'2023-10-09 06:40:09','2023-10-09 06:40:09'),(1107,7106,2,'2023-10-09 06:40:09','2023-10-09 06:40:09'),(1108,7106,2,'2023-10-09 06:40:09','2023-10-09 06:40:09'),(1109,7107,2,'2023-10-09 06:40:09','2023-10-09 06:40:09'),(1110,7107,2,'2023-10-09 06:40:09','2023-10-09 06:40:09'),(1111,7108,2,'2023-10-09 06:40:09','2023-10-09 06:40:09'),(1112,7108,2,'2023-10-09 06:40:09','2023-10-09 06:40:09'),(1113,7109,2,'2023-10-09 06:40:09','2023-10-09 06:40:09'),(1114,7109,2,'2023-10-09 06:40:09','2023-10-09 06:40:09'),(1115,7110,2,'2023-10-09 06:40:09','2023-10-09 06:40:09'),(1116,7110,2,'2023-10-09 06:40:09','2023-10-09 06:40:09'),(1117,7111,2,'2023-10-09 06:40:09','2023-10-09 06:40:09'),(1118,7111,2,'2023-10-09 06:40:09','2023-10-09 06:40:09'),(1119,7112,2,'2023-10-09 06:40:09','2023-10-09 06:40:09'),(1120,7112,2,'2023-10-09 06:40:09','2023-10-09 06:40:09'),(1121,7113,2,'2023-10-09 06:40:09','2023-10-09 06:40:09'),(1122,7113,2,'2023-10-09 06:40:09','2023-10-09 06:40:09'),(1123,7114,2,'2023-10-09 06:40:09','2023-10-09 06:40:09'),(1124,7114,2,'2023-10-09 06:40:09','2023-10-09 06:40:09'),(1125,7115,2,'2023-10-09 06:40:09','2023-10-09 06:40:09'),(1126,7115,2,'2023-10-09 06:40:09','2023-10-09 06:40:09'),(1127,7116,2,'2023-10-09 06:40:09','2023-10-09 06:40:09'),(1128,7116,2,'2023-10-09 06:40:09','2023-10-09 06:40:09'),(1129,7117,2,'2023-10-09 06:40:09','2023-10-09 06:40:09'),(1130,7117,2,'2023-10-09 06:40:09','2023-10-09 06:40:09'),(1131,7118,2,'2023-10-09 06:40:09','2023-10-09 06:40:09'),(1132,7118,2,'2023-10-09 06:40:09','2023-10-09 06:40:09'),(1133,7119,2,'2023-10-09 06:40:09','2023-10-09 06:40:09'),(1134,7119,2,'2023-10-09 06:40:09','2023-10-09 06:40:09'),(1135,7120,2,'2023-10-09 06:40:09','2023-10-09 06:40:09'),(1136,7120,2,'2023-10-09 06:40:09','2023-10-09 06:40:09'),(1137,7121,2,'2023-10-09 06:40:09','2023-10-09 06:40:09'),(1138,7121,2,'2023-10-09 06:40:09','2023-10-09 06:40:09'),(1139,7122,2,'2023-10-09 06:40:09','2023-10-09 06:40:09'),(1140,7122,2,'2023-10-09 06:40:09','2023-10-09 06:40:09'),(1141,7123,2,'2023-10-09 06:40:09','2023-10-09 06:40:09'),(1142,7123,2,'2023-10-09 06:40:09','2023-10-09 06:40:09'),(1143,7124,2,'2023-10-09 06:40:09','2023-10-09 06:40:09'),(1144,7124,2,'2023-10-09 06:40:09','2023-10-09 06:40:09'),(1145,7125,2,'2023-10-09 06:40:09','2023-10-09 06:40:09'),(1146,7125,2,'2023-10-09 06:40:09','2023-10-09 06:40:09'),(1147,7126,2,'2023-10-09 06:40:09','2023-10-09 06:40:09'),(1148,7126,2,'2023-10-09 06:40:09','2023-10-09 06:40:09'),(1149,7127,2,'2023-10-09 06:40:09','2023-10-09 06:40:09'),(1150,7127,2,'2023-10-09 06:40:09','2023-10-09 06:40:09'),(1151,7128,2,'2023-10-09 06:40:09','2023-10-09 06:40:09'),(1152,7128,2,'2023-10-09 06:40:09','2023-10-09 06:40:09'),(1153,7129,2,'2023-10-09 06:40:09','2023-10-09 06:40:09'),(1154,7129,2,'2023-10-09 06:40:09','2023-10-09 06:40:09'),(1155,7130,2,'2023-10-09 06:40:09','2023-10-09 06:40:09'),(1156,7130,2,'2023-10-09 06:40:09','2023-10-09 06:40:09'),(1157,7131,2,'2023-10-09 06:40:10','2023-10-09 06:40:10'),(1158,7131,2,'2023-10-09 06:40:10','2023-10-09 06:40:10'),(1159,7132,2,'2023-10-09 06:40:10','2023-10-09 06:40:10'),(1160,7132,2,'2023-10-09 06:40:10','2023-10-09 06:40:10'),(1161,7133,2,'2023-10-09 06:40:10','2023-10-09 06:40:10'),(1162,7133,2,'2023-10-09 06:40:10','2023-10-09 06:40:10'),(1163,7134,2,'2023-10-09 06:40:10','2023-10-09 06:40:10'),(1164,7134,2,'2023-10-09 06:40:10','2023-10-09 06:40:10'),(1165,7135,2,'2023-10-09 06:40:10','2023-10-09 06:40:10'),(1166,7135,2,'2023-10-09 06:40:10','2023-10-09 06:40:10'),(1167,7136,2,'2023-10-09 06:40:10','2023-10-09 06:40:10'),(1168,7136,2,'2023-10-09 06:40:10','2023-10-09 06:40:10'),(1169,7137,2,'2023-10-09 06:40:10','2023-10-09 06:40:10'),(1170,7137,2,'2023-10-09 06:40:10','2023-10-09 06:40:10'),(1171,7138,2,'2023-10-09 06:40:10','2023-10-09 06:40:10'),(1172,7138,2,'2023-10-09 06:40:10','2023-10-09 06:40:10'),(1173,7139,2,'2023-10-09 06:40:10','2023-10-09 06:40:10'),(1174,7139,2,'2023-10-09 06:40:10','2023-10-09 06:40:10'),(1175,7140,2,'2023-10-09 06:40:10','2023-10-09 06:40:10'),(1176,7140,2,'2023-10-09 06:40:10','2023-10-09 06:40:10'),(1177,7141,2,'2023-10-09 06:40:10','2023-10-09 06:40:10'),(1178,7141,2,'2023-10-09 06:40:10','2023-10-09 06:40:10'),(1179,7142,2,'2023-10-09 06:40:10','2023-10-09 06:40:10'),(1180,7142,2,'2023-10-09 06:40:10','2023-10-09 06:40:10'),(1181,7143,2,'2023-10-09 06:40:10','2023-10-09 06:40:10'),(1182,7143,2,'2023-10-09 06:40:10','2023-10-09 06:40:10'),(1183,7144,2,'2023-10-09 06:40:10','2023-10-09 06:40:10'),(1184,7144,2,'2023-10-09 06:40:10','2023-10-09 06:40:10'),(1185,7145,2,'2023-10-09 06:40:10','2023-10-09 06:40:10'),(1186,7145,2,'2023-10-09 06:40:10','2023-10-09 06:40:10'),(1187,7146,2,'2023-10-09 06:40:10','2023-10-09 06:40:10'),(1188,7146,2,'2023-10-09 06:40:10','2023-10-09 06:40:10'),(1189,7147,2,'2023-10-09 06:40:10','2023-10-09 06:40:10'),(1190,7147,2,'2023-10-09 06:40:10','2023-10-09 06:40:10'),(1191,7148,2,'2023-10-09 06:40:10','2023-10-09 06:40:10'),(1192,7148,2,'2023-10-09 06:40:10','2023-10-09 06:40:10'),(1193,7149,2,'2023-10-09 06:40:10','2023-10-09 06:40:10'),(1194,7149,2,'2023-10-09 06:40:10','2023-10-09 06:40:10'),(1195,7150,2,'2023-10-09 06:40:10','2023-10-09 06:40:10'),(1196,7150,2,'2023-10-09 06:40:10','2023-10-09 06:40:10'),(1197,7151,2,'2023-10-09 06:40:10','2023-10-09 06:40:10'),(1198,7151,2,'2023-10-09 06:40:10','2023-10-09 06:40:10'),(1199,7152,2,'2023-10-09 06:40:10','2023-10-09 06:40:10'),(1200,7152,2,'2023-10-09 06:40:10','2023-10-09 06:40:10'),(1201,7153,2,'2023-10-09 06:40:10','2023-10-09 06:40:10'),(1202,7153,2,'2023-10-09 06:40:10','2023-10-09 06:40:10'),(1203,7154,2,'2023-10-09 06:40:10','2023-10-09 06:40:10'),(1204,7154,2,'2023-10-09 06:40:10','2023-10-09 06:40:10'),(1205,7155,2,'2023-10-09 06:40:10','2023-10-09 06:40:10'),(1206,7155,2,'2023-10-09 06:40:10','2023-10-09 06:40:10'),(1207,7156,2,'2023-10-09 06:40:10','2023-10-09 06:40:10'),(1208,7156,2,'2023-10-09 06:40:10','2023-10-09 06:40:10'),(1209,7157,2,'2023-10-09 06:40:10','2023-10-09 06:40:10'),(1210,7157,2,'2023-10-09 06:40:10','2023-10-09 06:40:10'),(1211,7158,2,'2023-10-09 06:40:10','2023-10-09 06:40:10'),(1212,7158,2,'2023-10-09 06:40:10','2023-10-09 06:40:10'),(1213,7159,2,'2023-10-09 06:40:10','2023-10-09 06:40:10'),(1214,7159,2,'2023-10-09 06:40:10','2023-10-09 06:40:10'),(1215,7160,2,'2023-10-09 06:40:10','2023-10-09 06:40:10'),(1216,7160,2,'2023-10-09 06:40:10','2023-10-09 06:40:10'),(1217,7161,2,'2023-10-09 06:40:10','2023-10-09 06:40:10'),(1218,7161,2,'2023-10-09 06:40:10','2023-10-09 06:40:10'),(1219,7162,2,'2023-10-09 06:40:10','2023-10-09 06:40:10'),(1220,7162,2,'2023-10-09 06:40:10','2023-10-09 06:40:10'),(1221,7163,2,'2023-10-09 06:40:10','2023-10-09 06:40:10'),(1222,7163,2,'2023-10-09 06:40:10','2023-10-09 06:40:10'),(1223,7164,2,'2023-10-09 06:40:10','2023-10-09 06:40:10'),(1224,7164,2,'2023-10-09 06:40:10','2023-10-09 06:40:10'),(1225,7165,2,'2023-10-09 06:40:10','2023-10-09 06:40:10'),(1226,7165,2,'2023-10-09 06:40:10','2023-10-09 06:40:10'),(1227,7166,2,'2023-10-09 06:40:10','2023-10-09 06:40:10'),(1228,7166,2,'2023-10-09 06:40:10','2023-10-09 06:40:10'),(1229,7167,2,'2023-10-09 06:40:10','2023-10-09 06:40:10'),(1230,7167,2,'2023-10-09 06:40:10','2023-10-09 06:40:10'),(1231,7168,2,'2023-10-09 06:40:10','2023-10-09 06:40:10'),(1232,7168,2,'2023-10-09 06:40:10','2023-10-09 06:40:10'),(1233,7169,2,'2023-10-09 06:40:10','2023-10-09 06:40:10'),(1234,7169,2,'2023-10-09 06:40:10','2023-10-09 06:40:10'),(1235,7170,2,'2023-10-09 06:40:10','2023-10-09 06:40:10'),(1236,7170,2,'2023-10-09 06:40:10','2023-10-09 06:40:10'),(1237,7171,2,'2023-10-09 06:40:10','2023-10-09 06:40:10'),(1238,7171,2,'2023-10-09 06:40:10','2023-10-09 06:40:10'),(1239,7172,2,'2023-10-09 06:40:10','2023-10-09 06:40:10'),(1240,7172,2,'2023-10-09 06:40:10','2023-10-09 06:40:10'),(1241,7173,2,'2023-10-09 06:40:10','2023-10-09 06:40:10'),(1242,7173,2,'2023-10-09 06:40:10','2023-10-09 06:40:10'),(1243,7174,2,'2023-10-09 06:40:10','2023-10-09 06:40:10'),(1244,7174,2,'2023-10-09 06:40:10','2023-10-09 06:40:10'),(1245,7175,2,'2023-10-09 06:40:10','2023-10-09 06:40:10'),(1246,7175,2,'2023-10-09 06:40:10','2023-10-09 06:40:10'),(1247,7176,2,'2023-10-09 06:40:10','2023-10-09 06:40:10'),(1248,7176,2,'2023-10-09 06:40:10','2023-10-09 06:40:10'),(1249,7177,2,'2023-10-09 06:40:10','2023-10-09 06:40:10'),(1250,7177,2,'2023-10-09 06:40:10','2023-10-09 06:40:10'),(1251,7178,2,'2023-10-09 06:40:10','2023-10-09 06:40:10'),(1252,7178,2,'2023-10-09 06:40:10','2023-10-09 06:40:10'),(1253,7179,2,'2023-10-09 06:40:10','2023-10-09 06:40:10'),(1254,7179,2,'2023-10-09 06:40:10','2023-10-09 06:40:10'),(1255,7180,2,'2023-10-09 06:40:10','2023-10-09 06:40:10'),(1256,7180,2,'2023-10-09 06:40:10','2023-10-09 06:40:10'),(1257,7181,2,'2023-10-09 06:40:10','2023-10-09 06:40:10'),(1258,7181,2,'2023-10-09 06:40:10','2023-10-09 06:40:10'),(1259,7182,2,'2023-10-09 06:40:10','2023-10-09 06:40:10'),(1260,7182,2,'2023-10-09 06:40:10','2023-10-09 06:40:10'),(1261,7183,2,'2023-10-09 06:40:10','2023-10-09 06:40:10'),(1262,7183,2,'2023-10-09 06:40:10','2023-10-09 06:40:10'),(1263,7184,2,'2023-10-09 06:40:10','2023-10-09 06:40:10'),(1264,7184,2,'2023-10-09 06:40:10','2023-10-09 06:40:10'),(1265,7185,2,'2023-10-09 06:40:10','2023-10-09 06:40:10'),(1266,7185,2,'2023-10-09 06:40:10','2023-10-09 06:40:10'),(1267,7186,2,'2023-10-09 06:40:10','2023-10-09 06:40:10'),(1268,7186,2,'2023-10-09 06:40:10','2023-10-09 06:40:10'),(1269,7187,2,'2023-10-09 06:40:10','2023-10-09 06:40:10'),(1270,7188,2,'2023-10-09 06:40:10','2023-10-09 06:40:10'),(1271,7189,2,'2023-10-09 06:40:10','2023-10-09 06:40:10'),(1272,7190,2,'2023-10-09 06:40:10','2023-10-09 06:40:10'),(1273,7191,2,'2023-10-09 06:40:10','2023-10-09 06:40:10'),(1274,7192,2,'2023-10-09 06:40:10','2023-10-09 06:40:10'),(1275,7193,2,'2023-10-09 06:40:10','2023-10-09 06:40:10'),(1276,7194,2,'2023-10-09 06:40:10','2023-10-09 06:40:10'),(1277,7195,2,'2023-10-09 06:40:10','2023-10-09 06:40:10'),(1278,7196,2,'2023-10-09 06:40:11','2023-10-09 06:40:11'),(1279,7197,2,'2023-10-09 06:40:11','2023-10-09 06:40:11'),(1280,7198,2,'2023-10-09 06:40:11','2023-10-09 06:40:11'),(1281,7199,2,'2023-10-09 06:40:11','2023-10-09 06:40:11'),(1282,7200,2,'2023-10-09 06:40:11','2023-10-09 06:40:11'),(1283,7201,2,'2023-10-09 06:40:11','2023-10-09 06:40:11'),(1284,7202,2,'2023-10-09 06:40:11','2023-10-09 06:40:11'),(1285,7203,2,'2023-10-09 06:40:11','2023-10-09 06:40:11'),(1286,7204,2,'2023-10-09 06:40:11','2023-10-09 06:40:11'),(1287,7205,2,'2023-10-09 06:40:11','2023-10-09 06:40:11'),(1288,7206,2,'2023-10-09 06:40:11','2023-10-09 06:40:11'),(1289,7207,2,'2023-10-09 06:40:11','2023-10-09 06:40:11'),(1290,7208,2,'2023-10-09 06:40:11','2023-10-09 06:40:11'),(1291,7209,2,'2023-10-09 06:40:11','2023-10-09 06:40:11'),(1292,7210,2,'2023-10-09 06:40:11','2023-10-09 06:40:11'),(1293,7211,2,'2023-10-09 06:40:11','2023-10-09 06:40:11'),(1294,7212,2,'2023-10-09 06:40:11','2023-10-09 06:40:11'),(1295,7213,2,'2023-10-09 06:40:11','2023-10-09 06:40:11'),(1296,7214,2,'2023-10-09 06:40:11','2023-10-09 06:40:11'),(1297,7215,2,'2023-10-09 06:40:11','2023-10-09 06:40:11'),(1298,7216,2,'2023-10-09 06:40:11','2023-10-09 06:40:11'),(1299,7217,2,'2023-10-09 06:40:11','2023-10-09 06:40:11'),(1300,7218,2,'2023-10-09 06:40:11','2023-10-09 06:40:11'),(1301,7219,2,'2023-10-09 06:40:11','2023-10-09 06:40:11'),(1302,7220,2,'2023-10-09 06:40:11','2023-10-09 06:40:11'),(1303,7221,2,'2023-10-09 06:40:11','2023-10-09 06:40:11'),(1304,7222,2,'2023-10-09 06:40:11','2023-10-09 06:40:11'),(1305,7223,2,'2023-10-09 06:40:11','2023-10-09 06:40:11'),(1306,7224,2,'2023-10-09 06:40:11','2023-10-09 06:40:11'),(1307,7225,2,'2023-10-09 06:40:11','2023-10-09 06:40:11'),(1308,7226,2,'2023-10-09 06:40:11','2023-10-09 06:40:11'),(1309,7227,2,'2023-10-09 06:40:11','2023-10-09 06:40:11'),(1310,7228,2,'2023-10-09 06:40:11','2023-10-09 06:40:11'),(1311,7229,2,'2023-10-09 06:40:11','2023-10-09 06:40:11'),(1312,7230,2,'2023-10-09 06:40:11','2023-10-09 06:40:11'),(1313,7231,2,'2023-10-09 06:40:11','2023-10-09 06:40:11'),(1314,7232,2,'2023-10-09 06:40:11','2023-10-09 06:40:11'),(1315,7233,2,'2023-10-09 06:40:11','2023-10-09 06:40:11'),(1316,7234,2,'2023-10-09 06:40:11','2023-10-09 06:40:11'),(1317,7235,2,'2023-10-09 06:40:11','2023-10-09 06:40:11'),(1318,7236,2,'2023-10-09 06:40:11','2023-10-09 06:40:11'),(1319,7237,2,'2023-10-09 06:40:11','2023-10-09 06:40:11'),(1320,7238,2,'2023-10-09 06:40:11','2023-10-09 06:40:11'),(1321,7239,2,'2023-10-09 06:40:11','2023-10-09 06:40:11'),(1322,7240,2,'2023-10-09 06:40:11','2023-10-09 06:40:11'),(1323,7241,2,'2023-10-09 06:40:11','2023-10-09 06:40:11'),(1324,7242,2,'2023-10-09 06:40:11','2023-10-09 06:40:11'),(1325,7243,2,'2023-10-09 06:40:11','2023-10-09 06:40:11'),(1326,7244,2,'2023-10-09 06:40:11','2023-10-09 06:40:11'),(1327,7245,2,'2023-10-09 06:40:11','2023-10-09 06:40:11'),(1328,7246,2,'2023-10-09 06:40:11','2023-10-09 06:40:11'),(1329,7247,2,'2023-10-09 06:40:11','2023-10-09 06:40:11'),(1330,7248,2,'2023-10-09 06:40:11','2023-10-09 06:40:11'),(1331,7249,2,'2023-10-09 06:40:11','2023-10-09 06:40:11'),(1332,7250,2,'2023-10-09 06:40:11','2023-10-09 06:40:11'),(1333,7251,2,'2023-10-09 06:40:11','2023-10-09 06:40:11'),(1334,7252,2,'2023-10-09 06:40:11','2023-10-09 06:40:11'),(1335,7253,2,'2023-10-09 06:40:11','2023-10-09 06:40:11'),(1336,7254,2,'2023-10-09 06:40:11','2023-10-09 06:40:11'),(1337,7255,2,'2023-10-09 06:40:11','2023-10-09 06:40:11'),(1338,7256,2,'2023-10-09 06:40:11','2023-10-09 06:40:11'),(1339,7257,2,'2023-10-09 06:40:11','2023-10-09 06:40:11'),(1340,7258,2,'2023-10-09 06:40:11','2023-10-09 06:40:11'),(1341,7259,2,'2023-10-09 06:40:11','2023-10-09 06:40:11'),(1342,7260,2,'2023-10-09 06:40:11','2023-10-09 06:40:11'),(1343,7261,2,'2023-10-09 06:40:11','2023-10-09 06:40:11'),(1344,7262,2,'2023-10-09 06:40:11','2023-10-09 06:40:11'),(1345,7263,2,'2023-10-09 06:40:12','2023-10-09 06:40:12'),(1346,7264,2,'2023-10-09 06:40:12','2023-10-09 06:40:12'),(1347,7265,2,'2023-10-09 06:40:12','2023-10-09 06:40:12'),(1348,7266,2,'2023-10-09 06:40:12','2023-10-09 06:40:12'),(1349,7267,2,'2023-10-09 06:40:12','2023-10-09 06:40:12'),(1350,7268,2,'2023-10-09 06:40:12','2023-10-09 06:40:12'),(1351,7269,2,'2023-10-09 06:40:12','2023-10-09 06:40:12'),(1352,7270,2,'2023-10-09 06:40:12','2023-10-09 06:40:12'),(1353,7271,2,'2023-10-09 06:40:12','2023-10-09 06:40:12'),(1354,7272,2,'2023-10-09 06:40:12','2023-10-09 06:40:12'),(1355,7273,2,'2023-10-09 06:40:12','2023-10-09 06:40:12'),(1356,7274,2,'2023-10-09 06:40:12','2023-10-09 06:40:12'),(1357,7275,2,'2023-10-09 06:40:12','2023-10-09 06:40:12'),(1358,7276,2,'2023-10-09 06:40:12','2023-10-09 06:40:12'),(1359,7277,2,'2023-10-09 06:40:12','2023-10-09 06:40:12'),(1360,7278,2,'2023-10-09 06:40:12','2023-10-09 06:40:12'),(1361,7279,2,'2023-10-09 06:40:12','2023-10-09 06:40:12'),(1362,7280,2,'2023-10-09 06:40:12','2023-10-09 06:40:12'),(1363,7281,2,'2023-10-09 06:40:12','2023-10-09 06:40:12'),(1364,7282,2,'2023-10-09 06:40:12','2023-10-09 06:40:12'),(1365,7283,2,'2023-10-09 06:40:12','2023-10-09 06:40:12'),(1366,7284,2,'2023-10-09 06:40:12','2023-10-09 06:40:12'),(1367,7285,2,'2023-10-09 06:40:12','2023-10-09 06:40:12'),(1368,7286,2,'2023-10-09 06:40:12','2023-10-09 06:40:12'),(1369,7287,2,'2023-10-09 06:40:12','2023-10-09 06:40:12'),(1370,7288,2,'2023-10-09 06:40:12','2023-10-09 06:40:12'),(1371,7289,2,'2023-10-09 06:40:12','2023-10-09 06:40:12'),(1372,7290,2,'2023-10-09 06:40:12','2023-10-09 06:40:12'),(1373,7291,2,'2023-10-09 06:40:12','2023-10-09 06:40:12'),(1374,7292,2,'2023-10-09 06:40:12','2023-10-09 06:40:12'),(1375,7293,2,'2023-10-09 06:40:12','2023-10-09 06:40:12'),(1376,7294,2,'2023-10-09 06:40:12','2023-10-09 06:40:12'),(1377,7295,2,'2023-10-09 06:40:12','2023-10-09 06:40:12'),(1378,7296,2,'2023-10-09 06:40:12','2023-10-09 06:40:12'),(1379,7297,2,'2023-10-09 06:40:12','2023-10-09 06:40:12'),(1380,7298,2,'2023-10-09 06:40:12','2023-10-09 06:40:12'),(1381,7299,2,'2023-10-09 06:40:12','2023-10-09 06:40:12'),(1382,7300,2,'2023-10-09 06:40:12','2023-10-09 06:40:12'),(1383,7301,2,'2023-10-09 06:40:12','2023-10-09 06:40:12'),(1384,7302,2,'2023-10-09 06:40:12','2023-10-09 06:40:12'),(1385,7303,2,'2023-10-09 06:40:12','2023-10-09 06:40:12'),(1386,7304,2,'2023-10-09 06:40:12','2023-10-09 06:40:12'),(1387,7305,2,'2023-10-09 06:40:12','2023-10-09 06:40:12'),(1388,7306,2,'2023-10-09 06:40:12','2023-10-09 06:40:12'),(1389,7307,2,'2023-10-09 06:40:12','2023-10-09 06:40:12'),(1390,7308,2,'2023-10-09 06:40:12','2023-10-09 06:40:12'),(1391,7309,2,'2023-10-09 06:40:12','2023-10-09 06:40:12'),(1392,7310,2,'2023-10-09 06:40:12','2023-10-09 06:40:12'),(1393,7311,2,'2023-10-09 06:40:12','2023-10-09 06:40:12'),(1394,7312,2,'2023-10-09 06:40:12','2023-10-09 06:40:12'),(1395,7313,2,'2023-10-09 06:40:12','2023-10-09 06:40:12'),(1396,7314,2,'2023-10-09 06:40:12','2023-10-09 06:40:12'),(1397,7315,2,'2023-10-09 06:40:12','2023-10-09 06:40:12'),(1398,7316,2,'2023-10-09 06:40:12','2023-10-09 06:40:12'),(1399,7317,2,'2023-10-09 06:40:12','2023-10-09 06:40:12'),(1400,7318,2,'2023-10-09 06:40:12','2023-10-09 06:40:12'),(1401,7319,2,'2023-10-09 06:40:12','2023-10-09 06:40:12'),(1402,7320,2,'2023-10-09 06:40:12','2023-10-09 06:40:12'),(1403,7321,2,'2023-10-09 06:40:12','2023-10-09 06:40:12'),(1404,7322,2,'2023-10-09 06:40:12','2023-10-09 06:40:12'),(1405,7323,2,'2023-10-09 06:40:12','2023-10-09 06:40:12'),(1406,7324,2,'2023-10-09 06:40:12','2023-10-09 06:40:12'),(1407,7325,2,'2023-10-09 06:40:12','2023-10-09 06:40:12'),(1408,7326,2,'2023-10-09 06:40:12','2023-10-09 06:40:12'),(1409,7327,2,'2023-10-09 06:40:12','2023-10-09 06:40:12'),(1410,7328,2,'2023-10-09 06:40:12','2023-10-09 06:40:12'),(1411,7329,2,'2023-10-09 06:40:12','2023-10-09 06:40:12'),(1412,7330,2,'2023-10-09 06:40:12','2023-10-09 06:40:12'),(1413,7331,2,'2023-10-09 06:40:12','2023-10-09 06:40:12'),(1414,7332,2,'2023-10-09 06:40:12','2023-10-09 06:40:12'),(1415,7333,2,'2023-10-09 06:40:12','2023-10-09 06:40:12'),(1416,7334,2,'2023-10-09 06:40:13','2023-10-09 06:40:13'),(1417,7335,2,'2023-10-09 06:40:13','2023-10-09 06:40:13'),(1418,7336,2,'2023-10-09 06:40:13','2023-10-09 06:40:13'),(1419,7337,2,'2023-10-09 06:40:13','2023-10-09 06:40:13'),(1420,7338,2,'2023-10-09 06:40:13','2023-10-09 06:40:13'),(1421,7339,2,'2023-10-09 06:40:13','2023-10-09 06:40:13'),(1422,7340,2,'2023-10-09 06:40:13','2023-10-09 06:40:13'),(1423,7341,2,'2023-10-09 06:40:13','2023-10-09 06:40:13'),(1424,7342,2,'2023-10-09 06:40:13','2023-10-09 06:40:13'),(1425,7343,2,'2023-10-09 06:40:13','2023-10-09 06:40:13'),(1426,7344,2,'2023-10-09 06:40:13','2023-10-09 06:40:13'),(1427,7345,2,'2023-10-09 06:40:13','2023-10-09 06:40:13'),(1428,7346,2,'2023-10-09 06:40:13','2023-10-09 06:40:13'),(1429,7347,2,'2023-10-09 06:40:13','2023-10-09 06:40:13'),(1430,7348,2,'2023-10-09 06:40:13','2023-10-09 06:40:13'),(1431,7349,2,'2023-10-09 06:40:13','2023-10-09 06:40:13'),(1432,7350,2,'2023-10-09 06:40:13','2023-10-09 06:40:13'),(1433,7351,2,'2023-10-09 06:40:13','2023-10-09 06:40:13'),(1434,7352,2,'2023-10-09 06:40:13','2023-10-09 06:40:13'),(1435,7353,2,'2023-10-09 06:40:13','2023-10-09 06:40:13'),(1436,7354,2,'2023-10-09 06:40:13','2023-10-09 06:40:13'),(1437,7355,2,'2023-10-09 06:40:13','2023-10-09 06:40:13'),(1438,7356,2,'2023-10-09 06:40:13','2023-10-09 06:40:13'),(1439,7357,2,'2023-10-09 06:40:13','2023-10-09 06:40:13'),(1440,7358,2,'2023-10-09 06:40:13','2023-10-09 06:40:13'),(1441,7359,2,'2023-10-09 06:40:13','2023-10-09 06:40:13'),(1442,7360,2,'2023-10-09 06:40:13','2023-10-09 06:40:13'),(1443,7361,2,'2023-10-09 06:40:13','2023-10-09 06:40:13'),(1444,7362,2,'2023-10-09 06:40:13','2023-10-09 06:40:13'),(1445,7363,2,'2023-10-09 06:40:13','2023-10-09 06:40:13'),(1446,7364,2,'2023-10-09 06:40:13','2023-10-09 06:40:13'),(1447,7365,2,'2023-10-09 06:40:13','2023-10-09 06:40:13'),(1448,7366,2,'2023-10-09 06:40:13','2023-10-09 06:40:13'),(1449,7367,2,'2023-10-09 06:40:13','2023-10-09 06:40:13'),(1450,7368,2,'2023-10-09 06:40:13','2023-10-09 06:40:13'),(1451,7369,2,'2023-10-09 06:40:13','2023-10-09 06:40:13'),(1452,7370,2,'2023-10-09 06:40:13','2023-10-09 06:40:13'),(1453,7371,2,'2023-10-09 06:40:13','2023-10-09 06:40:13'),(1454,7372,2,'2023-10-09 06:40:13','2023-10-09 06:40:13'),(1455,7373,2,'2023-10-09 06:40:13','2023-10-09 06:40:13'),(1456,7374,2,'2023-10-09 06:40:13','2023-10-09 06:40:13'),(1457,7375,2,'2023-10-09 06:40:13','2023-10-09 06:40:13'),(1458,7376,2,'2023-10-09 06:40:13','2023-10-09 06:40:13'),(1459,7377,2,'2023-10-09 06:40:13','2023-10-09 06:40:13'),(1460,7378,2,'2023-10-09 06:40:13','2023-10-09 06:40:13'),(1461,7379,2,'2023-10-09 06:40:13','2023-10-09 06:40:13'),(1462,7380,2,'2023-10-09 06:40:13','2023-10-09 06:40:13'),(1463,7381,2,'2023-10-09 06:40:13','2023-10-09 06:40:13'),(1464,7382,2,'2023-10-09 06:40:13','2023-10-09 06:40:13'),(1465,7383,2,'2023-10-09 06:40:13','2023-10-09 06:40:13'),(1466,7384,2,'2023-10-09 06:40:13','2023-10-09 06:40:13'),(1467,7385,2,'2023-10-09 06:40:13','2023-10-09 06:40:13'),(1468,7386,2,'2023-10-09 06:40:13','2023-10-09 06:40:13'),(1469,7387,2,'2023-10-09 06:40:13','2023-10-09 06:40:13'),(1470,7388,2,'2023-10-09 06:40:13','2023-10-09 06:40:13'),(1471,7389,2,'2023-10-09 06:40:13','2023-10-09 06:40:13'),(1472,7390,2,'2023-10-09 06:40:13','2023-10-09 06:40:13'),(1473,7391,2,'2023-10-09 06:40:13','2023-10-09 06:40:13'),(1474,7392,2,'2023-10-09 06:40:13','2023-10-09 06:40:13'),(1475,7393,2,'2023-10-09 06:40:13','2023-10-09 06:40:13'),(1476,7394,2,'2023-10-09 06:40:13','2023-10-09 06:40:13'),(1477,7395,2,'2023-10-09 06:40:13','2023-10-09 06:40:13'),(1478,7396,2,'2023-10-09 06:40:13','2023-10-09 06:40:13'),(1479,7397,2,'2023-10-09 06:40:13','2023-10-09 06:40:13'),(1480,7398,2,'2023-10-09 06:40:13','2023-10-09 06:40:13'),(1481,7399,2,'2023-10-09 06:40:13','2023-10-09 06:40:13'),(1482,7400,2,'2023-10-09 06:40:13','2023-10-09 06:40:13'),(1483,7401,2,'2023-10-09 06:40:13','2023-10-09 06:40:13'),(1484,7402,2,'2023-10-09 06:40:14','2023-10-09 06:40:14'),(1485,7403,2,'2023-10-09 06:40:14','2023-10-09 06:40:14'),(1486,7404,2,'2023-10-09 06:40:14','2023-10-09 06:40:14'),(1487,7405,2,'2023-10-09 06:40:14','2023-10-09 06:40:14'),(1488,7406,2,'2023-10-09 06:40:14','2023-10-09 06:40:14'),(1489,7407,2,'2023-10-09 06:40:14','2023-10-09 06:40:14'),(1490,7408,2,'2023-10-09 06:40:14','2023-10-09 06:40:14'),(1491,7409,2,'2023-10-09 06:40:14','2023-10-09 06:40:14'),(1492,7410,2,'2023-10-09 06:40:14','2023-10-09 06:40:14'),(1493,7411,2,'2023-10-09 06:40:14','2023-10-09 06:40:14'),(1494,7412,2,'2023-10-09 06:40:14','2023-10-09 06:40:14'),(1495,7413,2,'2023-10-09 06:40:14','2023-10-09 06:40:14'),(1496,7414,2,'2023-10-09 06:40:14','2023-10-09 06:40:14'),(1497,7415,2,'2023-10-09 06:40:14','2023-10-09 06:40:14'),(1498,7416,2,'2023-10-09 06:40:14','2023-10-09 06:40:14'),(1499,7417,2,'2023-10-09 06:40:14','2023-10-09 06:40:14'),(1500,7418,2,'2023-10-09 06:40:14','2023-10-09 06:40:14'),(1501,7419,2,'2023-10-09 06:40:14','2023-10-09 06:40:14'),(1502,7420,2,'2023-10-09 06:40:14','2023-10-09 06:40:14'),(1503,7421,2,'2023-10-09 06:40:14','2023-10-09 06:40:14'),(1504,7422,2,'2023-10-09 06:40:14','2023-10-09 06:40:14'),(1505,7423,2,'2023-10-09 06:40:14','2023-10-09 06:40:14'),(1506,7424,2,'2023-10-09 06:40:14','2023-10-09 06:40:14'),(1507,7425,2,'2023-10-09 06:40:14','2023-10-09 06:40:14'),(1508,7426,2,'2023-10-09 06:40:14','2023-10-09 06:40:14'),(1509,7427,2,'2023-10-09 06:40:14','2023-10-09 06:40:14'),(1510,7428,2,'2023-10-09 06:40:14','2023-10-09 06:40:14'),(1511,7429,2,'2023-10-09 06:40:14','2023-10-09 06:40:14'),(1512,7430,2,'2023-10-09 06:40:14','2023-10-09 06:40:14'),(1513,7431,2,'2023-10-09 06:40:14','2023-10-09 06:40:14'),(1514,7432,2,'2023-10-09 06:40:14','2023-10-09 06:40:14'),(1515,7433,2,'2023-10-09 06:40:14','2023-10-09 06:40:14'),(1516,7434,2,'2023-10-09 06:40:14','2023-10-09 06:40:14'),(1517,7435,2,'2023-10-09 06:40:14','2023-10-09 06:40:14'),(1518,7436,2,'2023-10-09 06:40:14','2023-10-09 06:40:14'),(1519,7437,2,'2023-10-09 06:40:14','2023-10-09 06:40:14'),(1520,7438,2,'2023-10-09 06:40:14','2023-10-09 06:40:14'),(1521,7439,2,'2023-10-09 06:40:14','2023-10-09 06:40:14'),(1522,7440,2,'2023-10-09 06:40:14','2023-10-09 06:40:14'),(1523,7441,2,'2023-10-09 06:40:14','2023-10-09 06:40:14'),(1524,7442,2,'2023-10-09 06:40:14','2023-10-09 06:40:14'),(1525,7443,2,'2023-10-09 06:40:14','2023-10-09 06:40:14'),(1526,7444,2,'2023-10-09 06:40:14','2023-10-09 06:40:14'),(1527,7445,2,'2023-10-09 06:40:14','2023-10-09 06:40:14'),(1528,7446,2,'2023-10-09 06:40:14','2023-10-09 06:40:14'),(1529,7447,2,'2023-10-09 06:40:14','2023-10-09 06:40:14'),(1530,7448,2,'2023-10-09 06:40:14','2023-10-09 06:40:14'),(1531,7449,2,'2023-10-09 06:40:14','2023-10-09 06:40:14'),(1532,7450,2,'2023-10-09 06:40:14','2023-10-09 06:40:14'),(1533,7451,2,'2023-10-09 06:40:14','2023-10-09 06:40:14'),(1534,7452,2,'2023-10-09 06:40:14','2023-10-09 06:40:14'),(1535,7453,2,'2023-10-09 06:40:14','2023-10-09 06:40:14'),(1536,7454,2,'2023-10-09 06:40:14','2023-10-09 06:40:14'),(1537,7455,2,'2023-10-09 06:40:14','2023-10-09 06:40:14'),(1538,7456,2,'2023-10-09 06:40:14','2023-10-09 06:40:14'),(1539,7457,2,'2023-10-09 06:40:14','2023-10-09 06:40:14'),(1540,7458,2,'2023-10-09 06:40:14','2023-10-09 06:40:14'),(1541,7459,2,'2023-10-09 06:40:14','2023-10-09 06:40:14'),(1542,7460,2,'2023-10-09 06:40:14','2023-10-09 06:40:14'),(1543,7461,2,'2023-10-09 06:40:14','2023-10-09 06:40:14'),(1544,7462,2,'2023-10-09 06:40:14','2023-10-09 06:40:14'),(1545,7463,2,'2023-10-09 06:40:14','2023-10-09 06:40:14'),(1546,7464,2,'2023-10-09 06:40:14','2023-10-09 06:40:14'),(1547,7465,2,'2023-10-09 06:40:14','2023-10-09 06:40:14'),(1548,7466,2,'2023-10-09 06:40:14','2023-10-09 06:40:14'),(1549,7467,2,'2023-10-09 06:40:14','2023-10-09 06:40:14'),(1550,7468,2,'2023-10-09 06:40:14','2023-10-09 06:40:14'),(1551,7469,2,'2023-10-09 06:40:14','2023-10-09 06:40:14'),(1552,7470,2,'2023-10-09 06:40:14','2023-10-09 06:40:14'),(1553,7471,2,'2023-10-09 06:40:15','2023-10-09 06:40:15'),(1554,7472,2,'2023-10-09 06:40:15','2023-10-09 06:40:15'),(1555,7473,2,'2023-10-09 06:40:15','2023-10-09 06:40:15'),(1556,7474,2,'2023-10-09 06:40:15','2023-10-09 06:40:15'),(1557,7475,2,'2023-10-09 06:40:15','2023-10-09 06:40:15'),(1558,7476,2,'2023-10-09 06:40:15','2023-10-09 06:40:15'),(1559,7477,2,'2023-10-09 06:40:15','2023-10-09 06:40:15'),(1560,7478,2,'2023-10-09 06:40:15','2023-10-09 06:40:15'),(1561,7479,2,'2023-10-09 06:40:15','2023-10-09 06:40:15'),(1562,7480,2,'2023-10-09 06:40:15','2023-10-09 06:40:15'),(1563,7481,2,'2023-10-09 06:40:15','2023-10-09 06:40:15'),(1564,7482,2,'2023-10-09 06:40:15','2023-10-09 06:40:15'),(1565,7483,2,'2023-10-09 06:40:15','2023-10-09 06:40:15'),(1566,7484,2,'2023-10-09 06:40:15','2023-10-09 06:40:15'),(1567,7485,2,'2023-10-09 06:40:15','2023-10-09 06:40:15'),(1568,7486,2,'2023-10-09 06:40:15','2023-10-09 06:40:15'),(1569,7487,2,'2023-10-09 06:40:15','2023-10-09 06:40:15'),(1570,7488,2,'2023-10-09 06:40:15','2023-10-09 06:40:15'),(1571,7489,2,'2023-10-09 06:40:15','2023-10-09 06:40:15'),(1572,7490,2,'2023-10-09 06:40:15','2023-10-09 06:40:15'),(1573,7491,2,'2023-10-09 06:40:15','2023-10-09 06:40:15'),(1574,7492,2,'2023-10-09 06:40:15','2023-10-09 06:40:15'),(1575,7493,2,'2023-10-09 06:40:15','2023-10-09 06:40:15'),(1576,7494,2,'2023-10-09 06:40:15','2023-10-09 06:40:15'),(1577,7495,2,'2023-10-09 06:40:15','2023-10-09 06:40:15'),(1578,7496,2,'2023-10-09 06:40:15','2023-10-09 06:40:15'),(1579,7497,2,'2023-10-09 06:40:15','2023-10-09 06:40:15'),(1580,7498,2,'2023-10-09 06:40:15','2023-10-09 06:40:15'),(1581,7499,2,'2023-10-09 06:40:15','2023-10-09 06:40:15'),(1582,7500,2,'2023-10-09 06:40:15','2023-10-09 06:40:15'),(1583,7501,2,'2023-10-09 06:40:15','2023-10-09 06:40:15'),(1584,7502,2,'2023-10-09 06:40:15','2023-10-09 06:40:15'),(1585,7503,2,'2023-10-09 06:40:15','2023-10-09 06:40:15'),(1586,7504,2,'2023-10-09 06:40:15','2023-10-09 06:40:15'),(1587,7505,2,'2023-10-09 06:40:15','2023-10-09 06:40:15'),(1588,7506,2,'2023-10-09 06:40:15','2023-10-09 06:40:15'),(1589,7507,2,'2023-10-09 06:40:15','2023-10-09 06:40:15'),(1590,7508,2,'2023-10-09 06:40:15','2023-10-09 06:40:15'),(1591,7509,2,'2023-10-09 06:40:15','2023-10-09 06:40:15'),(1592,7510,2,'2023-10-09 06:40:15','2023-10-09 06:40:15'),(1593,7511,2,'2023-10-09 06:40:15','2023-10-09 06:40:15'),(1594,7512,2,'2023-10-09 06:40:15','2023-10-09 06:40:15'),(1595,7513,2,'2023-10-09 06:40:15','2023-10-09 06:40:15'),(1596,7514,2,'2023-10-09 06:40:15','2023-10-09 06:40:15'),(1597,7515,2,'2023-10-09 06:40:15','2023-10-09 06:40:15'),(1598,7516,2,'2023-10-09 06:40:15','2023-10-09 06:40:15'),(1599,7517,2,'2023-10-09 06:40:15','2023-10-09 06:40:15'),(1600,7518,2,'2023-10-09 06:40:15','2023-10-09 06:40:15'),(1601,7519,2,'2023-10-09 06:40:15','2023-10-09 06:40:15'),(1602,7520,2,'2023-10-09 06:40:15','2023-10-09 06:40:15'),(1603,7521,2,'2023-10-09 06:40:15','2023-10-09 06:40:15'),(1604,7522,2,'2023-10-09 06:40:15','2023-10-09 06:40:15'),(1605,7523,2,'2023-10-09 06:40:15','2023-10-09 06:40:15'),(1606,7524,2,'2023-10-09 06:40:15','2023-10-09 06:40:15'),(1607,7525,2,'2023-10-09 06:40:15','2023-10-09 06:40:15'),(1608,7526,2,'2023-10-09 06:40:15','2023-10-09 06:40:15'),(1609,7527,2,'2023-10-09 06:40:15','2023-10-09 06:40:15'),(1610,7528,2,'2023-10-09 06:40:15','2023-10-09 06:40:15'),(1611,7529,2,'2023-10-09 06:40:15','2023-10-09 06:40:15'),(1612,7530,2,'2023-10-09 06:40:15','2023-10-09 06:40:15'),(1613,7531,2,'2023-10-09 06:40:15','2023-10-09 06:40:15'),(1614,7532,2,'2023-10-09 06:40:15','2023-10-09 06:40:15'),(1615,7533,2,'2023-10-09 06:40:15','2023-10-09 06:40:15'),(1616,7534,2,'2023-10-09 06:40:15','2023-10-09 06:40:15'),(1617,7535,2,'2023-10-09 06:40:15','2023-10-09 06:40:15'),(1618,7536,2,'2023-10-09 06:40:15','2023-10-09 06:40:15'),(1619,7537,2,'2023-10-09 06:40:15','2023-10-09 06:40:15'),(1620,7538,2,'2023-10-09 06:40:15','2023-10-09 06:40:15'),(1621,7539,2,'2023-10-09 06:40:15','2023-10-09 06:40:15'),(1622,7540,2,'2023-10-09 06:40:16','2023-10-09 06:40:16'),(1623,7541,2,'2023-10-09 06:40:16','2023-10-09 06:40:16'),(1624,7542,2,'2023-10-09 06:40:16','2023-10-09 06:40:16'),(1625,7543,2,'2023-10-09 06:40:16','2023-10-09 06:40:16'),(1626,7544,2,'2023-10-09 06:40:16','2023-10-09 06:40:16'),(1627,7545,2,'2023-10-09 06:40:16','2023-10-09 06:40:16'),(1628,7546,2,'2023-10-09 06:40:16','2023-10-09 06:40:16'),(1629,7547,2,'2023-10-09 06:40:16','2023-10-09 06:40:16'),(1630,7548,2,'2023-10-09 06:40:16','2023-10-09 06:40:16'),(1631,7549,2,'2023-10-09 06:40:16','2023-10-09 06:40:16'),(1632,7550,2,'2023-10-09 06:40:16','2023-10-09 06:40:16'),(1633,7551,2,'2023-10-09 06:40:16','2023-10-09 06:40:16'),(1634,7552,2,'2023-10-09 06:40:16','2023-10-09 06:40:16'),(1635,7553,2,'2023-10-09 06:40:16','2023-10-09 06:40:16'),(1636,7554,2,'2023-10-09 06:40:16','2023-10-09 06:40:16'),(1637,7555,2,'2023-10-09 06:40:16','2023-10-09 06:40:16'),(1638,7556,2,'2023-10-09 06:40:16','2023-10-09 06:40:16'),(1639,7557,2,'2023-10-09 06:40:16','2023-10-09 06:40:16'),(1640,7558,2,'2023-10-09 06:40:16','2023-10-09 06:40:16'),(1641,7559,2,'2023-10-09 06:40:16','2023-10-09 06:40:16'),(1642,7560,2,'2023-10-09 06:40:16','2023-10-09 06:40:16'),(1643,7561,2,'2023-10-09 06:40:16','2023-10-09 06:40:16'),(1644,7562,2,'2023-10-09 06:40:16','2023-10-09 06:40:16'),(1645,7563,2,'2023-10-09 06:40:16','2023-10-09 06:40:16'),(1646,7564,2,'2023-10-09 06:40:16','2023-10-09 06:40:16'),(1647,7565,2,'2023-10-09 06:40:16','2023-10-09 06:40:16'),(1648,7566,2,'2023-10-09 06:40:16','2023-10-09 06:40:16'),(1649,7567,2,'2023-10-09 06:40:16','2023-10-09 06:40:16'),(1650,7568,2,'2023-10-09 06:40:16','2023-10-09 06:40:16'),(1651,7569,2,'2023-10-09 06:40:16','2023-10-09 06:40:16'),(1652,7570,2,'2023-10-09 06:40:16','2023-10-09 06:40:16'),(1653,7571,2,'2023-10-09 06:40:16','2023-10-09 06:40:16'),(1654,7572,2,'2023-10-09 06:40:16','2023-10-09 06:40:16'),(1655,7573,2,'2023-10-09 06:40:16','2023-10-09 06:40:16'),(1656,7574,2,'2023-10-09 06:40:16','2023-10-09 06:40:16'),(1657,7575,2,'2023-10-09 06:40:16','2023-10-09 06:40:16'),(1658,7576,2,'2023-10-09 06:40:16','2023-10-09 06:40:16'),(1659,7577,2,'2023-10-09 06:40:16','2023-10-09 06:40:16'),(1660,7578,2,'2023-10-09 06:40:16','2023-10-09 06:40:16'),(1661,7579,2,'2023-10-09 06:40:16','2023-10-09 06:40:16'),(1662,7580,2,'2023-10-09 06:40:16','2023-10-09 06:40:16'),(1663,7581,2,'2023-10-09 06:40:16','2023-10-09 06:40:16'),(1664,7582,2,'2023-10-09 06:40:16','2023-10-09 06:40:16'),(1665,7583,2,'2023-10-09 06:40:16','2023-10-09 06:40:16'),(1666,7584,2,'2023-10-09 06:40:16','2023-10-09 06:40:16'),(1667,7585,2,'2023-10-09 06:40:16','2023-10-09 06:40:16'),(1668,7586,2,'2023-10-09 06:40:16','2023-10-09 06:40:16'),(1669,7587,2,'2023-10-09 06:40:16','2023-10-09 06:40:16'),(1670,7588,2,'2023-10-09 06:40:16','2023-10-09 06:40:16'),(1671,7589,2,'2023-10-09 06:40:16','2023-10-09 06:40:16'),(1672,7590,2,'2023-10-09 06:40:16','2023-10-09 06:40:16'),(1673,7591,2,'2023-10-09 06:40:16','2023-10-09 06:40:16'),(1674,7592,2,'2023-10-09 06:40:16','2023-10-09 06:40:16'),(1675,7593,2,'2023-10-09 06:40:16','2023-10-09 06:40:16'),(1676,7594,2,'2023-10-09 06:40:16','2023-10-09 06:40:16'),(1677,7595,2,'2023-10-09 06:40:16','2023-10-09 06:40:16'),(1678,7596,2,'2023-10-09 06:40:16','2023-10-09 06:40:16'),(1679,7597,2,'2023-10-09 06:40:16','2023-10-09 06:40:16'),(1680,7598,2,'2023-10-09 06:40:16','2023-10-09 06:40:16'),(1681,7599,2,'2023-10-09 06:40:16','2023-10-09 06:40:16'),(1682,7600,2,'2023-10-09 06:40:16','2023-10-09 06:40:16'),(1683,7601,2,'2023-10-09 06:40:16','2023-10-09 06:40:16'),(1684,7602,2,'2023-10-09 06:40:16','2023-10-09 06:40:16'),(1685,7603,2,'2023-10-09 06:40:16','2023-10-09 06:40:16'),(1686,7604,2,'2023-10-09 06:40:16','2023-10-09 06:40:16'),(1687,7605,2,'2023-10-09 06:40:17','2023-10-09 06:40:17'),(1688,7606,2,'2023-10-09 06:40:17','2023-10-09 06:40:17'),(1689,7607,2,'2023-10-09 06:40:17','2023-10-09 06:40:17'),(1690,7608,2,'2023-10-09 06:40:17','2023-10-09 06:40:17'),(1691,7609,2,'2023-10-09 06:40:17','2023-10-09 06:40:17'),(1692,7610,2,'2023-10-09 06:40:17','2023-10-09 06:40:17'),(1693,7611,2,'2023-10-09 06:40:17','2023-10-09 06:40:17'),(1694,7612,2,'2023-10-09 06:40:17','2023-10-09 06:40:17'),(1695,7613,2,'2023-10-09 06:40:17','2023-10-09 06:40:17'),(1696,7614,2,'2023-10-09 06:40:17','2023-10-09 06:40:17'),(1697,7615,2,'2023-10-09 06:40:17','2023-10-09 06:40:17'),(1698,7616,2,'2023-10-09 06:40:17','2023-10-09 06:40:17'),(1699,7617,2,'2023-10-09 06:40:17','2023-10-09 06:40:17'),(1700,7618,2,'2023-10-09 06:40:17','2023-10-09 06:40:17'),(1701,7619,2,'2023-10-09 06:40:17','2023-10-09 06:40:17'),(1702,7620,2,'2023-10-09 06:40:17','2023-10-09 06:40:17'),(1703,7621,2,'2023-10-09 06:40:17','2023-10-09 06:40:17'),(1704,7622,2,'2023-10-09 06:40:17','2023-10-09 06:40:17'),(1705,7623,2,'2023-10-09 06:40:17','2023-10-09 06:40:17'),(1706,7624,2,'2023-10-09 06:40:17','2023-10-09 06:40:17'),(1707,7625,2,'2023-10-09 06:40:17','2023-10-09 06:40:17'),(1708,7626,2,'2023-10-09 06:40:17','2023-10-09 06:40:17'),(1709,7627,2,'2023-10-09 06:40:17','2023-10-09 06:40:17'),(1710,7628,2,'2023-10-09 06:40:17','2023-10-09 06:40:17'),(1711,7629,2,'2023-10-09 06:40:17','2023-10-09 06:40:17'),(1712,7630,2,'2023-10-09 06:40:17','2023-10-09 06:40:17'),(1713,7631,2,'2023-10-09 06:40:17','2023-10-09 06:40:17'),(1714,7632,2,'2023-10-09 06:40:17','2023-10-09 06:40:17'),(1715,7633,2,'2023-10-09 06:40:17','2023-10-09 06:40:17'),(1716,7634,2,'2023-10-09 06:40:17','2023-10-09 06:40:17'),(1717,7635,2,'2023-10-09 06:40:17','2023-10-09 06:40:17'),(1718,7636,2,'2023-10-09 06:40:17','2023-10-09 06:40:17'),(1719,7637,2,'2023-10-09 06:40:17','2023-10-09 06:40:17'),(1720,7638,2,'2023-10-09 06:40:17','2023-10-09 06:40:17'),(1721,7639,2,'2023-10-09 06:40:17','2023-10-09 06:40:17'),(1722,7640,2,'2023-10-09 06:40:17','2023-10-09 06:40:17'),(1723,7641,2,'2023-10-09 06:40:17','2023-10-09 06:40:17'),(1724,7642,2,'2023-10-09 06:40:17','2023-10-09 06:40:17'),(1725,7643,2,'2023-10-09 06:40:17','2023-10-09 06:40:17'),(1726,7644,2,'2023-10-09 06:40:17','2023-10-09 06:40:17'),(1727,7645,2,'2023-10-09 06:40:17','2023-10-09 06:40:17'),(1728,7646,2,'2023-10-09 06:40:17','2023-10-09 06:40:17'),(1729,7647,2,'2023-10-09 06:40:17','2023-10-09 06:40:17'),(1730,7648,2,'2023-10-09 06:40:17','2023-10-09 06:40:17'),(1731,7649,2,'2023-10-09 06:40:17','2023-10-09 06:40:17'),(1732,7650,2,'2023-10-09 06:40:17','2023-10-09 06:40:17'),(1733,7651,2,'2023-10-09 06:40:17','2023-10-09 06:40:17'),(1734,7652,2,'2023-10-09 06:40:17','2023-10-09 06:40:17'),(1735,7653,2,'2023-10-09 06:40:17','2023-10-09 06:40:17'),(1736,7654,2,'2023-10-09 06:40:17','2023-10-09 06:40:17'),(1737,7655,2,'2023-10-09 06:40:17','2023-10-09 06:40:17'),(1738,7656,2,'2023-10-09 06:40:17','2023-10-09 06:40:17'),(1739,7657,2,'2023-10-09 06:40:17','2023-10-09 06:40:17'),(1740,7658,2,'2023-10-09 06:40:17','2023-10-09 06:40:17'),(1741,7659,2,'2023-10-09 06:40:17','2023-10-09 06:40:17'),(1742,7660,2,'2023-10-09 06:40:17','2023-10-09 06:40:17'),(1743,7661,2,'2023-10-09 06:40:17','2023-10-09 06:40:17'),(1744,7662,2,'2023-10-09 06:40:17','2023-10-09 06:40:17'),(1745,7663,2,'2023-10-09 06:40:17','2023-10-09 06:40:17'),(1746,7664,2,'2023-10-09 06:40:17','2023-10-09 06:40:17'),(1747,7665,2,'2023-10-09 06:40:18','2023-10-09 06:40:18'),(1748,7666,2,'2023-10-09 06:40:18','2023-10-09 06:40:18'),(1749,7667,2,'2023-10-09 06:40:18','2023-10-09 06:40:18'),(1750,7668,2,'2023-10-09 06:40:18','2023-10-09 06:40:18'),(1751,7669,2,'2023-10-09 06:40:18','2023-10-09 06:40:18'),(1752,7670,2,'2023-10-09 06:40:18','2023-10-09 06:40:18'),(1753,7671,2,'2023-10-09 06:40:18','2023-10-09 06:40:18'),(1754,7672,2,'2023-10-09 06:40:18','2023-10-09 06:40:18'),(1755,7673,2,'2023-10-09 06:40:18','2023-10-09 06:40:18'),(1756,7674,2,'2023-10-09 06:40:18','2023-10-09 06:40:18'),(1757,7675,2,'2023-10-09 06:40:18','2023-10-09 06:40:18'),(1758,7676,2,'2023-10-09 06:40:18','2023-10-09 06:40:18'),(1759,7677,2,'2023-10-09 06:40:18','2023-10-09 06:40:18'),(1760,7678,2,'2023-10-09 06:40:18','2023-10-09 06:40:18'),(1761,7679,2,'2023-10-09 06:40:18','2023-10-09 06:40:18'),(1762,7680,2,'2023-10-09 06:40:18','2023-10-09 06:40:18'),(1763,7681,2,'2023-10-09 06:40:18','2023-10-09 06:40:18'),(1764,7682,2,'2023-10-09 06:40:18','2023-10-09 06:40:18'),(1765,7683,2,'2023-10-09 06:40:18','2023-10-09 06:40:18'),(1766,7684,2,'2023-10-09 06:40:18','2023-10-09 06:40:18'),(1767,7685,2,'2023-10-09 06:40:18','2023-10-09 06:40:18'),(1768,7686,2,'2023-10-09 06:40:18','2023-10-09 06:40:18'),(1769,7687,2,'2023-10-09 06:40:18','2023-10-09 06:40:18'),(1770,7688,2,'2023-10-09 06:40:18','2023-10-09 06:40:18'),(1771,7689,2,'2023-10-09 06:40:18','2023-10-09 06:40:18'),(1772,7690,2,'2023-10-09 06:40:18','2023-10-09 06:40:18'),(1773,7691,2,'2023-10-09 06:40:18','2023-10-09 06:40:18'),(1774,7692,2,'2023-10-09 06:40:18','2023-10-09 06:40:18'),(1775,7693,2,'2023-10-09 06:40:18','2023-10-09 06:40:18'),(1776,7694,2,'2023-10-09 06:40:18','2023-10-09 06:40:18'),(1777,7695,2,'2023-10-09 06:40:18','2023-10-09 06:40:18'),(1778,7696,2,'2023-10-09 06:40:18','2023-10-09 06:40:18'),(1779,7697,2,'2023-10-09 06:40:18','2023-10-09 06:40:18'),(1780,7698,2,'2023-10-09 06:40:18','2023-10-09 06:40:18'),(1781,7699,2,'2023-10-09 06:40:18','2023-10-09 06:40:18'),(1782,7700,2,'2023-10-09 06:40:18','2023-10-09 06:40:18'),(1783,7701,2,'2023-10-09 06:40:18','2023-10-09 06:40:18'),(1784,7702,2,'2023-10-09 06:40:18','2023-10-09 06:40:18'),(1785,7703,2,'2023-10-09 06:40:18','2023-10-09 06:40:18'),(1786,7704,2,'2023-10-09 06:40:18','2023-10-09 06:40:18'),(1787,7705,2,'2023-10-09 06:40:18','2023-10-09 06:40:18'),(1788,7706,2,'2023-10-09 06:40:18','2023-10-09 06:40:18'),(1789,7707,2,'2023-10-09 06:40:18','2023-10-09 06:40:18'),(1790,7708,2,'2023-10-09 06:40:18','2023-10-09 06:40:18'),(1791,7709,2,'2023-10-09 06:40:18','2023-10-09 06:40:18'),(1792,7710,2,'2023-10-09 06:40:18','2023-10-09 06:40:18'),(1793,7711,2,'2023-10-09 06:40:18','2023-10-09 06:40:18'),(1794,7712,2,'2023-10-09 06:40:18','2023-10-09 06:40:18'),(1795,7713,2,'2023-10-09 06:40:18','2023-10-09 06:40:18'),(1796,7714,2,'2023-10-09 06:40:18','2023-10-09 06:40:18'),(1797,7715,2,'2023-10-09 06:40:18','2023-10-09 06:40:18'),(1798,7716,2,'2023-10-09 06:40:18','2023-10-09 06:40:18'),(1799,7717,2,'2023-10-09 06:40:18','2023-10-09 06:40:18'),(1800,7718,2,'2023-10-09 06:40:18','2023-10-09 06:40:18'),(1801,7719,2,'2023-10-09 06:40:18','2023-10-09 06:40:18'),(1802,7720,2,'2023-10-09 06:40:18','2023-10-09 06:40:18'),(1803,7721,2,'2023-10-09 06:40:18','2023-10-09 06:40:18'),(1804,7722,2,'2023-10-09 06:40:19','2023-10-09 06:40:19'),(1805,7723,2,'2023-10-09 06:40:19','2023-10-09 06:40:19'),(1806,7724,2,'2023-10-09 06:40:19','2023-10-09 06:40:19'),(1807,7725,2,'2023-10-09 06:40:19','2023-10-09 06:40:19'),(1808,7726,2,'2023-10-09 06:40:19','2023-10-09 06:40:19'),(1809,7727,2,'2023-10-09 06:40:19','2023-10-09 06:40:19'),(1810,7728,2,'2023-10-09 06:40:19','2023-10-09 06:40:19'),(1811,7729,2,'2023-10-09 06:40:19','2023-10-09 06:40:19'),(1812,7730,2,'2023-10-09 06:40:19','2023-10-09 06:40:19'),(1814,7732,2,'2023-10-09 06:40:19','2023-10-09 06:40:19'),(1815,7733,2,'2023-10-09 06:40:19','2023-10-09 06:40:19'),(1816,7734,2,'2023-10-09 06:40:19','2023-10-09 06:40:19'),(1817,7735,2,'2023-10-09 06:40:19','2023-10-09 06:40:19'),(1818,7736,2,'2023-10-09 06:40:19','2023-10-09 06:40:19'),(1820,7738,2,'2023-10-09 06:40:19','2023-10-09 06:40:19'),(1821,7739,2,'2023-10-09 06:40:19','2023-10-09 06:40:19'),(1822,7740,2,'2023-10-09 06:40:19','2023-10-09 06:40:19'),(1823,7741,2,'2023-10-09 06:40:19','2023-10-09 06:40:19'),(1824,7742,2,'2023-10-09 06:40:19','2023-10-09 06:40:19'),(1825,7743,2,'2023-10-09 06:40:19','2023-10-09 06:40:19'),(1826,7744,2,'2023-10-09 06:40:19','2023-10-09 06:40:19'),(1827,7745,2,'2023-10-09 06:40:19','2023-10-09 06:40:19'),(1828,7746,2,'2023-10-09 06:40:19','2023-10-09 06:40:19'),(1829,7747,2,'2023-10-09 06:40:19','2023-10-09 06:40:19'),(1830,7748,2,'2023-10-09 06:40:19','2023-10-09 06:40:19'),(1831,7749,2,'2023-10-09 06:40:19','2023-10-09 06:40:19'),(1832,7750,2,'2023-10-09 06:40:19','2023-10-09 06:40:19'),(1833,7751,2,'2023-10-09 06:40:19','2023-10-09 06:40:19'),(1834,7752,2,'2023-10-09 06:40:19','2023-10-09 06:40:19'),(1835,7753,2,'2023-10-09 06:40:19','2023-10-09 06:40:19'),(1836,7754,2,'2023-10-09 06:40:19','2023-10-09 06:40:19'),(1837,7755,2,'2023-10-09 06:40:19','2023-10-09 06:40:19'),(1838,7756,2,'2023-10-09 06:40:19','2023-10-09 06:40:19'),(1839,7757,2,'2023-10-09 06:40:19','2023-10-09 06:40:19'),(1840,7758,2,'2023-10-09 06:40:19','2023-10-09 06:40:19'),(1841,7759,2,'2023-10-09 06:40:19','2023-10-09 06:40:19'),(1842,7760,2,'2023-10-09 06:40:19','2023-10-09 06:40:19'),(1843,7761,2,'2023-10-09 06:40:19','2023-10-09 06:40:19'),(1844,7762,2,'2023-10-09 06:40:19','2023-10-09 06:40:19'),(1845,7763,2,'2023-10-09 06:40:19','2023-10-09 06:40:19'),(1846,7764,2,'2023-10-09 06:40:19','2023-10-09 06:40:19'),(1847,7765,2,'2023-10-09 06:40:19','2023-10-09 06:40:19'),(1848,7766,2,'2023-10-09 06:40:19','2023-10-09 06:40:19'),(1849,7767,2,'2023-10-09 06:40:19','2023-10-09 06:40:19'),(1850,7768,2,'2023-10-09 06:40:19','2023-10-09 06:40:19'),(1851,7769,2,'2023-10-09 06:40:19','2023-10-09 06:40:19'),(1852,7770,2,'2023-10-09 06:40:19','2023-10-09 06:40:19'),(1853,7771,2,'2023-10-09 06:40:19','2023-10-09 06:40:19'),(1854,7772,2,'2023-10-09 06:40:19','2023-10-09 06:40:19'),(1855,7773,2,'2023-10-09 06:40:19','2023-10-09 06:40:19'),(1856,7774,2,'2023-10-09 06:40:19','2023-10-09 06:40:19'),(1857,7775,2,'2023-10-09 06:40:19','2023-10-09 06:40:19'),(1858,7776,2,'2023-10-09 06:40:19','2023-10-09 06:40:19'),(1859,7777,2,'2023-10-09 06:40:19','2023-10-09 06:40:19'),(1860,7778,2,'2023-10-09 06:40:19','2023-10-09 06:40:19'),(1861,7779,2,'2023-10-09 06:40:19','2023-10-09 06:40:19'),(1862,7780,2,'2023-10-09 06:40:20','2023-10-09 06:40:20'),(1863,7781,2,'2023-10-09 06:40:20','2023-10-09 06:40:20'),(1864,7782,2,'2023-10-09 06:40:20','2023-10-09 06:40:20'),(1865,7783,2,'2023-10-09 06:40:20','2023-10-09 06:40:20'),(1866,7784,2,'2023-10-09 06:40:20','2023-10-09 06:40:20'),(1867,7785,2,'2023-10-09 06:40:20','2023-10-09 06:40:20'),(1868,7786,2,'2023-10-09 06:40:20','2023-10-09 06:40:20'),(1869,7787,2,'2023-10-09 06:40:20','2023-10-09 06:40:20'),(1870,7788,2,'2023-10-09 06:40:20','2023-10-09 06:40:20'),(1871,7789,2,'2023-10-09 06:40:20','2023-10-09 06:40:20'),(1872,7790,2,'2023-10-09 06:40:20','2023-10-09 06:40:20'),(1873,7791,2,'2023-10-09 06:40:20','2023-10-09 06:40:20'),(1874,7792,2,'2023-10-09 06:40:20','2023-10-09 06:40:20'),(1875,7793,2,'2023-10-09 06:40:20','2023-10-09 06:40:20'),(1876,7794,2,'2023-10-09 06:40:20','2023-10-09 06:40:20'),(1877,7795,2,'2023-10-09 06:40:20','2023-10-09 06:40:20'),(1878,7796,2,'2023-10-09 06:40:20','2023-10-09 06:40:20'),(1879,7797,2,'2023-10-09 06:40:20','2023-10-09 06:40:20'),(1880,7798,2,'2023-10-09 06:40:20','2023-10-09 06:40:20'),(1881,7799,2,'2023-10-09 06:40:20','2023-10-09 06:40:20'),(1882,7800,2,'2023-10-09 06:40:20','2023-10-09 06:40:20'),(1883,7801,2,'2023-10-09 06:40:20','2023-10-09 06:40:20'),(1884,7802,2,'2023-10-09 06:40:20','2023-10-09 06:40:20'),(1885,7803,2,'2023-10-09 06:40:20','2023-10-09 06:40:20'),(1886,7804,2,'2023-10-09 06:40:20','2023-10-09 06:40:20'),(1887,7805,2,'2023-10-09 06:40:20','2023-10-09 06:40:20'),(1888,7806,2,'2023-10-09 06:40:20','2023-10-09 06:40:20'),(1889,7807,2,'2023-10-09 06:40:20','2023-10-09 06:40:20'),(1890,7808,2,'2023-10-09 06:40:20','2023-10-09 06:40:20'),(1891,7809,2,'2023-10-09 06:40:20','2023-10-09 06:40:20'),(1892,7810,2,'2023-10-09 06:40:20','2023-10-09 06:40:20'),(1893,7811,2,'2023-10-09 06:40:20','2023-10-09 06:40:20'),(1894,7812,2,'2023-10-09 06:40:20','2023-10-09 06:40:20'),(1895,7813,2,'2023-10-09 06:40:20','2023-10-09 06:40:20'),(1896,7814,2,'2023-10-09 06:40:20','2023-10-09 06:40:20'),(1897,7815,2,'2023-10-09 06:40:20','2023-10-09 06:40:20'),(1898,7816,2,'2023-10-09 06:40:20','2023-10-09 06:40:20'),(1899,7817,2,'2023-10-09 06:40:20','2023-10-09 06:40:20'),(1900,7818,2,'2023-10-09 06:40:20','2023-10-09 06:40:20'),(1901,7819,2,'2023-10-09 06:40:20','2023-10-09 06:40:20'),(1902,7820,2,'2023-10-09 06:40:20','2023-10-09 06:40:20'),(1903,7821,2,'2023-10-09 06:40:20','2023-10-09 06:40:20'),(1904,7822,2,'2023-10-09 06:40:20','2023-10-09 06:40:20'),(1905,7823,2,'2023-10-09 06:40:20','2023-10-09 06:40:20'),(1906,7824,2,'2023-10-09 06:40:20','2023-10-09 06:40:20'),(1907,7825,2,'2023-10-09 06:40:20','2023-10-09 06:40:20'),(1909,7827,2,'2023-10-09 06:40:20','2023-10-09 06:40:20'),(1910,7828,2,'2023-10-09 06:40:20','2023-10-09 06:40:20'),(1911,7829,2,'2023-10-09 06:40:20','2023-10-09 06:40:20'),(1912,7830,2,'2023-10-09 06:40:20','2023-10-09 06:40:20'),(1913,7831,2,'2023-10-09 06:40:20','2023-10-09 06:40:20'),(1914,7832,2,'2023-10-09 06:40:20','2023-10-09 06:40:20'),(1915,7833,2,'2023-10-09 06:40:20','2023-10-09 06:40:20'),(1916,7834,2,'2023-10-09 06:40:20','2023-10-09 06:40:20'),(1917,7835,2,'2023-10-09 06:40:20','2023-10-09 06:40:20'),(1918,7836,2,'2023-10-09 06:40:20','2023-10-09 06:40:20'),(1919,7837,2,'2023-10-09 06:40:20','2023-10-09 06:40:20'),(1920,7838,2,'2023-10-09 06:40:20','2023-10-09 06:40:20'),(1921,7839,2,'2023-10-09 06:40:21','2023-10-09 06:40:21'),(1922,7840,2,'2023-10-09 06:40:21','2023-10-09 06:40:21'),(1923,7841,2,'2023-10-09 06:40:21','2023-10-09 06:40:21'),(1924,7842,2,'2023-10-09 06:40:21','2023-10-09 06:40:21'),(1925,7843,2,'2023-10-09 06:40:21','2023-10-09 06:40:21'),(1926,7844,2,'2023-10-09 06:40:21','2023-10-09 06:40:21'),(1927,7845,2,'2023-10-09 06:40:21','2023-10-09 06:40:21'),(1928,7846,2,'2023-10-09 06:40:21','2023-10-09 06:40:21'),(1929,7847,2,'2023-10-09 06:40:21','2023-10-09 06:40:21'),(1930,7848,2,'2023-10-09 06:40:21','2023-10-09 06:40:21'),(1931,7849,2,'2023-10-09 06:40:21','2023-10-09 06:40:21'),(1932,7850,2,'2023-10-09 06:40:21','2023-10-09 06:40:21'),(1933,7851,2,'2023-10-09 06:40:21','2023-10-09 06:40:21'),(1934,7852,2,'2023-10-09 06:40:21','2023-10-09 06:40:21'),(1935,7853,2,'2023-10-09 06:40:21','2023-10-09 06:40:21'),(1936,7854,2,'2023-10-09 06:40:21','2023-10-09 06:40:21'),(1937,7855,2,'2023-10-09 06:40:21','2023-10-09 06:40:21'),(1938,7856,2,'2023-10-09 06:40:21','2023-10-09 06:40:21'),(1939,7857,2,'2023-10-09 06:40:21','2023-10-09 06:40:21'),(1940,7858,2,'2023-10-09 06:40:21','2023-10-09 06:40:21'),(1941,7859,2,'2023-10-09 06:40:21','2023-10-09 06:40:21'),(1942,7860,2,'2023-10-09 06:40:21','2023-10-09 06:40:21'),(1943,7861,2,'2023-10-09 06:40:21','2023-10-09 06:40:21'),(1944,7862,2,'2023-10-09 06:40:21','2023-10-09 06:40:21'),(1945,7863,2,'2023-10-09 06:40:21','2023-10-09 06:40:21'),(1946,7864,2,'2023-10-09 06:40:21','2023-10-09 06:40:21'),(1947,7865,2,'2023-10-09 06:40:21','2023-10-09 06:40:21'),(1948,7866,2,'2023-10-09 06:40:21','2023-10-09 06:40:21'),(1949,7867,2,'2023-10-09 06:40:21','2023-10-09 06:40:21'),(1950,7868,2,'2023-10-09 06:40:21','2023-10-09 06:40:21'),(1951,7869,2,'2023-10-09 06:40:21','2023-10-09 06:40:21'),(1952,7870,2,'2023-10-09 06:40:21','2023-10-09 06:40:21'),(1953,7871,2,'2023-10-09 06:40:21','2023-10-09 06:40:21'),(1954,7872,2,'2023-10-09 06:40:21','2023-10-09 06:40:21'),(1955,7873,2,'2023-10-09 06:40:21','2023-10-09 06:40:21'),(1956,7874,2,'2023-10-09 06:40:21','2023-10-09 06:40:21'),(1957,7875,2,'2023-10-09 06:40:21','2023-10-09 06:40:21'),(1958,7876,2,'2023-10-09 06:40:21','2023-10-09 06:40:21'),(1959,7877,2,'2023-10-09 06:40:21','2023-10-09 06:40:21'),(1960,7878,2,'2023-10-09 06:40:21','2023-10-09 06:40:21'),(1961,7879,2,'2023-10-09 06:40:21','2023-10-09 06:40:21'),(1962,7880,2,'2023-10-09 06:40:21','2023-10-09 06:40:21'),(1963,7881,2,'2023-10-09 06:40:21','2023-10-09 06:40:21'),(1964,7882,2,'2023-10-09 06:40:21','2023-10-09 06:40:21'),(1965,7883,2,'2023-10-09 06:40:21','2023-10-09 06:40:21'),(1966,7884,2,'2023-10-09 06:40:21','2023-10-09 06:40:21'),(1967,7885,2,'2023-10-09 06:40:21','2023-10-09 06:40:21'),(1968,7886,2,'2023-10-09 06:40:21','2023-10-09 06:40:21'),(1969,7887,2,'2023-10-09 06:40:21','2023-10-09 06:40:21'),(1970,7888,2,'2023-10-09 06:40:21','2023-10-09 06:40:21'),(1971,7889,2,'2023-10-09 06:40:21','2023-10-09 06:40:21'),(1972,7890,2,'2023-10-09 06:40:21','2023-10-09 06:40:21'),(1973,7891,2,'2023-10-09 06:40:21','2023-10-09 06:40:21'),(1974,7892,2,'2023-10-09 06:40:21','2023-10-09 06:40:21'),(1975,7893,2,'2023-10-09 06:40:21','2023-10-09 06:40:21'),(1976,7894,2,'2023-10-09 06:40:21','2023-10-09 06:40:21'),(1977,7895,2,'2023-10-09 06:40:21','2023-10-09 06:40:21'),(1978,7896,2,'2023-10-09 06:40:21','2023-10-09 06:40:21'),(1979,7897,2,'2023-10-09 06:40:21','2023-10-09 06:40:21'),(1980,7898,2,'2023-10-09 06:40:21','2023-10-09 06:40:21'),(1981,7899,2,'2023-10-09 06:40:22','2023-10-09 06:40:22'),(1982,7900,2,'2023-10-09 06:40:22','2023-10-09 06:40:22'),(1983,7901,2,'2023-10-09 06:40:22','2023-10-09 06:40:22'),(1984,7902,2,'2023-10-09 06:40:22','2023-10-09 06:40:22'),(1985,7903,2,'2023-10-09 06:40:22','2023-10-09 06:40:22'),(1986,7904,2,'2023-10-09 06:40:22','2023-10-09 06:40:22'),(1987,7905,2,'2023-10-09 06:40:22','2023-10-09 06:40:22'),(1988,7906,2,'2023-10-09 06:40:22','2023-10-09 06:40:22'),(1989,7907,2,'2023-10-09 06:40:22','2023-10-09 06:40:22'),(1990,7908,2,'2023-10-09 06:40:22','2023-10-09 06:40:22'),(1991,7909,2,'2023-10-09 06:40:22','2023-10-09 06:40:22'),(1992,7910,2,'2023-10-09 06:40:22','2023-10-09 06:40:22'),(1993,7911,2,'2023-10-09 06:40:22','2023-10-09 06:40:22'),(1994,7912,2,'2023-10-09 06:40:22','2023-10-09 06:40:22'),(1995,7913,2,'2023-10-09 06:40:22','2023-10-09 06:40:22'),(1996,7914,2,'2023-10-09 06:40:22','2023-10-09 06:40:22'),(1997,7915,2,'2023-10-09 06:40:22','2023-10-09 06:40:22'),(1998,7916,2,'2023-10-09 06:40:22','2023-10-09 06:40:22'),(1999,7917,2,'2023-10-09 06:40:22','2023-10-09 06:40:22'),(2000,7918,2,'2023-10-09 06:40:22','2023-10-09 06:40:22'),(2001,7919,2,'2023-10-09 06:40:22','2023-10-09 06:40:22'),(2002,7920,2,'2023-10-09 06:40:22','2023-10-09 06:40:22'),(2003,7921,2,'2023-10-09 06:40:22','2023-10-09 06:40:22'),(2004,7922,2,'2023-10-09 06:40:22','2023-10-09 06:40:22'),(2005,7923,2,'2023-10-09 06:40:22','2023-10-09 06:40:22'),(2006,7924,2,'2023-10-09 06:40:22','2023-10-09 06:40:22'),(2007,7925,2,'2023-10-09 06:40:22','2023-10-09 06:40:22'),(2008,7926,2,'2023-10-09 06:40:22','2023-10-09 06:40:22'),(2009,7927,2,'2023-10-09 06:40:22','2023-10-09 06:40:22'),(2010,7928,2,'2023-10-09 06:40:22','2023-10-09 06:40:22'),(2011,7929,2,'2023-10-09 06:40:22','2023-10-09 06:40:22'),(2012,7930,2,'2023-10-09 06:40:22','2023-10-09 06:40:22'),(2013,7931,2,'2023-10-09 06:40:22','2023-10-09 06:40:22'),(2014,7932,2,'2023-10-09 06:40:22','2023-10-09 06:40:22'),(2015,7933,2,'2023-10-09 06:40:22','2023-10-09 06:40:22'),(2016,7934,2,'2023-10-09 06:40:22','2023-10-09 06:40:22'),(2017,7935,2,'2023-10-09 06:40:22','2023-10-09 06:40:22'),(2018,7936,2,'2023-10-09 06:40:22','2023-10-09 06:40:22'),(2019,7937,2,'2023-10-09 06:40:22','2023-10-09 06:40:22'),(2020,7938,2,'2023-10-09 06:40:22','2023-10-09 06:40:22'),(2021,7939,2,'2023-10-09 06:40:22','2023-10-09 06:40:22'),(2022,7940,2,'2023-10-09 06:40:22','2023-10-09 06:40:22'),(2023,7941,2,'2023-10-09 06:40:22','2023-10-09 06:40:22'),(2024,7942,2,'2023-10-09 06:40:22','2023-10-09 06:40:22'),(2025,7943,2,'2023-10-09 06:40:22','2023-10-09 06:40:22'),(2026,7944,2,'2023-10-09 06:40:22','2023-10-09 06:40:22'),(2027,7945,2,'2023-10-09 06:40:22','2023-10-09 06:40:22'),(2028,7946,2,'2023-10-09 06:40:22','2023-10-09 06:40:22'),(2029,7947,2,'2023-10-09 06:40:22','2023-10-09 06:40:22'),(2030,7948,2,'2023-10-09 06:40:22','2023-10-09 06:40:22'),(2031,7949,2,'2023-10-09 06:40:22','2023-10-09 06:40:22'),(2032,7950,2,'2023-10-09 06:40:22','2023-10-09 06:40:22'),(2033,7951,2,'2023-10-09 06:40:22','2023-10-09 06:40:22'),(2034,7952,2,'2023-10-09 06:40:22','2023-10-09 06:40:22'),(2035,7953,2,'2023-10-09 06:40:22','2023-10-09 06:40:22'),(2036,7954,2,'2023-10-09 06:40:22','2023-10-09 06:40:22'),(2037,7955,2,'2023-10-09 06:40:22','2023-10-09 06:40:22'),(2038,7956,2,'2023-10-09 06:40:22','2023-10-09 06:40:22'),(2039,7957,2,'2023-10-09 06:40:22','2023-10-09 06:40:22'),(2040,7958,2,'2023-10-09 06:40:22','2023-10-09 06:40:22'),(2041,7959,2,'2023-10-09 06:40:22','2023-10-09 06:40:22'),(2042,7960,2,'2023-10-09 06:40:22','2023-10-09 06:40:22'),(2043,7961,2,'2023-10-09 06:40:23','2023-10-09 06:40:23'),(2044,7962,2,'2023-10-09 06:40:23','2023-10-09 06:40:23'),(2045,7963,2,'2023-10-09 06:40:23','2023-10-09 06:40:23'),(2046,7964,2,'2023-10-09 06:40:23','2023-10-09 06:40:23'),(2047,7965,2,'2023-10-09 06:40:23','2023-10-09 06:40:23'),(2048,7966,2,'2023-10-09 06:40:23','2023-10-09 06:40:23'),(2049,7967,2,'2023-10-09 06:40:23','2023-10-09 06:40:23'),(2050,7968,2,'2023-10-09 06:40:23','2023-10-09 06:40:23'),(2051,7969,2,'2023-10-09 06:40:23','2023-10-09 06:40:23'),(2052,7970,2,'2023-10-09 06:40:23','2023-10-09 06:40:23'),(2053,7971,2,'2023-10-09 06:40:23','2023-10-09 06:40:23'),(2054,7972,2,'2023-10-09 06:40:23','2023-10-09 06:40:23'),(2055,7973,2,'2023-10-09 06:40:23','2023-10-09 06:40:23'),(2056,7974,2,'2023-10-09 06:40:23','2023-10-09 06:40:23'),(2057,7975,2,'2023-10-09 06:40:23','2023-10-09 06:40:23'),(2058,7976,2,'2023-10-09 06:40:23','2023-10-09 06:40:23'),(2059,7977,2,'2023-10-09 06:40:23','2023-10-09 06:40:23'),(2060,7978,2,'2023-10-09 06:40:23','2023-10-09 06:40:23'),(2061,7979,2,'2023-10-09 06:40:23','2023-10-09 06:40:23'),(2062,7980,2,'2023-10-09 06:40:23','2023-10-09 06:40:23'),(2063,7981,2,'2023-10-09 06:40:23','2023-10-09 06:40:23'),(2064,7982,2,'2023-10-09 06:40:23','2023-10-09 06:40:23'),(2065,7983,2,'2023-10-09 06:40:23','2023-10-09 06:40:23'),(2066,7984,2,'2023-10-09 06:40:23','2023-10-09 06:40:23'),(2067,7985,2,'2023-10-09 06:40:23','2023-10-09 06:40:23'),(2068,7986,2,'2023-10-09 06:40:23','2023-10-09 06:40:23'),(2069,7987,2,'2023-10-09 06:40:23','2023-10-09 06:40:23'),(2070,7988,2,'2023-10-09 06:40:23','2023-10-09 06:40:23'),(2071,7989,2,'2023-10-09 06:40:23','2023-10-09 06:40:23'),(2072,7990,2,'2023-10-09 06:40:23','2023-10-09 06:40:23'),(2073,7991,2,'2023-10-09 06:40:23','2023-10-09 06:40:23'),(2074,7992,2,'2023-10-09 06:40:23','2023-10-09 06:40:23'),(2075,7993,2,'2023-10-09 06:40:23','2023-10-09 06:40:23'),(2076,7994,2,'2023-10-09 06:40:23','2023-10-09 06:40:23'),(2077,7995,2,'2023-10-09 06:40:23','2023-10-09 06:40:23'),(2078,7996,2,'2023-10-09 06:40:23','2023-10-09 06:40:23'),(2079,7997,2,'2023-10-09 06:40:23','2023-10-09 06:40:23'),(2080,7998,2,'2023-10-09 06:40:23','2023-10-09 06:40:23'),(2081,7999,2,'2023-10-09 06:40:23','2023-10-09 06:40:23'),(2082,8000,2,'2023-10-09 06:40:23','2023-10-09 06:40:23'),(2083,8001,2,'2023-10-09 06:40:23','2023-10-09 06:40:23'),(2084,8002,2,'2023-10-09 06:40:23','2023-10-09 06:40:23'),(2085,8003,2,'2023-10-09 06:40:23','2023-10-09 06:40:23'),(2086,8004,2,'2023-10-09 06:40:23','2023-10-09 06:40:23'),(2087,8005,2,'2023-10-09 06:40:23','2023-10-09 06:40:23'),(2088,8006,2,'2023-10-09 06:40:23','2023-10-09 06:40:23'),(2089,8007,2,'2023-10-09 06:40:23','2023-10-09 06:40:23'),(2090,8008,2,'2023-10-09 06:40:23','2023-10-09 06:40:23'),(2091,8009,2,'2023-10-09 06:40:23','2023-10-09 06:40:23'),(2092,8010,2,'2023-10-09 06:40:23','2023-10-09 06:40:23'),(2093,8011,2,'2023-10-09 06:40:23','2023-10-09 06:40:23'),(2094,8012,2,'2023-10-09 06:40:23','2023-10-09 06:40:23'),(2095,8013,2,'2023-10-09 06:40:23','2023-10-09 06:40:23'),(2096,8014,2,'2023-10-09 06:40:23','2023-10-09 06:40:23'),(2097,8015,2,'2023-10-09 06:40:23','2023-10-09 06:40:23'),(2098,8016,2,'2023-10-09 06:40:23','2023-10-09 06:40:23'),(2099,8017,2,'2023-10-09 06:40:23','2023-10-09 06:40:23'),(2100,8018,2,'2023-10-09 06:40:23','2023-10-09 06:40:23'),(2101,8019,2,'2023-10-09 06:40:23','2023-10-09 06:40:23'),(2102,8020,2,'2023-10-09 06:40:23','2023-10-09 06:40:23'),(2103,8021,2,'2023-10-09 06:40:23','2023-10-09 06:40:23'),(2104,8022,2,'2023-10-09 06:40:23','2023-10-09 06:40:23'),(2105,8023,2,'2023-10-09 06:40:23','2023-10-09 06:40:23'),(2106,8024,2,'2023-10-09 06:40:24','2023-10-09 06:40:24'),(2107,8025,2,'2023-10-09 06:40:24','2023-10-09 06:40:24'),(2108,8026,2,'2023-10-09 06:40:24','2023-10-09 06:40:24'),(2109,8027,2,'2023-10-09 06:40:24','2023-10-09 06:40:24'),(2110,8028,2,'2023-10-09 06:40:24','2023-10-09 06:40:24'),(2111,8029,2,'2023-10-09 06:40:24','2023-10-09 06:40:24'),(2112,8030,2,'2023-10-09 06:40:24','2023-10-09 06:40:24'),(2113,8031,2,'2023-10-09 06:40:24','2023-10-09 06:40:24'),(2114,8032,2,'2023-10-09 06:40:24','2023-10-09 06:40:24'),(2115,8033,2,'2023-10-09 06:40:24','2023-10-09 06:40:24'),(2116,8034,2,'2023-10-09 06:40:24','2023-10-09 06:40:24'),(2117,8035,2,'2023-10-09 06:40:24','2023-10-09 06:40:24'),(2118,8036,2,'2023-10-09 06:40:24','2023-10-09 06:40:24'),(2119,8037,2,'2023-10-09 06:40:24','2023-10-09 06:40:24'),(2120,8038,2,'2023-10-09 06:40:24','2023-10-09 06:40:24'),(2121,8039,2,'2023-10-09 06:40:24','2023-10-09 06:40:24'),(2122,8040,2,'2023-10-09 06:40:24','2023-10-09 06:40:24'),(2123,8041,2,'2023-10-09 06:40:24','2023-10-09 06:40:24'),(2124,8042,2,'2023-10-09 06:40:24','2023-10-09 06:40:24'),(2125,8043,2,'2023-10-09 06:40:24','2023-10-09 06:40:24'),(2126,8044,2,'2023-10-09 06:40:24','2023-10-09 06:40:24'),(2127,8045,2,'2023-10-09 06:40:24','2023-10-09 06:40:24'),(2128,8046,2,'2023-10-09 06:40:24','2023-10-09 06:40:24'),(2129,8047,2,'2023-10-09 06:40:24','2023-10-09 06:40:24'),(2130,8048,2,'2023-10-09 06:40:24','2023-10-09 06:40:24'),(2131,8049,2,'2023-10-09 06:40:24','2023-10-09 06:40:24'),(2132,8050,2,'2023-10-09 06:40:24','2023-10-09 06:40:24'),(2133,8051,2,'2023-10-09 06:40:24','2023-10-09 06:40:24'),(2134,8052,2,'2023-10-09 06:40:24','2023-10-09 06:40:24'),(2135,8053,2,'2023-10-09 06:40:24','2023-10-09 06:40:24'),(2136,8054,2,'2023-10-09 06:40:24','2023-10-09 06:40:24'),(2137,8055,2,'2023-10-09 06:40:24','2023-10-09 06:40:24'),(2138,8056,2,'2023-10-09 06:40:24','2023-10-09 06:40:24'),(2139,8057,2,'2023-10-09 06:40:24','2023-10-09 06:40:24'),(2140,8058,2,'2023-10-09 06:40:24','2023-10-09 06:40:24'),(2141,8059,2,'2023-10-09 06:40:24','2023-10-09 06:40:24'),(2142,8060,2,'2023-10-09 06:40:24','2023-10-09 06:40:24'),(2144,8062,2,'2023-10-09 06:40:24','2023-10-09 06:40:24'),(2145,8063,2,'2023-10-09 06:40:24','2023-10-09 06:40:24'),(2146,8064,2,'2023-10-09 06:40:24','2023-10-09 06:40:24'),(2147,8065,2,'2023-10-09 06:40:24','2023-10-09 06:40:24'),(2148,8066,2,'2023-10-09 06:40:24','2023-10-09 06:40:24'),(2149,8067,2,'2023-10-09 06:40:24','2023-10-09 06:40:24'),(2150,8068,2,'2023-10-09 06:40:24','2023-10-09 06:40:24'),(2151,8069,2,'2023-10-09 06:40:24','2023-10-09 06:40:24'),(2152,8070,2,'2023-10-09 06:40:24','2023-10-09 06:40:24'),(2153,8071,2,'2023-10-09 06:40:24','2023-10-09 06:40:24'),(2154,8072,2,'2023-10-09 06:40:24','2023-10-09 06:40:24'),(2155,8073,2,'2023-10-09 06:40:24','2023-10-09 06:40:24'),(2156,8074,2,'2023-10-09 06:40:24','2023-10-09 06:40:24'),(2157,8075,2,'2023-10-09 06:40:24','2023-10-09 06:40:24'),(2158,8076,2,'2023-10-09 06:40:24','2023-10-09 06:40:24'),(2159,8077,2,'2023-10-09 06:40:24','2023-10-09 06:40:24'),(2160,8078,2,'2023-10-09 06:40:24','2023-10-09 06:40:24'),(2161,8079,2,'2023-10-09 06:40:24','2023-10-09 06:40:24'),(2162,8080,2,'2023-10-09 06:40:24','2023-10-09 06:40:24'),(2163,8081,2,'2023-10-09 06:40:25','2023-10-09 06:40:25'),(2164,8082,2,'2023-10-09 06:40:25','2023-10-09 06:40:25'),(2165,8083,2,'2023-10-09 06:40:25','2023-10-09 06:40:25'),(2166,8084,2,'2023-10-09 06:40:25','2023-10-09 06:40:25'),(2167,8085,2,'2023-10-09 06:40:25','2023-10-09 06:40:25'),(2168,8086,2,'2023-10-09 06:40:25','2023-10-09 06:40:25'),(2169,8087,2,'2023-10-09 06:40:25','2023-10-09 06:40:25'),(2170,8088,2,'2023-10-09 06:40:25','2023-10-09 06:40:25'),(2171,8089,2,'2023-10-09 06:40:25','2023-10-09 06:40:25'),(2172,8090,2,'2023-10-09 06:40:25','2023-10-09 06:40:25'),(2173,8091,2,'2023-10-09 06:40:25','2023-10-09 06:40:25'),(2174,8092,2,'2023-10-09 06:40:25','2023-10-09 06:40:25'),(2175,8093,2,'2023-10-09 06:40:25','2023-10-09 06:40:25'),(2176,8094,2,'2023-10-09 06:40:25','2023-10-09 06:40:25'),(2177,8095,2,'2023-10-09 06:40:25','2023-10-09 06:40:25'),(2178,8096,2,'2023-10-09 06:40:25','2023-10-09 06:40:25'),(2179,8097,2,'2023-10-09 06:40:25','2023-10-09 06:40:25'),(2180,8098,2,'2023-10-09 06:40:25','2023-10-09 06:40:25'),(2181,8099,2,'2023-10-09 06:40:25','2023-10-09 06:40:25'),(2182,8100,2,'2023-10-09 06:40:25','2023-10-09 06:40:25'),(2183,8101,2,'2023-10-09 06:40:25','2023-10-09 06:40:25'),(2184,8102,2,'2023-10-09 06:40:25','2023-10-09 06:40:25'),(2185,8103,2,'2023-10-09 06:40:25','2023-10-09 06:40:25'),(2186,8104,2,'2023-10-09 06:40:25','2023-10-09 06:40:25'),(2187,8105,2,'2023-10-09 06:40:25','2023-10-09 06:40:25'),(2188,8106,2,'2023-10-09 06:40:25','2023-10-09 06:40:25'),(2189,8107,2,'2023-10-09 06:40:25','2023-10-09 06:40:25'),(2190,8108,2,'2023-10-09 06:40:25','2023-10-09 06:40:25'),(2191,8109,2,'2023-10-09 06:40:25','2023-10-09 06:40:25'),(2192,8110,2,'2023-10-09 06:40:25','2023-10-09 06:40:25'),(2193,8111,2,'2023-10-09 06:40:25','2023-10-09 06:40:25'),(2194,8112,2,'2023-10-09 06:40:25','2023-10-09 06:40:25'),(2195,8113,2,'2023-10-09 06:40:25','2023-10-09 06:40:25'),(2196,8114,2,'2023-10-09 06:40:25','2023-10-09 06:40:25'),(2197,8115,2,'2023-10-09 06:40:25','2023-10-09 06:40:25'),(2198,8116,2,'2023-10-09 06:40:25','2023-10-09 06:40:25'),(2199,8117,2,'2023-10-09 06:40:25','2023-10-09 06:40:25'),(2200,8118,2,'2023-10-09 06:40:25','2023-10-09 06:40:25'),(2201,8119,2,'2023-10-09 06:40:25','2023-10-09 06:40:25'),(2202,8120,2,'2023-10-09 06:40:25','2023-10-09 06:40:25'),(2203,8121,2,'2023-10-09 06:40:25','2023-10-09 06:40:25'),(2204,8122,2,'2023-10-09 06:40:25','2023-10-09 06:40:25'),(2205,8123,2,'2023-10-09 06:40:25','2023-10-09 06:40:25'),(2206,8124,2,'2023-10-09 06:40:25','2023-10-09 06:40:25'),(2207,8125,2,'2023-10-09 06:40:25','2023-10-09 06:40:25'),(2208,8126,2,'2023-10-09 06:40:25','2023-10-09 06:40:25'),(2209,8127,2,'2023-10-09 06:40:25','2023-10-09 06:40:25'),(2210,8128,2,'2023-10-09 06:40:25','2023-10-09 06:40:25'),(2211,8129,2,'2023-10-09 06:40:25','2023-10-09 06:40:25'),(2212,8130,2,'2023-10-09 06:40:25','2023-10-09 06:40:25'),(2213,8131,2,'2023-10-09 06:40:25','2023-10-09 06:40:25'),(2214,8132,2,'2023-10-09 06:40:25','2023-10-09 06:40:25'),(2215,8133,2,'2023-10-09 06:40:25','2023-10-09 06:40:25'),(2216,8134,2,'2023-10-09 06:40:25','2023-10-09 06:40:25'),(2217,8135,2,'2023-10-09 06:40:25','2023-10-09 06:40:25'),(2218,8136,2,'2023-10-09 06:40:25','2023-10-09 06:40:25'),(2219,8137,2,'2023-10-09 06:40:25','2023-10-09 06:40:25'),(2220,8138,2,'2023-10-09 06:40:25','2023-10-09 06:40:25'),(2221,8139,2,'2023-10-09 06:40:25','2023-10-09 06:40:25'),(2222,8140,2,'2023-10-09 06:40:25','2023-10-09 06:40:25'),(2223,8141,2,'2023-10-09 06:40:25','2023-10-09 06:40:25'),(2224,8142,2,'2023-10-09 06:40:25','2023-10-09 06:40:25'),(2225,8143,2,'2023-10-09 06:40:26','2023-10-09 06:40:26'),(2226,8144,2,'2023-10-09 06:40:26','2023-10-09 06:40:26'),(2227,8145,2,'2023-10-09 06:40:26','2023-10-09 06:40:26'),(2228,8146,2,'2023-10-09 06:40:26','2023-10-09 06:40:26'),(2229,8147,2,'2023-10-09 06:40:26','2023-10-09 06:40:26'),(2230,8148,2,'2023-10-09 06:40:26','2023-10-09 06:40:26'),(2232,8150,2,'2023-10-09 06:40:26','2023-10-09 06:40:26'),(2233,8151,2,'2023-10-09 06:40:26','2023-10-09 06:40:26'),(2234,8152,2,'2023-10-09 06:40:26','2023-10-09 06:40:26'),(2235,8153,2,'2023-10-09 06:40:26','2023-10-09 06:40:26'),(2236,8154,2,'2023-10-09 06:40:26','2023-10-09 06:40:26'),(2237,8155,2,'2023-10-09 06:40:26','2023-10-09 06:40:26'),(2238,8156,2,'2023-10-09 06:40:26','2023-10-09 06:40:26'),(2239,8157,2,'2023-10-09 06:40:26','2023-10-09 06:40:26'),(2240,8158,2,'2023-10-09 06:40:26','2023-10-09 06:40:26'),(2241,8159,2,'2023-10-09 06:40:26','2023-10-09 06:40:26'),(2242,8160,2,'2023-10-09 06:40:26','2023-10-09 06:40:26'),(2243,8161,2,'2023-10-09 06:40:26','2023-10-09 06:40:26'),(2244,8162,2,'2023-10-09 06:40:26','2023-10-09 06:40:26'),(2245,8163,2,'2023-10-09 06:40:26','2023-10-09 06:40:26'),(2246,8164,2,'2023-10-09 06:40:26','2023-10-09 06:40:26'),(2247,8165,2,'2023-10-09 06:40:26','2023-10-09 06:40:26'),(2248,8166,2,'2023-10-09 06:40:26','2023-10-09 06:40:26'),(2249,8167,2,'2023-10-09 06:40:26','2023-10-09 06:40:26'),(2250,8168,2,'2023-10-09 06:40:26','2023-10-09 06:40:26'),(2251,8169,2,'2023-10-09 06:40:26','2023-10-09 06:40:26'),(2252,8170,2,'2023-10-09 06:40:26','2023-10-09 06:40:26'),(2253,8171,2,'2023-10-09 06:40:26','2023-10-09 06:40:26'),(2254,8172,2,'2023-10-09 06:40:26','2023-10-09 06:40:26'),(2255,8173,2,'2023-10-09 06:40:26','2023-10-09 06:40:26'),(2256,8174,2,'2023-10-09 06:40:26','2023-10-09 06:40:26'),(2257,8175,2,'2023-10-09 06:40:26','2023-10-09 06:40:26'),(2258,8176,2,'2023-10-09 06:40:26','2023-10-09 06:40:26'),(2259,8177,2,'2023-10-09 06:40:26','2023-10-09 06:40:26'),(2260,8178,2,'2023-10-09 06:40:26','2023-10-09 06:40:26'),(2261,8179,2,'2023-10-09 06:40:26','2023-10-09 06:40:26'),(2262,8180,2,'2023-10-09 06:40:26','2023-10-09 06:40:26'),(2263,8181,2,'2023-10-09 06:40:26','2023-10-09 06:40:26'),(2264,8182,2,'2023-10-09 06:40:26','2023-10-09 06:40:26'),(2265,8183,2,'2023-10-09 06:40:26','2023-10-09 06:40:26'),(2266,8184,2,'2023-10-09 06:40:26','2023-10-09 06:40:26'),(2267,8185,2,'2023-10-09 06:40:26','2023-10-09 06:40:26'),(2268,8186,2,'2023-10-09 06:40:26','2023-10-09 06:40:26'),(2269,8187,2,'2023-10-09 06:40:26','2023-10-09 06:40:26'),(2270,8188,2,'2023-10-09 06:40:26','2023-10-09 06:40:26'),(2271,8189,2,'2023-10-09 06:40:26','2023-10-09 06:40:26'),(2272,8190,2,'2023-10-09 06:40:26','2023-10-09 06:40:26'),(2273,8191,2,'2023-10-09 06:40:26','2023-10-09 06:40:26'),(2274,8192,2,'2023-10-09 06:40:26','2023-10-09 06:40:26'),(2275,8193,2,'2023-10-09 06:40:26','2023-10-09 06:40:26'),(2276,8194,2,'2023-10-09 06:40:26','2023-10-09 06:40:26'),(2277,8195,2,'2023-10-09 06:40:26','2023-10-09 06:40:26'),(2278,8196,2,'2023-10-09 06:40:26','2023-10-09 06:40:26'),(2279,8197,2,'2023-10-09 06:40:26','2023-10-09 06:40:26'),(2280,8198,2,'2023-10-09 06:40:26','2023-10-09 06:40:26'),(2281,8199,2,'2023-10-09 06:40:26','2023-10-09 06:40:26'),(2282,8200,2,'2023-10-09 06:40:27','2023-10-09 06:40:27'),(2283,8201,2,'2023-10-09 06:40:27','2023-10-09 06:40:27'),(2284,8202,2,'2023-10-09 06:40:27','2023-10-09 06:40:27'),(2285,8203,2,'2023-10-09 06:40:27','2023-10-09 06:40:27'),(2286,8204,2,'2023-10-09 06:40:27','2023-10-09 06:40:27'),(2287,8205,2,'2023-10-09 06:40:27','2023-10-09 06:40:27'),(2288,8206,2,'2023-10-09 06:40:27','2023-10-09 06:40:27'),(2289,8207,2,'2023-10-09 06:40:27','2023-10-09 06:40:27'),(2290,8208,2,'2023-10-09 06:40:27','2023-10-09 06:40:27'),(2291,8209,2,'2023-10-09 06:40:27','2023-10-09 06:40:27'),(2292,8210,2,'2023-10-09 06:40:27','2023-10-09 06:40:27'),(2293,8211,2,'2023-10-09 06:40:27','2023-10-09 06:40:27'),(2294,8212,2,'2023-10-09 06:40:27','2023-10-09 06:40:27'),(2295,8213,2,'2023-10-09 06:40:27','2023-10-09 06:40:27'),(2296,8214,2,'2023-10-09 06:40:27','2023-10-09 06:40:27'),(2297,8215,2,'2023-10-09 06:40:27','2023-10-09 06:40:27'),(2298,8216,2,'2023-10-09 06:40:27','2023-10-09 06:40:27'),(2299,8217,2,'2023-10-09 06:40:27','2023-10-09 06:40:27'),(2300,8218,2,'2023-10-09 06:40:27','2023-10-09 06:40:27'),(2301,8219,2,'2023-10-09 06:40:27','2023-10-09 06:40:27'),(2302,8220,2,'2023-10-09 06:40:27','2023-10-09 06:40:27'),(2303,8221,2,'2023-10-09 06:40:27','2023-10-09 06:40:27'),(2304,8222,2,'2023-10-09 06:40:27','2023-10-09 06:40:27'),(2305,8223,2,'2023-10-09 06:40:27','2023-10-09 06:40:27'),(2306,8224,2,'2023-10-09 06:40:27','2023-10-09 06:40:27'),(2307,8225,2,'2023-10-09 06:40:27','2023-10-09 06:40:27'),(2308,8226,2,'2023-10-09 06:40:27','2023-10-09 06:40:27'),(2309,8227,2,'2023-10-09 06:40:27','2023-10-09 06:40:27'),(2310,8228,2,'2023-10-09 06:40:27','2023-10-09 06:40:27'),(2311,8229,2,'2023-10-09 06:40:27','2023-10-09 06:40:27'),(2312,8230,2,'2023-10-09 06:40:27','2023-10-09 06:40:27'),(2313,8231,2,'2023-10-09 06:40:27','2023-10-09 06:40:27'),(2314,8232,2,'2023-10-09 06:40:27','2023-10-09 06:40:27'),(2315,8233,2,'2023-10-09 06:40:27','2023-10-09 06:40:27'),(2316,8234,2,'2023-10-09 06:40:27','2023-10-09 06:40:27'),(2317,8235,2,'2023-10-09 06:40:27','2023-10-09 06:40:27'),(2318,8236,2,'2023-10-09 06:40:27','2023-10-09 06:40:27'),(2319,8237,2,'2023-10-09 06:40:27','2023-10-09 06:40:27'),(2320,8238,2,'2023-10-09 06:40:27','2023-10-09 06:40:27'),(2321,8239,2,'2023-10-09 06:40:27','2023-10-09 06:40:27'),(2322,8240,2,'2023-10-09 06:40:27','2023-10-09 06:40:27'),(2323,8241,2,'2023-10-09 06:40:27','2023-10-09 06:40:27'),(2324,8242,2,'2023-10-09 06:40:27','2023-10-09 06:40:27'),(2325,8243,2,'2023-10-09 06:40:27','2023-10-09 06:40:27'),(2326,8244,2,'2023-10-09 06:40:27','2023-10-09 06:40:27'),(2327,8245,2,'2023-10-09 06:40:27','2023-10-09 06:40:27'),(2328,8246,2,'2023-10-09 06:40:27','2023-10-09 06:40:27'),(2329,8247,2,'2023-10-09 06:40:27','2023-10-09 06:40:27'),(2330,8248,2,'2023-10-09 06:40:27','2023-10-09 06:40:27'),(2331,8249,2,'2023-10-09 06:40:27','2023-10-09 06:40:27'),(2332,8250,2,'2023-10-09 06:40:27','2023-10-09 06:40:27'),(2333,8251,2,'2023-10-09 06:40:27','2023-10-09 06:40:27'),(2334,8252,2,'2023-10-09 06:40:27','2023-10-09 06:40:27'),(2335,8253,2,'2023-10-09 06:40:28','2023-10-09 06:40:28'),(2336,8254,2,'2023-10-09 06:40:28','2023-10-09 06:40:28'),(2337,8255,2,'2023-10-09 06:40:28','2023-10-09 06:40:28'),(2338,8256,2,'2023-10-09 06:40:28','2023-10-09 06:40:28'),(2339,8257,2,'2023-10-09 06:40:28','2023-10-09 06:40:28'),(2340,8258,2,'2023-10-09 06:40:28','2023-10-09 06:40:28'),(2341,8259,2,'2023-10-09 06:40:28','2023-10-09 06:40:28'),(2342,8260,2,'2023-10-09 06:40:28','2023-10-09 06:40:28'),(2343,8261,2,'2023-10-09 06:40:28','2023-10-09 06:40:28'),(2344,8262,2,'2023-10-09 06:40:28','2023-10-09 06:40:28'),(2345,8263,2,'2023-10-09 06:40:28','2023-10-09 06:40:28'),(2346,8264,2,'2023-10-09 06:40:28','2023-10-09 06:40:28'),(2347,8265,2,'2023-10-09 06:40:28','2023-10-09 06:40:28'),(2348,8266,2,'2023-10-09 06:40:28','2023-10-09 06:40:28'),(2349,8267,2,'2023-10-09 06:40:28','2023-10-09 06:40:28'),(2350,8268,2,'2023-10-09 06:40:28','2023-10-09 06:40:28'),(2351,8269,2,'2023-10-09 06:40:28','2023-10-09 06:40:28'),(2352,8270,2,'2023-10-09 06:40:28','2023-10-09 06:40:28'),(2353,8271,2,'2023-10-09 06:40:28','2023-10-09 06:40:28'),(2354,8272,2,'2023-10-09 06:40:28','2023-10-09 06:40:28'),(2355,8273,2,'2023-10-09 06:40:28','2023-10-09 06:40:28'),(2356,8274,2,'2023-10-09 06:40:28','2023-10-09 06:40:28'),(2357,8275,2,'2023-10-09 06:40:28','2023-10-09 06:40:28'),(2358,8276,2,'2023-10-09 06:40:28','2023-10-09 06:40:28'),(2359,8277,2,'2023-10-09 06:40:28','2023-10-09 06:40:28'),(2360,8278,2,'2023-10-09 06:40:28','2023-10-09 06:40:28'),(2361,8279,2,'2023-10-09 06:40:28','2023-10-09 06:40:28'),(2362,8280,2,'2023-10-09 06:40:28','2023-10-09 06:40:28'),(2363,8281,2,'2023-10-09 06:40:28','2023-10-09 06:40:28'),(2364,8282,2,'2023-10-09 06:40:28','2023-10-09 06:40:28'),(2365,8283,2,'2023-10-09 06:40:28','2023-10-09 06:40:28'),(2366,8284,2,'2023-10-09 06:40:28','2023-10-09 06:40:28'),(2367,8285,2,'2023-10-09 06:40:28','2023-10-09 06:40:28'),(2368,8286,2,'2023-10-09 06:40:28','2023-10-09 06:40:28'),(2371,8289,2,'2023-10-09 06:40:28','2023-10-09 06:40:28'),(2372,8290,2,'2023-10-09 06:40:28','2023-10-09 06:40:28'),(2373,8291,2,'2023-10-09 06:40:28','2023-10-09 06:40:28'),(2374,8292,2,'2023-10-09 06:40:28','2023-10-09 06:40:28'),(2375,8293,2,'2023-10-09 06:40:28','2023-10-09 06:40:28'),(2376,8294,2,'2023-10-09 06:40:28','2023-10-09 06:40:28'),(2377,8295,2,'2023-10-09 06:40:28','2023-10-09 06:40:28'),(2378,8296,2,'2023-10-09 06:40:28','2023-10-09 06:40:28'),(2379,8297,2,'2023-10-09 06:40:28','2023-10-09 06:40:28'),(2380,8298,2,'2023-10-09 06:40:28','2023-10-09 06:40:28'),(2381,8299,2,'2023-10-09 06:40:28','2023-10-09 06:40:28'),(2382,8300,2,'2023-10-09 06:40:28','2023-10-09 06:40:28'),(2383,8301,2,'2023-10-09 06:40:28','2023-10-09 06:40:28'),(2384,8302,2,'2023-10-09 06:40:28','2023-10-09 06:40:28'),(2385,8303,2,'2023-10-09 06:40:28','2023-10-09 06:40:28'),(2386,8304,2,'2023-10-09 06:40:28','2023-10-09 06:40:28'),(2387,8305,2,'2023-10-09 06:40:28','2023-10-09 06:40:28'),(2388,8306,2,'2023-10-09 06:40:28','2023-10-09 06:40:28'),(2389,8307,2,'2023-10-09 06:40:28','2023-10-09 06:40:28'),(2390,8308,2,'2023-10-09 06:40:28','2023-10-09 06:40:28'),(2391,8309,2,'2023-10-09 06:40:29','2023-10-09 06:40:29'),(2392,8310,2,'2023-10-09 06:40:29','2023-10-09 06:40:29'),(2393,8311,2,'2023-10-09 06:40:29','2023-10-09 06:40:29'),(2394,8312,2,'2023-10-09 06:40:29','2023-10-09 06:40:29'),(2395,8313,2,'2023-10-09 06:40:29','2023-10-09 06:40:29'),(2396,8314,2,'2023-10-09 06:40:29','2023-10-09 06:40:29'),(2397,8315,2,'2023-10-09 06:40:29','2023-10-09 06:40:29'),(2398,8316,2,'2023-10-09 06:40:29','2023-10-09 06:40:29'),(2399,8317,2,'2023-10-09 06:40:29','2023-10-09 06:40:29'),(2400,8318,2,'2023-10-09 06:40:29','2023-10-09 06:40:29'),(2401,8319,2,'2023-10-09 06:40:29','2023-10-09 06:40:29'),(2402,8320,2,'2023-10-09 06:40:29','2023-10-09 06:40:29'),(2403,8321,2,'2023-10-09 06:40:29','2023-10-09 06:40:29'),(2404,8322,2,'2023-10-09 06:40:29','2023-10-09 06:40:29'),(2405,8323,2,'2023-10-09 06:40:29','2023-10-09 06:40:29'),(2406,8324,2,'2023-10-09 06:40:29','2023-10-09 06:40:29'),(2407,8325,2,'2023-10-09 06:40:29','2023-10-09 06:40:29'),(2408,8326,2,'2023-10-09 06:40:29','2023-10-09 06:40:29'),(2409,8327,2,'2023-10-09 06:40:29','2023-10-09 06:40:29'),(2410,8328,2,'2023-10-09 06:40:29','2023-10-09 06:40:29'),(2411,8329,2,'2023-10-09 06:40:29','2023-10-09 06:40:29'),(2412,8330,2,'2023-10-09 06:40:29','2023-10-09 06:40:29'),(2413,8331,2,'2023-10-09 06:40:29','2023-10-09 06:40:29'),(2414,8332,2,'2023-10-09 06:40:29','2023-10-09 06:40:29'),(2415,8333,2,'2023-10-09 06:40:29','2023-10-09 06:40:29'),(2416,8334,2,'2023-10-09 06:40:29','2023-10-09 06:40:29'),(2417,8335,2,'2023-10-09 06:40:29','2023-10-09 06:40:29'),(2418,8336,2,'2023-10-09 06:40:29','2023-10-09 06:40:29'),(2419,8337,2,'2023-10-09 06:40:29','2023-10-09 06:40:29'),(2420,8338,2,'2023-10-09 06:40:29','2023-10-09 06:40:29'),(2421,8339,2,'2023-10-09 06:40:29','2023-10-09 06:40:29'),(2422,8340,2,'2023-10-09 06:40:29','2023-10-09 06:40:29'),(2423,8341,2,'2023-10-09 06:40:29','2023-10-09 06:40:29'),(2424,8342,2,'2023-10-09 06:40:29','2023-10-09 06:40:29'),(2425,8343,2,'2023-10-09 06:40:29','2023-10-09 06:40:29'),(2426,8344,2,'2023-10-09 06:40:29','2023-10-09 06:40:29'),(2427,8345,2,'2023-10-09 06:40:29','2023-10-09 06:40:29'),(2428,8346,2,'2023-10-09 06:40:29','2023-10-09 06:40:29'),(2429,8347,2,'2023-10-09 06:40:29','2023-10-09 06:40:29'),(2430,8348,2,'2023-10-09 06:40:29','2023-10-09 06:40:29'),(2431,8349,2,'2023-10-09 06:40:29','2023-10-09 06:40:29'),(2432,8350,2,'2023-10-09 06:40:29','2023-10-09 06:40:29'),(2433,8351,2,'2023-10-09 06:40:29','2023-10-09 06:40:29'),(2434,8352,2,'2023-10-09 06:40:29','2023-10-09 06:40:29'),(2435,8353,2,'2023-10-09 06:40:29','2023-10-09 06:40:29'),(2436,8354,2,'2023-10-09 06:40:29','2023-10-09 06:40:29'),(2437,8355,2,'2023-10-09 06:40:29','2023-10-09 06:40:29'),(2438,8356,2,'2023-10-09 06:40:29','2023-10-09 06:40:29'),(2439,8357,2,'2023-10-09 06:40:29','2023-10-09 06:40:29'),(2440,8358,2,'2023-10-09 06:40:29','2023-10-09 06:40:29'),(2441,8359,2,'2023-10-09 06:40:29','2023-10-09 06:40:29'),(2442,8360,2,'2023-10-09 06:40:29','2023-10-09 06:40:29'),(2443,8361,2,'2023-10-09 06:40:29','2023-10-09 06:40:29'),(2444,8362,2,'2023-10-09 06:40:29','2023-10-09 06:40:29'),(2445,8363,2,'2023-10-09 06:40:29','2023-10-09 06:40:29'),(2446,8364,2,'2023-10-09 06:40:29','2023-10-09 06:40:29'),(2447,8365,2,'2023-10-09 06:40:29','2023-10-09 06:40:29'),(2448,8366,2,'2023-10-09 06:40:29','2023-10-09 06:40:29'),(2449,8367,2,'2023-10-09 06:40:29','2023-10-09 06:40:29'),(2450,8368,2,'2023-10-09 06:40:29','2023-10-09 06:40:29'),(2451,8369,2,'2023-10-09 06:40:29','2023-10-09 06:40:29'),(2452,8370,2,'2023-10-09 06:40:29','2023-10-09 06:40:29'),(2453,8371,2,'2023-10-09 06:40:29','2023-10-09 06:40:29'),(2454,8372,2,'2023-10-09 06:40:29','2023-10-09 06:40:29'),(2455,8373,2,'2023-10-09 06:40:29','2023-10-09 06:40:29'),(2456,8374,2,'2023-10-09 06:40:29','2023-10-09 06:40:29'),(2457,8375,2,'2023-10-09 06:40:29','2023-10-09 06:40:29'),(2458,8376,2,'2023-10-09 06:40:30','2023-10-09 06:40:30'),(2459,8377,2,'2023-10-09 06:40:30','2023-10-09 06:40:30'),(2460,8378,2,'2023-10-09 06:40:30','2023-10-09 06:40:30'),(2461,8379,2,'2023-10-09 06:40:30','2023-10-09 06:40:30'),(2462,8380,2,'2023-10-09 06:40:30','2023-10-09 06:40:30'),(2463,8381,2,'2023-10-09 06:40:30','2023-10-09 06:40:30'),(2464,8382,2,'2023-10-09 06:40:30','2023-10-09 06:40:30'),(2465,8383,2,'2023-10-09 06:40:30','2023-10-09 06:40:30'),(2466,8384,2,'2023-10-09 06:40:30','2023-10-09 06:40:30'),(2467,8385,2,'2023-10-09 06:40:30','2023-10-09 06:40:30'),(2468,8386,2,'2023-10-09 06:40:30','2023-10-09 06:40:30'),(2469,8387,2,'2023-10-09 06:40:30','2023-10-09 06:40:30'),(2470,8388,2,'2023-10-09 06:40:30','2023-10-09 06:40:30'),(2471,8389,2,'2023-10-09 06:40:30','2023-10-09 06:40:30'),(2472,8390,2,'2023-10-09 06:40:30','2023-10-09 06:40:30'),(2473,8391,2,'2023-10-09 06:40:30','2023-10-09 06:40:30'),(2474,8392,2,'2023-10-09 06:40:30','2023-10-09 06:40:30'),(2475,8393,2,'2023-10-09 06:40:30','2023-10-09 06:40:30'),(2476,8394,2,'2023-10-09 06:40:30','2023-10-09 06:40:30'),(2477,8395,2,'2023-10-09 06:40:30','2023-10-09 06:40:30'),(2478,8396,2,'2023-10-09 06:40:30','2023-10-09 06:40:30'),(2479,8397,2,'2023-10-09 06:40:30','2023-10-09 06:40:30'),(2480,8398,2,'2023-10-09 06:40:30','2023-10-09 06:40:30'),(2481,8399,2,'2023-10-09 06:40:30','2023-10-09 06:40:30'),(2482,8400,2,'2023-10-09 06:40:30','2023-10-09 06:40:30'),(2483,8401,2,'2023-10-09 06:40:30','2023-10-09 06:40:30'),(2484,8402,2,'2023-10-09 06:40:30','2023-10-09 06:40:30'),(2485,8403,2,'2023-10-09 06:40:30','2023-10-09 06:40:30'),(2486,8404,2,'2023-10-09 06:40:30','2023-10-09 06:40:30'),(2487,8405,2,'2023-10-09 06:40:30','2023-10-09 06:40:30'),(2488,8406,2,'2023-10-09 06:40:30','2023-10-09 06:40:30'),(2489,8407,2,'2023-10-09 06:40:30','2023-10-09 06:40:30'),(2490,8408,2,'2023-10-09 06:40:30','2023-10-09 06:40:30'),(2491,8409,2,'2023-10-09 06:40:30','2023-10-09 06:40:30'),(2492,8410,2,'2023-10-09 06:40:30','2023-10-09 06:40:30'),(2493,8411,2,'2023-10-09 06:40:30','2023-10-09 06:40:30'),(2494,8412,2,'2023-10-09 06:40:30','2023-10-09 06:40:30'),(2496,8414,2,'2023-10-09 06:40:30','2023-10-09 06:40:30'),(2497,8415,2,'2023-10-09 06:40:30','2023-10-09 06:40:30'),(2498,8416,2,'2023-10-09 06:40:30','2023-10-09 06:40:30'),(2499,8417,2,'2023-10-09 06:40:30','2023-10-09 06:40:30'),(2500,8418,2,'2023-10-09 06:40:30','2023-10-09 06:40:30'),(2501,8419,2,'2023-10-09 06:40:30','2023-10-09 06:40:30'),(2502,8420,2,'2023-10-09 06:40:30','2023-10-09 06:40:30'),(2503,8421,2,'2023-10-09 06:40:30','2023-10-09 06:40:30'),(2504,8422,2,'2023-10-09 06:40:30','2023-10-09 06:40:30'),(2505,8423,2,'2023-10-09 06:40:30','2023-10-09 06:40:30'),(2506,8424,2,'2023-10-09 06:40:30','2023-10-09 06:40:30'),(2507,8425,2,'2023-10-09 06:40:30','2023-10-09 06:40:30'),(2508,8426,2,'2023-10-09 06:40:30','2023-10-09 06:40:30'),(2509,8427,2,'2023-10-09 06:40:30','2023-10-09 06:40:30'),(2510,8428,2,'2023-10-09 06:40:30','2023-10-09 06:40:30'),(2511,8429,2,'2023-10-09 06:40:30','2023-10-09 06:40:30'),(2512,8430,2,'2023-10-09 06:40:30','2023-10-09 06:40:30'),(2513,8431,2,'2023-10-09 06:40:31','2023-10-09 06:40:31'),(2514,8432,2,'2023-10-09 06:40:31','2023-10-09 06:40:31'),(2515,8433,2,'2023-10-09 06:40:31','2023-10-09 06:40:31'),(2516,8434,2,'2023-10-09 06:40:31','2023-10-09 06:40:31'),(2517,8435,2,'2023-10-09 06:40:31','2023-10-09 06:40:31'),(2518,8436,2,'2023-10-09 06:40:31','2023-10-09 06:40:31'),(2519,8437,2,'2023-10-09 06:40:31','2023-10-09 06:40:31'),(2520,8438,2,'2023-10-09 06:40:31','2023-10-09 06:40:31'),(2521,8439,2,'2023-10-09 06:40:31','2023-10-09 06:40:31'),(2522,8440,2,'2023-10-09 06:40:31','2023-10-09 06:40:31'),(2523,8441,2,'2023-10-09 06:40:31','2023-10-09 06:40:31'),(2524,8442,2,'2023-10-09 06:40:31','2023-10-09 06:40:31'),(2525,8443,2,'2023-10-09 06:40:31','2023-10-09 06:40:31'),(2526,8444,2,'2023-10-09 06:40:31','2023-10-09 06:40:31'),(2527,8445,2,'2023-10-09 06:40:31','2023-10-09 06:40:31'),(2528,8446,2,'2023-10-09 06:40:31','2023-10-09 06:40:31'),(2529,8447,2,'2023-10-09 06:40:31','2023-10-09 06:40:31'),(2530,8448,2,'2023-10-09 06:40:31','2023-10-09 06:40:31'),(2531,8449,2,'2023-10-09 06:40:31','2023-10-09 06:40:31'),(2532,8450,2,'2023-10-09 06:40:31','2023-10-09 06:40:31'),(2533,8451,2,'2023-10-09 06:40:31','2023-10-09 06:40:31'),(2534,8452,2,'2023-10-09 06:40:31','2023-10-09 06:40:31'),(2535,8453,2,'2023-10-09 06:40:31','2023-10-09 06:40:31'),(2536,8454,2,'2023-10-09 06:40:31','2023-10-09 06:40:31'),(2537,8455,2,'2023-10-09 06:40:31','2023-10-09 06:40:31'),(2538,8456,2,'2023-10-09 06:40:31','2023-10-09 06:40:31'),(2539,8457,2,'2023-10-09 06:40:31','2023-10-09 06:40:31'),(2540,8458,2,'2023-10-09 06:40:31','2023-10-09 06:40:31'),(2541,8459,2,'2023-10-09 06:40:31','2023-10-09 06:40:31'),(2542,8460,2,'2023-10-09 06:40:31','2023-10-09 06:40:31'),(2543,8461,2,'2023-10-09 06:40:31','2023-10-09 06:40:31'),(2544,8462,2,'2023-10-09 06:40:31','2023-10-09 06:40:31'),(2545,8463,2,'2023-10-09 06:40:31','2023-10-09 06:40:31'),(2546,8464,2,'2023-10-09 06:40:31','2023-10-09 06:40:31'),(2547,8465,2,'2023-10-09 06:40:31','2023-10-09 06:40:31'),(2548,8466,2,'2023-10-09 06:40:31','2023-10-09 06:40:31'),(2549,8467,2,'2023-10-09 06:40:31','2023-10-09 06:40:31'),(2550,8468,2,'2023-10-09 06:40:31','2023-10-09 06:40:31'),(2551,8469,2,'2023-10-09 06:40:31','2023-10-09 06:40:31'),(2552,8470,2,'2023-10-09 06:40:31','2023-10-09 06:40:31'),(2553,8471,2,'2023-10-09 06:40:31','2023-10-09 06:40:31'),(2554,8472,2,'2023-10-09 06:40:31','2023-10-09 06:40:31'),(2555,8473,2,'2023-10-09 06:40:31','2023-10-09 06:40:31'),(2556,8474,2,'2023-10-09 06:40:31','2023-10-09 06:40:31'),(2557,8475,2,'2023-10-09 06:40:31','2023-10-09 06:40:31'),(2558,8476,2,'2023-10-09 06:40:31','2023-10-09 06:40:31'),(2559,8477,2,'2023-10-09 06:40:31','2023-10-09 06:40:31'),(2560,8478,2,'2023-10-09 06:40:31','2023-10-09 06:40:31'),(2561,8479,2,'2023-10-09 06:40:31','2023-10-09 06:40:31'),(2562,8480,2,'2023-10-09 06:40:31','2023-10-09 06:40:31'),(2563,8481,2,'2023-10-09 06:40:31','2023-10-09 06:40:31'),(2564,8482,2,'2023-10-09 06:40:31','2023-10-09 06:40:31'),(2565,8483,2,'2023-10-09 06:40:31','2023-10-09 06:40:31'),(2566,8484,2,'2023-10-09 06:40:31','2023-10-09 06:40:31'),(2567,8485,2,'2023-10-09 06:40:31','2023-10-09 06:40:31'),(2568,8486,2,'2023-10-09 06:40:31','2023-10-09 06:40:31'),(2569,8487,2,'2023-10-09 06:40:31','2023-10-09 06:40:31'),(2570,8488,2,'2023-10-09 06:40:31','2023-10-09 06:40:31'),(2571,8489,2,'2023-10-09 06:40:31','2023-10-09 06:40:31'),(2572,8490,2,'2023-10-09 06:40:31','2023-10-09 06:40:31'),(2573,8491,2,'2023-10-09 06:40:31','2023-10-09 06:40:31'),(2574,8492,2,'2023-10-09 06:40:31','2023-10-09 06:40:31'),(2575,8493,2,'2023-10-09 06:40:31','2023-10-09 06:40:31'),(2576,8494,2,'2023-10-09 06:40:31','2023-10-09 06:40:31'),(2577,8495,2,'2023-10-09 06:40:32','2023-10-09 06:40:32'),(2578,8496,2,'2023-10-09 06:40:32','2023-10-09 06:40:32'),(2579,8497,2,'2023-10-09 06:40:32','2023-10-09 06:40:32'),(2580,8498,2,'2023-10-09 06:40:32','2023-10-09 06:40:32'),(2581,8499,2,'2023-10-09 06:40:32','2023-10-09 06:40:32'),(2582,8500,2,'2023-10-09 06:40:32','2023-10-09 06:40:32'),(2583,8501,2,'2023-10-09 06:40:32','2023-10-09 06:40:32'),(2584,8502,2,'2023-10-09 06:40:32','2023-10-09 06:40:32'),(2585,8503,2,'2023-10-09 06:40:32','2023-10-09 06:40:32'),(2586,8504,2,'2023-10-09 06:40:32','2023-10-09 06:40:32'),(2587,8505,2,'2023-10-09 06:40:32','2023-10-09 06:40:32'),(2588,8506,2,'2023-10-09 06:40:32','2023-10-09 06:40:32'),(2589,8507,2,'2023-10-09 06:40:32','2023-10-09 06:40:32'),(2590,8508,2,'2023-10-09 06:40:32','2023-10-09 06:40:32'),(2591,8509,2,'2023-10-09 06:40:32','2023-10-09 06:40:32'),(2592,8510,2,'2023-10-09 06:40:32','2023-10-09 06:40:32'),(2593,8511,2,'2023-10-09 06:40:32','2023-10-09 06:40:32'),(2594,8512,2,'2023-10-09 06:40:32','2023-10-09 06:40:32'),(2595,8513,2,'2023-10-09 06:40:32','2023-10-09 06:40:32'),(2596,8514,2,'2023-10-09 06:40:32','2023-10-09 06:40:32'),(2597,8515,2,'2023-10-09 06:40:32','2023-10-09 06:40:32'),(2598,8516,2,'2023-10-09 06:40:32','2023-10-09 06:40:32'),(2599,8517,2,'2023-10-09 06:40:32','2023-10-09 06:40:32'),(2600,8518,2,'2023-10-09 06:40:32','2023-10-09 06:40:32'),(2601,8519,2,'2023-10-09 06:40:32','2023-10-09 06:40:32'),(2602,8520,2,'2023-10-09 06:40:32','2023-10-09 06:40:32'),(2603,8521,2,'2023-10-09 06:40:32','2023-10-09 06:40:32'),(2604,8522,2,'2023-10-09 06:40:32','2023-10-09 06:40:32'),(2605,8523,2,'2023-10-09 06:40:32','2023-10-09 06:40:32'),(2606,8524,2,'2023-10-09 06:40:32','2023-10-09 06:40:32'),(2607,8525,2,'2023-10-09 06:40:32','2023-10-09 06:40:32'),(2608,8526,2,'2023-10-09 06:40:32','2023-10-09 06:40:32'),(2609,8527,2,'2023-10-09 06:40:32','2023-10-09 06:40:32'),(2610,8528,2,'2023-10-09 06:40:32','2023-10-09 06:40:32'),(2611,8529,2,'2023-10-09 06:40:32','2023-10-09 06:40:32'),(2612,8530,2,'2023-10-09 06:40:32','2023-10-09 06:40:32'),(2613,8531,2,'2023-10-09 06:40:32','2023-10-09 06:40:32'),(2614,8532,2,'2023-10-09 06:40:32','2023-10-09 06:40:32'),(2615,8533,2,'2023-10-09 06:40:32','2023-10-09 06:40:32'),(2616,8534,2,'2023-10-09 06:40:32','2023-10-09 06:40:32'),(2617,8535,2,'2023-10-09 06:40:32','2023-10-09 06:40:32'),(2618,8536,2,'2023-10-09 06:40:32','2023-10-09 06:40:32'),(2619,8537,2,'2023-10-09 06:40:32','2023-10-09 06:40:32'),(2620,8538,2,'2023-10-09 06:40:32','2023-10-09 06:40:32'),(2621,8539,2,'2023-10-09 06:40:32','2023-10-09 06:40:32'),(2622,8540,2,'2023-10-09 06:40:32','2023-10-09 06:40:32'),(2623,8541,2,'2023-10-09 06:40:32','2023-10-09 06:40:32'),(2624,8542,2,'2023-10-09 06:40:32','2023-10-09 06:40:32'),(2625,8543,2,'2023-10-09 06:40:32','2023-10-09 06:40:32'),(2626,8544,2,'2023-10-09 06:40:32','2023-10-09 06:40:32'),(2627,8545,2,'2023-10-09 06:40:32','2023-10-09 06:40:32'),(2628,8546,2,'2023-10-09 06:40:32','2023-10-09 06:40:32'),(2629,8547,2,'2023-10-09 06:40:32','2023-10-09 06:40:32'),(2630,8548,2,'2023-10-09 06:40:32','2023-10-09 06:40:32'),(2631,8549,2,'2023-10-09 06:40:32','2023-10-09 06:40:32'),(2632,8550,2,'2023-10-09 06:40:32','2023-10-09 06:40:32'),(2633,8551,2,'2023-10-09 06:40:32','2023-10-09 06:40:32'),(2634,8552,2,'2023-10-09 06:40:33','2023-10-09 06:40:33'),(2635,8553,2,'2023-10-09 06:40:33','2023-10-09 06:40:33'),(2636,8554,2,'2023-10-09 06:40:33','2023-10-09 06:40:33'),(2637,8555,2,'2023-10-09 06:40:33','2023-10-09 06:40:33'),(2638,8556,2,'2023-10-09 06:40:33','2023-10-09 06:40:33'),(2639,8557,2,'2023-10-09 06:40:33','2023-10-09 06:40:33'),(2640,8558,2,'2023-10-09 06:40:33','2023-10-09 06:40:33'),(2641,8559,2,'2023-10-09 06:40:33','2023-10-09 06:40:33'),(2642,8560,2,'2023-10-09 06:40:33','2023-10-09 06:40:33'),(2643,8561,2,'2023-10-09 06:40:33','2023-10-09 06:40:33'),(2644,8562,2,'2023-10-09 06:40:33','2023-10-09 06:40:33'),(2645,8563,2,'2023-10-09 06:40:33','2023-10-09 06:40:33'),(2646,8564,2,'2023-10-09 06:40:33','2023-10-09 06:40:33'),(2647,8565,2,'2023-10-09 06:40:33','2023-10-09 06:40:33'),(2648,8566,2,'2023-10-09 06:40:33','2023-10-09 06:40:33'),(2649,8567,2,'2023-10-09 06:40:33','2023-10-09 06:40:33'),(2650,8568,2,'2023-10-09 06:40:33','2023-10-09 06:40:33'),(2651,8569,2,'2023-10-09 06:40:33','2023-10-09 06:40:33'),(2652,8570,2,'2023-10-09 06:40:33','2023-10-09 06:40:33'),(2653,8571,2,'2023-10-09 06:40:33','2023-10-09 06:40:33'),(2654,8572,2,'2023-10-09 06:40:33','2023-10-09 06:40:33'),(2655,8573,2,'2023-10-09 06:40:33','2023-10-09 06:40:33'),(2656,8574,2,'2023-10-09 06:40:33','2023-10-09 06:40:33'),(2657,8575,2,'2023-10-09 06:40:33','2023-10-09 06:40:33'),(2658,8576,2,'2023-10-09 06:40:33','2023-10-09 06:40:33'),(2659,8577,2,'2023-10-09 06:40:33','2023-10-09 06:40:33'),(2660,8578,2,'2023-10-09 06:40:33','2023-10-09 06:40:33'),(2661,8579,2,'2023-10-09 06:40:33','2023-10-09 06:40:33'),(2662,8580,2,'2023-10-09 06:40:33','2023-10-09 06:40:33'),(2663,8581,2,'2023-10-09 06:40:33','2023-10-09 06:40:33'),(2664,8582,2,'2023-10-09 06:40:33','2023-10-09 06:40:33'),(2665,8583,2,'2023-10-09 06:40:33','2023-10-09 06:40:33'),(2666,8584,2,'2023-10-09 06:40:33','2023-10-09 06:40:33'),(2667,8585,2,'2023-10-09 06:40:33','2023-10-09 06:40:33'),(2668,8586,2,'2023-10-09 06:40:33','2023-10-09 06:40:33'),(2669,8587,2,'2023-10-09 06:40:33','2023-10-09 06:40:33'),(2670,8588,2,'2023-10-09 06:40:33','2023-10-09 06:40:33'),(2671,8589,2,'2023-10-09 06:40:33','2023-10-09 06:40:33'),(2672,8590,2,'2023-10-09 06:40:33','2023-10-09 06:40:33'),(2673,8591,2,'2023-10-09 06:40:33','2023-10-09 06:40:33'),(2674,8592,2,'2023-10-09 06:40:33','2023-10-09 06:40:33'),(2675,8593,2,'2023-10-09 06:40:33','2023-10-09 06:40:33'),(2676,8594,2,'2023-10-09 06:40:33','2023-10-09 06:40:33'),(2677,8595,2,'2023-10-09 06:40:33','2023-10-09 06:40:33'),(2678,8596,2,'2023-10-09 06:40:33','2023-10-09 06:40:33'),(2679,8597,2,'2023-10-09 06:40:33','2023-10-09 06:40:33'),(2680,8598,2,'2023-10-09 06:40:33','2023-10-09 06:40:33'),(2681,8599,2,'2023-10-09 06:40:33','2023-10-09 06:40:33'),(2682,8600,2,'2023-10-09 06:40:33','2023-10-09 06:40:33'),(2683,8601,2,'2023-10-09 06:40:33','2023-10-09 06:40:33'),(2684,8602,2,'2023-10-09 06:40:33','2023-10-09 06:40:33'),(2685,8603,2,'2023-10-09 06:40:33','2023-10-09 06:40:33'),(2686,8604,2,'2023-10-09 06:40:33','2023-10-09 06:40:33'),(2687,8605,2,'2023-10-09 06:40:33','2023-10-09 06:40:33'),(2688,8606,2,'2023-10-09 06:40:33','2023-10-09 06:40:33'),(2689,8607,2,'2023-10-09 06:40:33','2023-10-09 06:40:33'),(2690,8608,2,'2023-10-09 06:40:33','2023-10-09 06:40:33'),(2691,8609,2,'2023-10-09 06:40:33','2023-10-09 06:40:33'),(2692,8610,2,'2023-10-09 06:40:33','2023-10-09 06:40:33'),(2693,8611,2,'2023-10-09 06:40:33','2023-10-09 06:40:33'),(2694,8612,2,'2023-10-09 06:40:34','2023-10-09 06:40:34'),(2695,8613,2,'2023-10-09 06:40:34','2023-10-09 06:40:34'),(2696,8614,2,'2023-10-09 06:40:34','2023-10-09 06:40:34'),(2697,8615,2,'2023-10-09 06:40:34','2023-10-09 06:40:34'),(2698,8616,2,'2023-10-09 06:40:34','2023-10-09 06:40:34'),(2699,8617,2,'2023-10-09 06:40:34','2023-10-09 06:40:34'),(2700,8618,2,'2023-10-09 06:40:34','2023-10-09 06:40:34'),(2701,8619,2,'2023-10-09 06:40:34','2023-10-09 06:40:34'),(2702,8620,2,'2023-10-09 06:40:34','2023-10-09 06:40:34'),(2703,8621,2,'2023-10-09 06:40:34','2023-10-09 06:40:34'),(2704,8622,2,'2023-10-09 06:40:34','2023-10-09 06:40:34'),(2705,8623,2,'2023-10-09 06:40:34','2023-10-09 06:40:34'),(2706,8624,2,'2023-10-09 06:40:34','2023-10-09 06:40:34'),(2707,8625,2,'2023-10-09 06:40:34','2023-10-09 06:40:34'),(2708,8626,2,'2023-10-09 06:40:34','2023-10-09 06:40:34'),(2709,8627,2,'2023-10-09 06:40:34','2023-10-09 06:40:34'),(2710,8628,2,'2023-10-09 06:40:34','2023-10-09 06:40:34'),(2711,8629,2,'2023-10-09 06:40:34','2023-10-09 06:40:34'),(2712,8630,2,'2023-10-09 06:40:34','2023-10-09 06:40:34'),(2713,8631,2,'2023-10-09 06:40:34','2023-10-09 06:40:34'),(2714,8632,2,'2023-10-09 06:40:34','2023-10-09 06:40:34'),(2715,8633,2,'2023-10-09 06:40:34','2023-10-09 06:40:34'),(2716,8634,2,'2023-10-09 06:40:34','2023-10-09 06:40:34'),(2717,8635,2,'2023-10-09 06:40:34','2023-10-09 06:40:34'),(2718,8636,2,'2023-10-09 06:40:34','2023-10-09 06:40:34'),(2719,8637,2,'2023-10-09 06:40:34','2023-10-09 06:40:34'),(2720,8638,2,'2023-10-09 06:40:34','2023-10-09 06:40:34'),(2721,8639,2,'2023-10-09 06:40:34','2023-10-09 06:40:34'),(2722,8640,2,'2023-10-09 06:40:34','2023-10-09 06:40:34'),(2723,8641,2,'2023-10-09 06:40:34','2023-10-09 06:40:34'),(2724,8642,2,'2023-10-09 06:40:34','2023-10-09 06:40:34'),(2725,8643,2,'2023-10-09 06:40:34','2023-10-09 06:40:34'),(2726,8644,2,'2023-10-09 06:40:34','2023-10-09 06:40:34'),(2727,8645,2,'2023-10-09 06:40:34','2023-10-09 06:40:34'),(2728,8646,2,'2023-10-09 06:40:34','2023-10-09 06:40:34'),(2729,8647,2,'2023-10-09 06:40:34','2023-10-09 06:40:34'),(2730,8648,2,'2023-10-09 06:40:34','2023-10-09 06:40:34'),(2731,8649,2,'2023-10-09 06:40:34','2023-10-09 06:40:34'),(2732,8650,2,'2023-10-09 06:40:34','2023-10-09 06:40:34'),(2733,8651,2,'2023-10-09 06:40:34','2023-10-09 06:40:34'),(2734,8652,2,'2023-10-09 06:40:34','2023-10-09 06:40:34'),(2735,8653,2,'2023-10-09 06:40:34','2023-10-09 06:40:34'),(2736,8654,2,'2023-10-09 06:40:34','2023-10-09 06:40:34'),(2737,8655,2,'2023-10-09 06:40:34','2023-10-09 06:40:34'),(2738,8656,2,'2023-10-09 06:40:34','2023-10-09 06:40:34'),(2739,8657,2,'2023-10-09 06:40:34','2023-10-09 06:40:34'),(2740,8658,2,'2023-10-09 06:40:34','2023-10-09 06:40:34'),(2741,8659,2,'2023-10-09 06:40:34','2023-10-09 06:40:34'),(2742,8660,2,'2023-10-09 06:40:34','2023-10-09 06:40:34'),(2743,8661,2,'2023-10-09 06:40:34','2023-10-09 06:40:34'),(2744,8662,2,'2023-10-09 06:40:34','2023-10-09 06:40:34'),(2745,8663,2,'2023-10-09 06:40:34','2023-10-09 06:40:34'),(2746,8664,2,'2023-10-09 06:40:34','2023-10-09 06:40:34'),(2747,8665,2,'2023-10-09 06:40:34','2023-10-09 06:40:34'),(2748,8666,2,'2023-10-09 06:40:34','2023-10-09 06:40:34'),(2749,8667,2,'2023-10-09 06:40:34','2023-10-09 06:40:34'),(2750,8668,2,'2023-10-09 06:40:34','2023-10-09 06:40:34'),(2751,8669,2,'2023-10-09 06:40:34','2023-10-09 06:40:34'),(2752,8670,2,'2023-10-09 06:40:35','2023-10-09 06:40:35'),(2754,8672,2,'2023-10-09 06:40:35','2023-10-09 06:40:35'),(2755,8673,2,'2023-10-09 06:40:35','2023-10-09 06:40:35'),(2756,8674,2,'2023-10-09 06:40:35','2023-10-09 06:40:35'),(2757,8675,2,'2023-10-09 06:40:35','2023-10-09 06:40:35'),(2758,8676,2,'2023-10-09 06:40:35','2023-10-09 06:40:35'),(2759,8677,2,'2023-10-09 06:40:35','2023-10-09 06:40:35'),(2760,8678,2,'2023-10-09 06:40:35','2023-10-09 06:40:35'),(2761,8679,2,'2023-10-09 06:40:35','2023-10-09 06:40:35'),(2762,8680,2,'2023-10-09 06:40:35','2023-10-09 06:40:35'),(2763,9789,2,'2023-10-09 06:40:35','2023-10-09 06:40:35'),(2764,9789,3,'2023-10-09 06:40:35','2023-10-09 06:40:35'),(2765,9790,2,'2023-10-09 06:40:35','2023-10-09 06:40:35'),(2766,9837,3,'2023-10-09 06:40:35','2023-10-09 06:40:35'),(2767,9852,2,'2023-10-09 06:40:35','2023-10-09 06:40:35'),(2768,9852,3,'2023-10-09 06:40:35','2023-10-09 06:40:35'),(2769,9879,2,'2023-10-09 06:40:35','2023-10-09 06:40:35'),(2770,9879,3,'2023-10-09 06:40:35','2023-10-09 06:40:35'),(2771,9879,5,'2023-10-09 06:40:35','2023-10-09 06:40:35'),(2772,9900,4,'2023-10-09 06:40:35','2023-10-09 06:40:35'),(2773,9900,5,'2023-10-09 06:40:35','2023-10-09 06:40:35'),(2774,9904,3,'2023-10-09 06:40:35','2023-10-09 06:40:35'),(2775,9904,5,'2023-10-09 06:40:35','2023-10-09 06:40:35'),(2776,9914,3,'2023-10-09 06:40:35','2023-10-09 06:40:35'),(2777,9915,2,'2023-10-09 06:40:35','2023-10-09 06:40:35'),(2778,9915,3,'2023-10-09 06:40:35','2023-10-09 06:40:35'),(2779,9915,4,'2023-10-09 06:40:35','2023-10-09 06:40:35'),(2780,9915,5,'2023-10-09 06:40:35','2023-10-09 06:40:35'),(2781,9915,6,'2023-10-09 06:40:35','2023-10-09 06:40:35'),(2782,9916,3,'2023-10-09 06:40:35','2023-10-09 06:40:35'),(2783,9916,4,'2023-10-09 06:40:35','2023-10-09 06:40:35'),(2784,9916,6,'2023-10-09 06:40:35','2023-10-09 06:40:35'),(2785,9923,2,'2023-10-09 06:40:35','2023-10-09 06:40:35'),(2786,9923,3,'2023-10-09 06:40:35','2023-10-09 06:40:35'),(2787,9923,4,'2023-10-09 06:40:35','2023-10-09 06:40:35'),(2788,9923,5,'2023-10-09 06:40:35','2023-10-09 06:40:35'),(2789,9923,6,'2023-10-09 06:40:35','2023-10-09 06:40:35'),(2790,9924,3,'2023-10-09 06:40:35','2023-10-09 06:40:35'),(2791,6553,2,'2023-10-09 06:40:35','2023-10-09 06:40:35'),(2792,6553,2,'2023-10-09 06:40:35','2023-10-09 06:40:35'),(2793,6554,2,'2023-10-09 06:40:35','2023-10-09 06:40:35'),(2794,6554,2,'2023-10-09 06:40:35','2023-10-09 06:40:35'),(2795,6555,2,'2023-10-09 06:40:35','2023-10-09 06:40:35'),(2796,6555,2,'2023-10-09 06:40:35','2023-10-09 06:40:35'),(2797,6556,2,'2023-10-09 06:40:35','2023-10-09 06:40:35'),(2798,6556,2,'2023-10-09 06:40:35','2023-10-09 06:40:35'),(2799,6557,2,'2023-10-09 06:40:35','2023-10-09 06:40:35'),(2800,6557,2,'2023-10-09 06:40:35','2023-10-09 06:40:35'),(2801,6558,2,'2023-10-09 06:40:35','2023-10-09 06:40:35'),(2802,6558,2,'2023-10-09 06:40:35','2023-10-09 06:40:35'),(2803,6559,2,'2023-10-09 06:40:35','2023-10-09 06:40:35'),(2804,6559,2,'2023-10-09 06:40:35','2023-10-09 06:40:35'),(2805,6560,2,'2023-10-09 06:40:35','2023-10-09 06:40:35'),(2806,6560,2,'2023-10-09 06:40:35','2023-10-09 06:40:35'),(2807,6561,2,'2023-10-09 06:40:35','2023-10-09 06:40:35'),(2808,6561,2,'2023-10-09 06:40:35','2023-10-09 06:40:35'),(2809,6562,2,'2023-10-09 06:40:35','2023-10-09 06:40:35'),(2810,6562,2,'2023-10-09 06:40:35','2023-10-09 06:40:35'),(2811,6563,2,'2023-10-09 06:40:35','2023-10-09 06:40:35'),(2812,6563,2,'2023-10-09 06:40:35','2023-10-09 06:40:35'),(2813,6564,2,'2023-10-09 06:40:35','2023-10-09 06:40:35'),(2814,6564,2,'2023-10-09 06:40:35','2023-10-09 06:40:35'),(2815,6565,2,'2023-10-09 06:40:35','2023-10-09 06:40:35'),(2816,6565,2,'2023-10-09 06:40:35','2023-10-09 06:40:35'),(2817,6566,2,'2023-10-09 06:40:35','2023-10-09 06:40:35'),(2818,6566,2,'2023-10-09 06:40:35','2023-10-09 06:40:35'),(2819,6567,2,'2023-10-09 06:40:35','2023-10-09 06:40:35'),(2820,6567,2,'2023-10-09 06:40:35','2023-10-09 06:40:35'),(2821,6568,2,'2023-10-09 06:40:35','2023-10-09 06:40:35'),(2822,6568,2,'2023-10-09 06:40:35','2023-10-09 06:40:35'),(2823,6569,2,'2023-10-09 06:40:35','2023-10-09 06:40:35'),(2824,6569,2,'2023-10-09 06:40:35','2023-10-09 06:40:35'),(2825,6570,2,'2023-10-09 06:40:35','2023-10-09 06:40:35'),(2826,6570,2,'2023-10-09 06:40:35','2023-10-09 06:40:35'),(2827,6571,2,'2023-10-09 06:40:35','2023-10-09 06:40:35'),(2828,6571,2,'2023-10-09 06:40:35','2023-10-09 06:40:35'),(2829,6572,2,'2023-10-09 06:40:35','2023-10-09 06:40:35'),(2830,6572,2,'2023-10-09 06:40:35','2023-10-09 06:40:35'),(2831,6573,2,'2023-10-09 06:40:35','2023-10-09 06:40:35'),(2832,6573,2,'2023-10-09 06:40:35','2023-10-09 06:40:35'),(2833,6574,2,'2023-10-09 06:40:35','2023-10-09 06:40:35'),(2834,6574,2,'2023-10-09 06:40:35','2023-10-09 06:40:35'),(2835,6575,2,'2023-10-09 06:40:35','2023-10-09 06:40:35'),(2836,6575,2,'2023-10-09 06:40:35','2023-10-09 06:40:35'),(2837,6576,2,'2023-10-09 06:40:35','2023-10-09 06:40:35'),(2838,6576,2,'2023-10-09 06:40:35','2023-10-09 06:40:35'),(2839,6577,2,'2023-10-09 06:40:35','2023-10-09 06:40:35'),(2840,6577,2,'2023-10-09 06:40:35','2023-10-09 06:40:35'),(2841,6578,2,'2023-10-09 06:40:35','2023-10-09 06:40:35'),(2842,6578,2,'2023-10-09 06:40:35','2023-10-09 06:40:35'),(2843,6579,2,'2023-10-09 06:40:35','2023-10-09 06:40:35'),(2844,6579,2,'2023-10-09 06:40:35','2023-10-09 06:40:35'),(2845,6580,2,'2023-10-09 06:40:35','2023-10-09 06:40:35'),(2846,6580,2,'2023-10-09 06:40:35','2023-10-09 06:40:35'),(2847,6581,2,'2023-10-09 06:40:35','2023-10-09 06:40:35'),(2848,6581,2,'2023-10-09 06:40:35','2023-10-09 06:40:35'),(2849,6582,2,'2023-10-09 06:40:35','2023-10-09 06:40:35'),(2850,6582,2,'2023-10-09 06:40:35','2023-10-09 06:40:35'),(2851,6583,2,'2023-10-09 06:40:35','2023-10-09 06:40:35'),(2852,6583,2,'2023-10-09 06:40:35','2023-10-09 06:40:35'),(2853,6584,2,'2023-10-09 06:40:35','2023-10-09 06:40:35'),(2854,6584,2,'2023-10-09 06:40:35','2023-10-09 06:40:35'),(2855,6585,2,'2023-10-09 06:40:35','2023-10-09 06:40:35'),(2856,6585,2,'2023-10-09 06:40:35','2023-10-09 06:40:35'),(2857,6586,2,'2023-10-09 06:40:35','2023-10-09 06:40:35'),(2858,6586,2,'2023-10-09 06:40:35','2023-10-09 06:40:35'),(2859,6587,2,'2023-10-09 06:40:35','2023-10-09 06:40:35'),(2860,6587,2,'2023-10-09 06:40:35','2023-10-09 06:40:35'),(2861,6588,2,'2023-10-09 06:40:35','2023-10-09 06:40:35'),(2862,6588,2,'2023-10-09 06:40:35','2023-10-09 06:40:35'),(2863,6589,2,'2023-10-09 06:40:35','2023-10-09 06:40:35'),(2864,6589,2,'2023-10-09 06:40:35','2023-10-09 06:40:35'),(2865,6590,2,'2023-10-09 06:40:35','2023-10-09 06:40:35'),(2866,6590,2,'2023-10-09 06:40:35','2023-10-09 06:40:35'),(2867,6591,2,'2023-10-09 06:40:35','2023-10-09 06:40:35'),(2868,6591,2,'2023-10-09 06:40:35','2023-10-09 06:40:35'),(2869,6592,2,'2023-10-09 06:40:35','2023-10-09 06:40:35'),(2870,6592,2,'2023-10-09 06:40:35','2023-10-09 06:40:35'),(2871,6593,2,'2023-10-09 06:40:35','2023-10-09 06:40:35'),(2872,6593,2,'2023-10-09 06:40:35','2023-10-09 06:40:35'),(2873,6594,2,'2023-10-09 06:40:35','2023-10-09 06:40:35'),(2874,6594,2,'2023-10-09 06:40:35','2023-10-09 06:40:35'),(2875,6595,2,'2023-10-09 06:40:35','2023-10-09 06:40:35'),(2876,6595,2,'2023-10-09 06:40:35','2023-10-09 06:40:35'),(2877,6596,2,'2023-10-09 06:40:35','2023-10-09 06:40:35'),(2878,6596,2,'2023-10-09 06:40:35','2023-10-09 06:40:35'),(2879,6597,2,'2023-10-09 06:40:35','2023-10-09 06:40:35'),(2880,6597,2,'2023-10-09 06:40:35','2023-10-09 06:40:35'),(2881,6598,2,'2023-10-09 06:40:35','2023-10-09 06:40:35'),(2882,6598,2,'2023-10-09 06:40:35','2023-10-09 06:40:35'),(2883,6599,2,'2023-10-09 06:40:35','2023-10-09 06:40:35'),(2884,6599,2,'2023-10-09 06:40:35','2023-10-09 06:40:35'),(2885,6600,2,'2023-10-09 06:40:35','2023-10-09 06:40:35'),(2886,6600,2,'2023-10-09 06:40:35','2023-10-09 06:40:35'),(2887,6601,2,'2023-10-09 06:40:35','2023-10-09 06:40:35'),(2888,6601,2,'2023-10-09 06:40:35','2023-10-09 06:40:35'),(2889,6602,2,'2023-10-09 06:40:35','2023-10-09 06:40:35'),(2890,6602,2,'2023-10-09 06:40:35','2023-10-09 06:40:35'),(2891,6603,2,'2023-10-09 06:40:35','2023-10-09 06:40:35'),(2892,6603,2,'2023-10-09 06:40:35','2023-10-09 06:40:35'),(2893,6604,2,'2023-10-09 06:40:35','2023-10-09 06:40:35'),(2894,6604,2,'2023-10-09 06:40:35','2023-10-09 06:40:35'),(2895,6605,2,'2023-10-09 06:40:35','2023-10-09 06:40:35'),(2896,6605,2,'2023-10-09 06:40:35','2023-10-09 06:40:35'),(2897,6606,2,'2023-10-09 06:40:35','2023-10-09 06:40:35'),(2898,6606,2,'2023-10-09 06:40:35','2023-10-09 06:40:35'),(2899,6607,2,'2023-10-09 06:40:35','2023-10-09 06:40:35'),(2900,6607,2,'2023-10-09 06:40:35','2023-10-09 06:40:35'),(2901,6608,2,'2023-10-09 06:40:35','2023-10-09 06:40:35'),(2902,6608,2,'2023-10-09 06:40:35','2023-10-09 06:40:35'),(2903,6609,2,'2023-10-09 06:40:35','2023-10-09 06:40:35'),(2904,6609,2,'2023-10-09 06:40:35','2023-10-09 06:40:35'),(2905,6610,2,'2023-10-09 06:40:35','2023-10-09 06:40:35'),(2906,6610,2,'2023-10-09 06:40:36','2023-10-09 06:40:36'),(2907,6611,2,'2023-10-09 06:40:36','2023-10-09 06:40:36'),(2908,6611,2,'2023-10-09 06:40:36','2023-10-09 06:40:36'),(2909,6612,2,'2023-10-09 06:40:36','2023-10-09 06:40:36'),(2910,6612,2,'2023-10-09 06:40:36','2023-10-09 06:40:36'),(2911,6613,2,'2023-10-09 06:40:36','2023-10-09 06:40:36'),(2912,6613,2,'2023-10-09 06:40:36','2023-10-09 06:40:36'),(2913,6614,2,'2023-10-09 06:40:36','2023-10-09 06:40:36'),(2914,6614,2,'2023-10-09 06:40:36','2023-10-09 06:40:36'),(2915,6615,2,'2023-10-09 06:40:36','2023-10-09 06:40:36'),(2916,6615,2,'2023-10-09 06:40:36','2023-10-09 06:40:36'),(2917,6616,2,'2023-10-09 06:40:36','2023-10-09 06:40:36'),(2918,6616,2,'2023-10-09 06:40:36','2023-10-09 06:40:36'),(2919,6617,2,'2023-10-09 06:40:36','2023-10-09 06:40:36'),(2920,6617,2,'2023-10-09 06:40:36','2023-10-09 06:40:36'),(2921,6618,2,'2023-10-09 06:40:36','2023-10-09 06:40:36'),(2922,6618,2,'2023-10-09 06:40:36','2023-10-09 06:40:36'),(2923,6619,2,'2023-10-09 06:40:36','2023-10-09 06:40:36'),(2924,6619,2,'2023-10-09 06:40:36','2023-10-09 06:40:36'),(2925,6620,2,'2023-10-09 06:40:36','2023-10-09 06:40:36'),(2926,6620,2,'2023-10-09 06:40:36','2023-10-09 06:40:36'),(2927,6621,2,'2023-10-09 06:40:36','2023-10-09 06:40:36'),(2928,6621,2,'2023-10-09 06:40:36','2023-10-09 06:40:36'),(2929,6622,2,'2023-10-09 06:40:36','2023-10-09 06:40:36'),(2930,6622,2,'2023-10-09 06:40:36','2023-10-09 06:40:36'),(2931,6623,2,'2023-10-09 06:40:36','2023-10-09 06:40:36'),(2932,6623,2,'2023-10-09 06:40:36','2023-10-09 06:40:36'),(2933,6624,2,'2023-10-09 06:40:36','2023-10-09 06:40:36'),(2934,6624,2,'2023-10-09 06:40:36','2023-10-09 06:40:36'),(2935,6625,2,'2023-10-09 06:40:36','2023-10-09 06:40:36'),(2936,6625,2,'2023-10-09 06:40:36','2023-10-09 06:40:36'),(2937,6626,2,'2023-10-09 06:40:36','2023-10-09 06:40:36'),(2938,6626,2,'2023-10-09 06:40:36','2023-10-09 06:40:36'),(2939,6627,2,'2023-10-09 06:40:36','2023-10-09 06:40:36'),(2940,6627,2,'2023-10-09 06:40:36','2023-10-09 06:40:36'),(2941,6628,2,'2023-10-09 06:40:36','2023-10-09 06:40:36'),(2942,6628,2,'2023-10-09 06:40:36','2023-10-09 06:40:36'),(2943,6629,2,'2023-10-09 06:40:36','2023-10-09 06:40:36'),(2944,6629,2,'2023-10-09 06:40:36','2023-10-09 06:40:36'),(2945,6630,2,'2023-10-09 06:40:36','2023-10-09 06:40:36'),(2946,6630,2,'2023-10-09 06:40:36','2023-10-09 06:40:36'),(2947,6631,2,'2023-10-09 06:40:36','2023-10-09 06:40:36'),(2948,6631,2,'2023-10-09 06:40:36','2023-10-09 06:40:36'),(2949,6632,2,'2023-10-09 06:40:36','2023-10-09 06:40:36'),(2950,6632,2,'2023-10-09 06:40:36','2023-10-09 06:40:36'),(2951,6633,2,'2023-10-09 06:40:36','2023-10-09 06:40:36'),(2952,6633,2,'2023-10-09 06:40:36','2023-10-09 06:40:36'),(2953,6634,2,'2023-10-09 06:40:36','2023-10-09 06:40:36'),(2954,6634,2,'2023-10-09 06:40:36','2023-10-09 06:40:36'),(2955,6635,2,'2023-10-09 06:40:36','2023-10-09 06:40:36'),(2956,6635,2,'2023-10-09 06:40:36','2023-10-09 06:40:36'),(2957,6636,2,'2023-10-09 06:40:36','2023-10-09 06:40:36'),(2958,6636,2,'2023-10-09 06:40:36','2023-10-09 06:40:36'),(2959,6637,2,'2023-10-09 06:40:36','2023-10-09 06:40:36'),(2960,6637,2,'2023-10-09 06:40:36','2023-10-09 06:40:36'),(2961,6638,2,'2023-10-09 06:40:36','2023-10-09 06:40:36'),(2962,6638,2,'2023-10-09 06:40:36','2023-10-09 06:40:36'),(2963,6639,2,'2023-10-09 06:40:36','2023-10-09 06:40:36'),(2964,6639,2,'2023-10-09 06:40:36','2023-10-09 06:40:36'),(2965,6640,2,'2023-10-09 06:40:36','2023-10-09 06:40:36'),(2966,6640,2,'2023-10-09 06:40:36','2023-10-09 06:40:36'),(2967,6641,2,'2023-10-09 06:40:36','2023-10-09 06:40:36'),(2968,6641,2,'2023-10-09 06:40:36','2023-10-09 06:40:36'),(2969,6642,2,'2023-10-09 06:40:36','2023-10-09 06:40:36'),(2970,6642,2,'2023-10-09 06:40:36','2023-10-09 06:40:36'),(2971,6643,2,'2023-10-09 06:40:36','2023-10-09 06:40:36'),(2972,6643,2,'2023-10-09 06:40:36','2023-10-09 06:40:36'),(2973,6644,2,'2023-10-09 06:40:36','2023-10-09 06:40:36'),(2974,6644,2,'2023-10-09 06:40:36','2023-10-09 06:40:36'),(2975,6645,2,'2023-10-09 06:40:36','2023-10-09 06:40:36'),(2976,6645,2,'2023-10-09 06:40:36','2023-10-09 06:40:36'),(2977,6646,2,'2023-10-09 06:40:36','2023-10-09 06:40:36'),(2978,6646,2,'2023-10-09 06:40:36','2023-10-09 06:40:36'),(2979,6647,2,'2023-10-09 06:40:36','2023-10-09 06:40:36'),(2980,6647,2,'2023-10-09 06:40:36','2023-10-09 06:40:36'),(2981,6648,2,'2023-10-09 06:40:36','2023-10-09 06:40:36'),(2982,6648,2,'2023-10-09 06:40:36','2023-10-09 06:40:36'),(2983,6649,2,'2023-10-09 06:40:36','2023-10-09 06:40:36'),(2984,6649,2,'2023-10-09 06:40:36','2023-10-09 06:40:36'),(2985,6650,2,'2023-10-09 06:40:36','2023-10-09 06:40:36'),(2986,6650,2,'2023-10-09 06:40:36','2023-10-09 06:40:36'),(2987,6651,2,'2023-10-09 06:40:36','2023-10-09 06:40:36'),(2988,6651,2,'2023-10-09 06:40:36','2023-10-09 06:40:36'),(2989,6652,2,'2023-10-09 06:40:36','2023-10-09 06:40:36'),(2990,6652,2,'2023-10-09 06:40:36','2023-10-09 06:40:36'),(2991,6653,2,'2023-10-09 06:40:36','2023-10-09 06:40:36'),(2992,6653,2,'2023-10-09 06:40:36','2023-10-09 06:40:36'),(2993,6654,2,'2023-10-09 06:40:36','2023-10-09 06:40:36'),(2994,6654,2,'2023-10-09 06:40:36','2023-10-09 06:40:36'),(2995,6655,2,'2023-10-09 06:40:36','2023-10-09 06:40:36'),(2996,6655,2,'2023-10-09 06:40:36','2023-10-09 06:40:36'),(2997,6656,2,'2023-10-09 06:40:36','2023-10-09 06:40:36'),(2998,6656,2,'2023-10-09 06:40:36','2023-10-09 06:40:36'),(2999,6657,2,'2023-10-09 06:40:36','2023-10-09 06:40:36'),(3000,6657,2,'2023-10-09 06:40:36','2023-10-09 06:40:36'),(3001,6658,2,'2023-10-09 06:40:36','2023-10-09 06:40:36'),(3002,6658,2,'2023-10-09 06:40:36','2023-10-09 06:40:36'),(3003,6659,2,'2023-10-09 06:40:36','2023-10-09 06:40:36'),(3004,6659,2,'2023-10-09 06:40:36','2023-10-09 06:40:36'),(3005,6660,2,'2023-10-09 06:40:36','2023-10-09 06:40:36'),(3006,6660,2,'2023-10-09 06:40:36','2023-10-09 06:40:36'),(3007,6661,2,'2023-10-09 06:40:36','2023-10-09 06:40:36'),(3008,6661,2,'2023-10-09 06:40:36','2023-10-09 06:40:36'),(3009,6662,2,'2023-10-09 06:40:36','2023-10-09 06:40:36'),(3010,6662,2,'2023-10-09 06:40:36','2023-10-09 06:40:36'),(3011,6663,2,'2023-10-09 06:40:36','2023-10-09 06:40:36'),(3012,6663,2,'2023-10-09 06:40:36','2023-10-09 06:40:36'),(3013,6664,2,'2023-10-09 06:40:36','2023-10-09 06:40:36'),(3014,6664,2,'2023-10-09 06:40:36','2023-10-09 06:40:36'),(3015,6665,2,'2023-10-09 06:40:36','2023-10-09 06:40:36'),(3016,6665,2,'2023-10-09 06:40:36','2023-10-09 06:40:36'),(3017,6666,2,'2023-10-09 06:40:36','2023-10-09 06:40:36'),(3018,6666,2,'2023-10-09 06:40:36','2023-10-09 06:40:36'),(3019,6667,2,'2023-10-09 06:40:36','2023-10-09 06:40:36'),(3020,6667,2,'2023-10-09 06:40:36','2023-10-09 06:40:36'),(3021,6668,2,'2023-10-09 06:40:36','2023-10-09 06:40:36'),(3022,6668,2,'2023-10-09 06:40:36','2023-10-09 06:40:36'),(3023,6669,2,'2023-10-09 06:40:36','2023-10-09 06:40:36'),(3024,6669,2,'2023-10-09 06:40:36','2023-10-09 06:40:36'),(3025,6670,2,'2023-10-09 06:40:36','2023-10-09 06:40:36'),(3026,6670,2,'2023-10-09 06:40:36','2023-10-09 06:40:36'),(3027,6671,2,'2023-10-09 06:40:36','2023-10-09 06:40:36'),(3028,6671,2,'2023-10-09 06:40:36','2023-10-09 06:40:36'),(3029,6672,2,'2023-10-09 06:40:36','2023-10-09 06:40:36'),(3030,6672,2,'2023-10-09 06:40:36','2023-10-09 06:40:36'),(3031,6673,2,'2023-10-09 06:40:36','2023-10-09 06:40:36'),(3032,6673,2,'2023-10-09 06:40:36','2023-10-09 06:40:36'),(3033,6674,2,'2023-10-09 06:40:36','2023-10-09 06:40:36'),(3034,6674,2,'2023-10-09 06:40:36','2023-10-09 06:40:36'),(3035,6675,2,'2023-10-09 06:40:36','2023-10-09 06:40:36'),(3036,6675,2,'2023-10-09 06:40:36','2023-10-09 06:40:36'),(3037,6676,2,'2023-10-09 06:40:36','2023-10-09 06:40:36'),(3038,6676,2,'2023-10-09 06:40:36','2023-10-09 06:40:36'),(3039,6677,2,'2023-10-09 06:40:36','2023-10-09 06:40:36'),(3040,6677,2,'2023-10-09 06:40:36','2023-10-09 06:40:36'),(3041,6678,2,'2023-10-09 06:40:36','2023-10-09 06:40:36'),(3042,6678,2,'2023-10-09 06:40:36','2023-10-09 06:40:36'),(3043,6679,2,'2023-10-09 06:40:36','2023-10-09 06:40:36'),(3044,6679,2,'2023-10-09 06:40:36','2023-10-09 06:40:36'),(3045,6680,2,'2023-10-09 06:40:36','2023-10-09 06:40:36'),(3046,6680,2,'2023-10-09 06:40:36','2023-10-09 06:40:36'),(3047,6681,2,'2023-10-09 06:40:36','2023-10-09 06:40:36'),(3048,6681,2,'2023-10-09 06:40:36','2023-10-09 06:40:36'),(3049,6682,2,'2023-10-09 06:40:36','2023-10-09 06:40:36'),(3050,6682,2,'2023-10-09 06:40:36','2023-10-09 06:40:36'),(3051,6683,2,'2023-10-09 06:40:36','2023-10-09 06:40:36'),(3052,6683,2,'2023-10-09 06:40:36','2023-10-09 06:40:36'),(3053,6684,2,'2023-10-09 06:40:36','2023-10-09 06:40:36'),(3054,6684,2,'2023-10-09 06:40:36','2023-10-09 06:40:36'),(3055,6685,2,'2023-10-09 06:40:36','2023-10-09 06:40:36'),(3056,6685,2,'2023-10-09 06:40:36','2023-10-09 06:40:36'),(3057,6686,2,'2023-10-09 06:40:36','2023-10-09 06:40:36'),(3058,6686,2,'2023-10-09 06:40:36','2023-10-09 06:40:36'),(3059,6687,2,'2023-10-09 06:40:36','2023-10-09 06:40:36'),(3060,6687,2,'2023-10-09 06:40:36','2023-10-09 06:40:36'),(3061,6688,2,'2023-10-09 06:40:36','2023-10-09 06:40:36'),(3062,6688,2,'2023-10-09 06:40:36','2023-10-09 06:40:36'),(3063,6689,2,'2023-10-09 06:40:36','2023-10-09 06:40:36'),(3064,6689,2,'2023-10-09 06:40:36','2023-10-09 06:40:36'),(3065,6690,2,'2023-10-09 06:40:36','2023-10-09 06:40:36'),(3066,6690,2,'2023-10-09 06:40:36','2023-10-09 06:40:36'),(3067,6691,2,'2023-10-09 06:40:36','2023-10-09 06:40:36'),(3068,6691,2,'2023-10-09 06:40:36','2023-10-09 06:40:36'),(3069,6692,2,'2023-10-09 06:40:36','2023-10-09 06:40:36'),(3070,6692,2,'2023-10-09 06:40:36','2023-10-09 06:40:36'),(3071,6693,2,'2023-10-09 06:40:36','2023-10-09 06:40:36'),(3072,6693,2,'2023-10-09 06:40:36','2023-10-09 06:40:36'),(3073,6694,2,'2023-10-09 06:40:36','2023-10-09 06:40:36'),(3074,6694,2,'2023-10-09 06:40:36','2023-10-09 06:40:36'),(3075,6695,2,'2023-10-09 06:40:36','2023-10-09 06:40:36'),(3076,6695,2,'2023-10-09 06:40:36','2023-10-09 06:40:36'),(3077,6696,2,'2023-10-09 06:40:36','2023-10-09 06:40:36'),(3078,6696,2,'2023-10-09 06:40:36','2023-10-09 06:40:36'),(3079,6697,2,'2023-10-09 06:40:36','2023-10-09 06:40:36'),(3080,6697,2,'2023-10-09 06:40:36','2023-10-09 06:40:36'),(3081,6698,2,'2023-10-09 06:40:36','2023-10-09 06:40:36'),(3082,6698,2,'2023-10-09 06:40:36','2023-10-09 06:40:36'),(3083,6699,2,'2023-10-09 06:40:36','2023-10-09 06:40:36'),(3084,6699,2,'2023-10-09 06:40:36','2023-10-09 06:40:36'),(3085,6700,2,'2023-10-09 06:40:36','2023-10-09 06:40:36'),(3086,6700,2,'2023-10-09 06:40:36','2023-10-09 06:40:36'),(3087,6701,2,'2023-10-09 06:40:36','2023-10-09 06:40:36'),(3088,6701,2,'2023-10-09 06:40:36','2023-10-09 06:40:36'),(3089,6702,2,'2023-10-09 06:40:36','2023-10-09 06:40:36'),(3090,6702,2,'2023-10-09 06:40:36','2023-10-09 06:40:36'),(3091,6703,2,'2023-10-09 06:40:37','2023-10-09 06:40:37'),(3092,6703,2,'2023-10-09 06:40:37','2023-10-09 06:40:37'),(3093,6704,2,'2023-10-09 06:40:37','2023-10-09 06:40:37'),(3094,6704,2,'2023-10-09 06:40:37','2023-10-09 06:40:37'),(3095,6705,2,'2023-10-09 06:40:37','2023-10-09 06:40:37'),(3096,6705,2,'2023-10-09 06:40:37','2023-10-09 06:40:37'),(3097,6706,2,'2023-10-09 06:40:37','2023-10-09 06:40:37'),(3098,6706,2,'2023-10-09 06:40:37','2023-10-09 06:40:37'),(3099,6707,2,'2023-10-09 06:40:37','2023-10-09 06:40:37'),(3100,6707,2,'2023-10-09 06:40:37','2023-10-09 06:40:37'),(3101,6708,2,'2023-10-09 06:40:37','2023-10-09 06:40:37'),(3102,6708,2,'2023-10-09 06:40:37','2023-10-09 06:40:37'),(3103,6709,2,'2023-10-09 06:40:37','2023-10-09 06:40:37'),(3104,6709,2,'2023-10-09 06:40:37','2023-10-09 06:40:37'),(3105,6710,2,'2023-10-09 06:40:37','2023-10-09 06:40:37'),(3106,6710,2,'2023-10-09 06:40:37','2023-10-09 06:40:37'),(3107,6711,2,'2023-10-09 06:40:37','2023-10-09 06:40:37'),(3108,6711,2,'2023-10-09 06:40:37','2023-10-09 06:40:37'),(3109,6712,2,'2023-10-09 06:40:37','2023-10-09 06:40:37'),(3110,6712,2,'2023-10-09 06:40:37','2023-10-09 06:40:37'),(3111,6713,2,'2023-10-09 06:40:37','2023-10-09 06:40:37'),(3112,6713,2,'2023-10-09 06:40:37','2023-10-09 06:40:37'),(3113,6714,2,'2023-10-09 06:40:37','2023-10-09 06:40:37'),(3114,6714,2,'2023-10-09 06:40:37','2023-10-09 06:40:37'),(3115,6715,2,'2023-10-09 06:40:37','2023-10-09 06:40:37'),(3116,6715,2,'2023-10-09 06:40:37','2023-10-09 06:40:37'),(3117,6716,2,'2023-10-09 06:40:37','2023-10-09 06:40:37'),(3118,6716,2,'2023-10-09 06:40:37','2023-10-09 06:40:37'),(3119,6717,2,'2023-10-09 06:40:37','2023-10-09 06:40:37'),(3120,6717,2,'2023-10-09 06:40:37','2023-10-09 06:40:37'),(3121,6718,2,'2023-10-09 06:40:37','2023-10-09 06:40:37'),(3122,6718,2,'2023-10-09 06:40:37','2023-10-09 06:40:37'),(3123,6719,2,'2023-10-09 06:40:37','2023-10-09 06:40:37'),(3124,6719,2,'2023-10-09 06:40:37','2023-10-09 06:40:37'),(3125,6720,2,'2023-10-09 06:40:37','2023-10-09 06:40:37'),(3126,6720,2,'2023-10-09 06:40:37','2023-10-09 06:40:37'),(3127,6721,2,'2023-10-09 06:40:37','2023-10-09 06:40:37'),(3128,6721,2,'2023-10-09 06:40:37','2023-10-09 06:40:37'),(3129,6722,2,'2023-10-09 06:40:37','2023-10-09 06:40:37'),(3130,6722,2,'2023-10-09 06:40:37','2023-10-09 06:40:37'),(3131,6723,2,'2023-10-09 06:40:37','2023-10-09 06:40:37'),(3132,6723,2,'2023-10-09 06:40:37','2023-10-09 06:40:37'),(3133,6724,2,'2023-10-09 06:40:37','2023-10-09 06:40:37'),(3134,6724,2,'2023-10-09 06:40:37','2023-10-09 06:40:37'),(3135,6725,2,'2023-10-09 06:40:37','2023-10-09 06:40:37'),(3136,6725,2,'2023-10-09 06:40:37','2023-10-09 06:40:37'),(3137,6726,2,'2023-10-09 06:40:37','2023-10-09 06:40:37'),(3138,6726,2,'2023-10-09 06:40:37','2023-10-09 06:40:37'),(3139,6727,2,'2023-10-09 06:40:37','2023-10-09 06:40:37'),(3140,6727,2,'2023-10-09 06:40:37','2023-10-09 06:40:37'),(3141,6728,2,'2023-10-09 06:40:37','2023-10-09 06:40:37'),(3142,6728,2,'2023-10-09 06:40:37','2023-10-09 06:40:37'),(3143,6729,2,'2023-10-09 06:40:37','2023-10-09 06:40:37'),(3144,6729,2,'2023-10-09 06:40:37','2023-10-09 06:40:37'),(3145,6730,2,'2023-10-09 06:40:37','2023-10-09 06:40:37'),(3146,6730,2,'2023-10-09 06:40:37','2023-10-09 06:40:37'),(3147,6731,2,'2023-10-09 06:40:37','2023-10-09 06:40:37'),(3148,6731,2,'2023-10-09 06:40:37','2023-10-09 06:40:37'),(3149,6732,2,'2023-10-09 06:40:37','2023-10-09 06:40:37'),(3150,6732,2,'2023-10-09 06:40:37','2023-10-09 06:40:37'),(3151,6733,2,'2023-10-09 06:40:37','2023-10-09 06:40:37'),(3152,6733,2,'2023-10-09 06:40:37','2023-10-09 06:40:37'),(3153,6734,2,'2023-10-09 06:40:37','2023-10-09 06:40:37'),(3154,6734,2,'2023-10-09 06:40:37','2023-10-09 06:40:37'),(3155,6735,2,'2023-10-09 06:40:37','2023-10-09 06:40:37'),(3156,6735,2,'2023-10-09 06:40:37','2023-10-09 06:40:37'),(3157,6736,2,'2023-10-09 06:40:37','2023-10-09 06:40:37'),(3158,6736,2,'2023-10-09 06:40:37','2023-10-09 06:40:37'),(3159,6737,2,'2023-10-09 06:40:37','2023-10-09 06:40:37'),(3160,6737,2,'2023-10-09 06:40:37','2023-10-09 06:40:37'),(3161,6738,2,'2023-10-09 06:40:37','2023-10-09 06:40:37'),(3162,6738,2,'2023-10-09 06:40:37','2023-10-09 06:40:37'),(3163,6739,2,'2023-10-09 06:40:37','2023-10-09 06:40:37'),(3164,6739,2,'2023-10-09 06:40:37','2023-10-09 06:40:37'),(3165,6740,2,'2023-10-09 06:40:37','2023-10-09 06:40:37'),(3166,6740,2,'2023-10-09 06:40:37','2023-10-09 06:40:37'),(3167,6741,2,'2023-10-09 06:40:37','2023-10-09 06:40:37'),(3168,6741,2,'2023-10-09 06:40:37','2023-10-09 06:40:37'),(3169,6742,2,'2023-10-09 06:40:37','2023-10-09 06:40:37'),(3170,6742,2,'2023-10-09 06:40:37','2023-10-09 06:40:37'),(3171,6743,2,'2023-10-09 06:40:37','2023-10-09 06:40:37'),(3172,6743,2,'2023-10-09 06:40:37','2023-10-09 06:40:37'),(3173,6744,2,'2023-10-09 06:40:37','2023-10-09 06:40:37'),(3174,6744,2,'2023-10-09 06:40:37','2023-10-09 06:40:37'),(3175,6745,2,'2023-10-09 06:40:37','2023-10-09 06:40:37'),(3176,6745,2,'2023-10-09 06:40:37','2023-10-09 06:40:37'),(3177,6746,2,'2023-10-09 06:40:37','2023-10-09 06:40:37'),(3178,6746,2,'2023-10-09 06:40:37','2023-10-09 06:40:37'),(3179,6747,2,'2023-10-09 06:40:37','2023-10-09 06:40:37'),(3180,6747,2,'2023-10-09 06:40:37','2023-10-09 06:40:37'),(3181,6748,2,'2023-10-09 06:40:37','2023-10-09 06:40:37'),(3182,6748,2,'2023-10-09 06:40:37','2023-10-09 06:40:37'),(3183,6749,2,'2023-10-09 06:40:37','2023-10-09 06:40:37'),(3184,6749,2,'2023-10-09 06:40:37','2023-10-09 06:40:37'),(3185,6750,2,'2023-10-09 06:40:37','2023-10-09 06:40:37'),(3186,6750,2,'2023-10-09 06:40:37','2023-10-09 06:40:37'),(3187,6751,2,'2023-10-09 06:40:37','2023-10-09 06:40:37'),(3188,6751,2,'2023-10-09 06:40:37','2023-10-09 06:40:37'),(3189,6752,2,'2023-10-09 06:40:37','2023-10-09 06:40:37'),(3190,6752,2,'2023-10-09 06:40:37','2023-10-09 06:40:37'),(3191,6753,2,'2023-10-09 06:40:37','2023-10-09 06:40:37'),(3192,6753,2,'2023-10-09 06:40:37','2023-10-09 06:40:37'),(3193,6754,2,'2023-10-09 06:40:37','2023-10-09 06:40:37'),(3194,6754,2,'2023-10-09 06:40:37','2023-10-09 06:40:37'),(3195,6755,2,'2023-10-09 06:40:37','2023-10-09 06:40:37'),(3196,6755,2,'2023-10-09 06:40:37','2023-10-09 06:40:37'),(3197,6756,2,'2023-10-09 06:40:37','2023-10-09 06:40:37'),(3198,6756,2,'2023-10-09 06:40:37','2023-10-09 06:40:37'),(3199,6757,2,'2023-10-09 06:40:37','2023-10-09 06:40:37'),(3200,6757,2,'2023-10-09 06:40:37','2023-10-09 06:40:37'),(3201,6758,2,'2023-10-09 06:40:37','2023-10-09 06:40:37'),(3202,6758,2,'2023-10-09 06:40:37','2023-10-09 06:40:37'),(3203,6759,2,'2023-10-09 06:40:37','2023-10-09 06:40:37'),(3204,6759,2,'2023-10-09 06:40:37','2023-10-09 06:40:37'),(3205,6760,2,'2023-10-09 06:40:37','2023-10-09 06:40:37'),(3206,6760,2,'2023-10-09 06:40:37','2023-10-09 06:40:37'),(3207,6761,2,'2023-10-09 06:40:37','2023-10-09 06:40:37'),(3208,6761,2,'2023-10-09 06:40:37','2023-10-09 06:40:37'),(3209,6762,2,'2023-10-09 06:40:37','2023-10-09 06:40:37'),(3210,6762,2,'2023-10-09 06:40:37','2023-10-09 06:40:37'),(3211,6763,2,'2023-10-09 06:40:37','2023-10-09 06:40:37'),(3212,6763,2,'2023-10-09 06:40:37','2023-10-09 06:40:37'),(3213,6764,2,'2023-10-09 06:40:37','2023-10-09 06:40:37'),(3214,6764,2,'2023-10-09 06:40:37','2023-10-09 06:40:37'),(3215,6765,2,'2023-10-09 06:40:37','2023-10-09 06:40:37'),(3216,6765,2,'2023-10-09 06:40:37','2023-10-09 06:40:37'),(3217,6766,2,'2023-10-09 06:40:37','2023-10-09 06:40:37'),(3218,6766,2,'2023-10-09 06:40:37','2023-10-09 06:40:37'),(3219,6767,2,'2023-10-09 06:40:37','2023-10-09 06:40:37'),(3220,6767,2,'2023-10-09 06:40:37','2023-10-09 06:40:37'),(3221,6768,2,'2023-10-09 06:40:37','2023-10-09 06:40:37'),(3222,6768,2,'2023-10-09 06:40:37','2023-10-09 06:40:37'),(3223,6769,2,'2023-10-09 06:40:37','2023-10-09 06:40:37'),(3224,6769,2,'2023-10-09 06:40:37','2023-10-09 06:40:37'),(3225,6770,2,'2023-10-09 06:40:37','2023-10-09 06:40:37'),(3226,6770,2,'2023-10-09 06:40:37','2023-10-09 06:40:37'),(3227,6771,2,'2023-10-09 06:40:37','2023-10-09 06:40:37'),(3228,6771,2,'2023-10-09 06:40:37','2023-10-09 06:40:37'),(3229,6772,2,'2023-10-09 06:40:37','2023-10-09 06:40:37'),(3230,6772,2,'2023-10-09 06:40:37','2023-10-09 06:40:37'),(3231,6773,2,'2023-10-09 06:40:37','2023-10-09 06:40:37'),(3232,6773,2,'2023-10-09 06:40:37','2023-10-09 06:40:37'),(3233,6774,2,'2023-10-09 06:40:37','2023-10-09 06:40:37'),(3234,6774,2,'2023-10-09 06:40:37','2023-10-09 06:40:37'),(3235,6775,2,'2023-10-09 06:40:37','2023-10-09 06:40:37'),(3236,6775,2,'2023-10-09 06:40:37','2023-10-09 06:40:37'),(3237,6776,2,'2023-10-09 06:40:37','2023-10-09 06:40:37'),(3238,6776,2,'2023-10-09 06:40:37','2023-10-09 06:40:37'),(3239,6777,2,'2023-10-09 06:40:37','2023-10-09 06:40:37'),(3240,6777,2,'2023-10-09 06:40:37','2023-10-09 06:40:37'),(3241,6778,2,'2023-10-09 06:40:37','2023-10-09 06:40:37'),(3242,6778,2,'2023-10-09 06:40:37','2023-10-09 06:40:37'),(3243,6779,2,'2023-10-09 06:40:37','2023-10-09 06:40:37'),(3244,6779,2,'2023-10-09 06:40:37','2023-10-09 06:40:37'),(3245,6780,2,'2023-10-09 06:40:37','2023-10-09 06:40:37'),(3246,6780,2,'2023-10-09 06:40:37','2023-10-09 06:40:37'),(3247,6781,2,'2023-10-09 06:40:37','2023-10-09 06:40:37'),(3248,6781,2,'2023-10-09 06:40:37','2023-10-09 06:40:37'),(3249,6782,2,'2023-10-09 06:40:37','2023-10-09 06:40:37'),(3250,6782,2,'2023-10-09 06:40:37','2023-10-09 06:40:37'),(3251,6783,2,'2023-10-09 06:40:37','2023-10-09 06:40:37'),(3252,6783,2,'2023-10-09 06:40:37','2023-10-09 06:40:37'),(3253,6784,2,'2023-10-09 06:40:37','2023-10-09 06:40:37'),(3254,6784,2,'2023-10-09 06:40:37','2023-10-09 06:40:37'),(3255,6785,2,'2023-10-09 06:40:37','2023-10-09 06:40:37'),(3256,6785,2,'2023-10-09 06:40:37','2023-10-09 06:40:37'),(3257,6786,2,'2023-10-09 06:40:37','2023-10-09 06:40:37'),(3258,6786,2,'2023-10-09 06:40:37','2023-10-09 06:40:37'),(3259,6787,2,'2023-10-09 06:40:37','2023-10-09 06:40:37'),(3260,6787,2,'2023-10-09 06:40:37','2023-10-09 06:40:37'),(3261,6788,2,'2023-10-09 06:40:37','2023-10-09 06:40:37'),(3262,6788,2,'2023-10-09 06:40:37','2023-10-09 06:40:37'),(3263,6789,2,'2023-10-09 06:40:37','2023-10-09 06:40:37'),(3264,6789,2,'2023-10-09 06:40:37','2023-10-09 06:40:37'),(3265,6790,2,'2023-10-09 06:40:37','2023-10-09 06:40:37'),(3266,6790,2,'2023-10-09 06:40:37','2023-10-09 06:40:37'),(3267,6791,2,'2023-10-09 06:40:37','2023-10-09 06:40:37'),(3268,6791,2,'2023-10-09 06:40:37','2023-10-09 06:40:37'),(3269,6792,2,'2023-10-09 06:40:37','2023-10-09 06:40:37'),(3270,6792,2,'2023-10-09 06:40:37','2023-10-09 06:40:37'),(3271,6793,2,'2023-10-09 06:40:37','2023-10-09 06:40:37'),(3272,6793,2,'2023-10-09 06:40:37','2023-10-09 06:40:37'),(3273,6794,2,'2023-10-09 06:40:38','2023-10-09 06:40:38'),(3274,6794,2,'2023-10-09 06:40:38','2023-10-09 06:40:38'),(3275,6795,2,'2023-10-09 06:40:38','2023-10-09 06:40:38'),(3276,6795,2,'2023-10-09 06:40:38','2023-10-09 06:40:38'),(3277,6796,2,'2023-10-09 06:40:38','2023-10-09 06:40:38'),(3278,6796,2,'2023-10-09 06:40:38','2023-10-09 06:40:38'),(3279,6797,2,'2023-10-09 06:40:38','2023-10-09 06:40:38'),(3280,6797,2,'2023-10-09 06:40:38','2023-10-09 06:40:38'),(3281,6798,2,'2023-10-09 06:40:38','2023-10-09 06:40:38'),(3282,6798,2,'2023-10-09 06:40:38','2023-10-09 06:40:38'),(3283,6799,2,'2023-10-09 06:40:38','2023-10-09 06:40:38'),(3284,6799,2,'2023-10-09 06:40:38','2023-10-09 06:40:38'),(3285,6800,2,'2023-10-09 06:40:38','2023-10-09 06:40:38'),(3286,6800,2,'2023-10-09 06:40:38','2023-10-09 06:40:38'),(3287,6801,2,'2023-10-09 06:40:38','2023-10-09 06:40:38'),(3288,6801,2,'2023-10-09 06:40:38','2023-10-09 06:40:38'),(3289,6802,2,'2023-10-09 06:40:38','2023-10-09 06:40:38'),(3290,6802,2,'2023-10-09 06:40:38','2023-10-09 06:40:38'),(3291,6803,2,'2023-10-09 06:40:38','2023-10-09 06:40:38'),(3292,6803,2,'2023-10-09 06:40:38','2023-10-09 06:40:38'),(3293,6804,2,'2023-10-09 06:40:38','2023-10-09 06:40:38'),(3294,6804,2,'2023-10-09 06:40:38','2023-10-09 06:40:38'),(3295,6805,2,'2023-10-09 06:40:38','2023-10-09 06:40:38'),(3296,6805,2,'2023-10-09 06:40:38','2023-10-09 06:40:38'),(3297,6806,2,'2023-10-09 06:40:38','2023-10-09 06:40:38'),(3298,6806,2,'2023-10-09 06:40:38','2023-10-09 06:40:38'),(3299,6807,2,'2023-10-09 06:40:38','2023-10-09 06:40:38'),(3300,6807,2,'2023-10-09 06:40:38','2023-10-09 06:40:38'),(3301,6808,2,'2023-10-09 06:40:38','2023-10-09 06:40:38'),(3302,6808,2,'2023-10-09 06:40:38','2023-10-09 06:40:38'),(3303,6809,2,'2023-10-09 06:40:38','2023-10-09 06:40:38'),(3304,6809,2,'2023-10-09 06:40:38','2023-10-09 06:40:38'),(3305,6810,2,'2023-10-09 06:40:38','2023-10-09 06:40:38'),(3306,6810,2,'2023-10-09 06:40:38','2023-10-09 06:40:38'),(3307,6811,2,'2023-10-09 06:40:38','2023-10-09 06:40:38'),(3308,6811,2,'2023-10-09 06:40:38','2023-10-09 06:40:38'),(3309,6812,2,'2023-10-09 06:40:38','2023-10-09 06:40:38'),(3310,6812,2,'2023-10-09 06:40:38','2023-10-09 06:40:38'),(3311,6813,2,'2023-10-09 06:40:38','2023-10-09 06:40:38'),(3312,6813,2,'2023-10-09 06:40:38','2023-10-09 06:40:38'),(3313,6814,2,'2023-10-09 06:40:38','2023-10-09 06:40:38'),(3314,6814,2,'2023-10-09 06:40:38','2023-10-09 06:40:38'),(3315,6815,2,'2023-10-09 06:40:38','2023-10-09 06:40:38'),(3316,6815,2,'2023-10-09 06:40:38','2023-10-09 06:40:38'),(3317,6816,2,'2023-10-09 06:40:38','2023-10-09 06:40:38'),(3318,6816,2,'2023-10-09 06:40:38','2023-10-09 06:40:38'),(3319,6817,2,'2023-10-09 06:40:38','2023-10-09 06:40:38'),(3320,6817,2,'2023-10-09 06:40:38','2023-10-09 06:40:38'),(3321,6818,2,'2023-10-09 06:40:38','2023-10-09 06:40:38'),(3322,6818,2,'2023-10-09 06:40:38','2023-10-09 06:40:38'),(3323,6819,2,'2023-10-09 06:40:38','2023-10-09 06:40:38'),(3324,6819,2,'2023-10-09 06:40:38','2023-10-09 06:40:38'),(3325,6820,2,'2023-10-09 06:40:38','2023-10-09 06:40:38'),(3326,6820,2,'2023-10-09 06:40:38','2023-10-09 06:40:38'),(3327,6821,2,'2023-10-09 06:40:38','2023-10-09 06:40:38'),(3328,6821,2,'2023-10-09 06:40:38','2023-10-09 06:40:38'),(3329,6822,2,'2023-10-09 06:40:38','2023-10-09 06:40:38'),(3330,6822,2,'2023-10-09 06:40:38','2023-10-09 06:40:38'),(3331,6823,2,'2023-10-09 06:40:38','2023-10-09 06:40:38'),(3332,6823,2,'2023-10-09 06:40:38','2023-10-09 06:40:38'),(3333,6824,2,'2023-10-09 06:40:38','2023-10-09 06:40:38'),(3334,6824,2,'2023-10-09 06:40:38','2023-10-09 06:40:38'),(3335,6825,2,'2023-10-09 06:40:38','2023-10-09 06:40:38'),(3336,6825,2,'2023-10-09 06:40:38','2023-10-09 06:40:38'),(3337,6826,2,'2023-10-09 06:40:38','2023-10-09 06:40:38'),(3338,6826,2,'2023-10-09 06:40:38','2023-10-09 06:40:38'),(3339,6827,2,'2023-10-09 06:40:38','2023-10-09 06:40:38'),(3340,6827,2,'2023-10-09 06:40:38','2023-10-09 06:40:38'),(3341,6828,2,'2023-10-09 06:40:38','2023-10-09 06:40:38'),(3342,6828,2,'2023-10-09 06:40:38','2023-10-09 06:40:38'),(3343,6829,2,'2023-10-09 06:40:38','2023-10-09 06:40:38'),(3344,6829,2,'2023-10-09 06:40:38','2023-10-09 06:40:38'),(3345,6830,2,'2023-10-09 06:40:38','2023-10-09 06:40:38'),(3346,6830,2,'2023-10-09 06:40:38','2023-10-09 06:40:38'),(3347,6831,2,'2023-10-09 06:40:38','2023-10-09 06:40:38'),(3348,6831,2,'2023-10-09 06:40:38','2023-10-09 06:40:38'),(3349,6832,2,'2023-10-09 06:40:38','2023-10-09 06:40:38'),(3350,6832,2,'2023-10-09 06:40:38','2023-10-09 06:40:38'),(3351,6833,2,'2023-10-09 06:40:38','2023-10-09 06:40:38'),(3352,6833,2,'2023-10-09 06:40:38','2023-10-09 06:40:38'),(3353,6834,2,'2023-10-09 06:40:38','2023-10-09 06:40:38'),(3354,6834,2,'2023-10-09 06:40:38','2023-10-09 06:40:38'),(3355,6835,2,'2023-10-09 06:40:38','2023-10-09 06:40:38'),(3356,6835,2,'2023-10-09 06:40:38','2023-10-09 06:40:38'),(3357,6836,2,'2023-10-09 06:40:38','2023-10-09 06:40:38'),(3358,6836,2,'2023-10-09 06:40:38','2023-10-09 06:40:38'),(3359,6837,2,'2023-10-09 06:40:38','2023-10-09 06:40:38'),(3360,6837,2,'2023-10-09 06:40:38','2023-10-09 06:40:38'),(3361,6838,2,'2023-10-09 06:40:38','2023-10-09 06:40:38'),(3362,6838,2,'2023-10-09 06:40:38','2023-10-09 06:40:38'),(3363,6839,2,'2023-10-09 06:40:38','2023-10-09 06:40:38'),(3364,6839,2,'2023-10-09 06:40:38','2023-10-09 06:40:38'),(3365,6840,2,'2023-10-09 06:40:38','2023-10-09 06:40:38'),(3366,6840,2,'2023-10-09 06:40:38','2023-10-09 06:40:38'),(3367,6841,2,'2023-10-09 06:40:38','2023-10-09 06:40:38'),(3368,6841,2,'2023-10-09 06:40:38','2023-10-09 06:40:38'),(3369,6842,2,'2023-10-09 06:40:38','2023-10-09 06:40:38'),(3370,6842,2,'2023-10-09 06:40:38','2023-10-09 06:40:38'),(3371,6843,2,'2023-10-09 06:40:38','2023-10-09 06:40:38'),(3372,6843,2,'2023-10-09 06:40:38','2023-10-09 06:40:38'),(3373,6844,2,'2023-10-09 06:40:38','2023-10-09 06:40:38'),(3374,6844,2,'2023-10-09 06:40:38','2023-10-09 06:40:38'),(3375,6845,2,'2023-10-09 06:40:38','2023-10-09 06:40:38'),(3376,6845,2,'2023-10-09 06:40:38','2023-10-09 06:40:38'),(3377,6846,2,'2023-10-09 06:40:38','2023-10-09 06:40:38'),(3378,6846,2,'2023-10-09 06:40:38','2023-10-09 06:40:38'),(3379,6847,2,'2023-10-09 06:40:38','2023-10-09 06:40:38'),(3380,6847,2,'2023-10-09 06:40:38','2023-10-09 06:40:38'),(3381,6848,2,'2023-10-09 06:40:38','2023-10-09 06:40:38'),(3382,6848,2,'2023-10-09 06:40:38','2023-10-09 06:40:38'),(3383,6849,2,'2023-10-09 06:40:38','2023-10-09 06:40:38'),(3384,6849,2,'2023-10-09 06:40:38','2023-10-09 06:40:38'),(3385,6850,2,'2023-10-09 06:40:38','2023-10-09 06:40:38'),(3386,6850,2,'2023-10-09 06:40:38','2023-10-09 06:40:38'),(3387,6851,2,'2023-10-09 06:40:38','2023-10-09 06:40:38'),(3388,6851,2,'2023-10-09 06:40:38','2023-10-09 06:40:38'),(3389,6852,2,'2023-10-09 06:40:38','2023-10-09 06:40:38'),(3390,6852,2,'2023-10-09 06:40:38','2023-10-09 06:40:38'),(3391,6853,2,'2023-10-09 06:40:38','2023-10-09 06:40:38'),(3392,6853,2,'2023-10-09 06:40:38','2023-10-09 06:40:38'),(3393,6854,2,'2023-10-09 06:40:38','2023-10-09 06:40:38'),(3394,6854,2,'2023-10-09 06:40:38','2023-10-09 06:40:38'),(3395,6855,2,'2023-10-09 06:40:38','2023-10-09 06:40:38'),(3396,6855,2,'2023-10-09 06:40:38','2023-10-09 06:40:38'),(3397,6856,2,'2023-10-09 06:40:38','2023-10-09 06:40:38'),(3398,6856,2,'2023-10-09 06:40:38','2023-10-09 06:40:38'),(3399,6857,2,'2023-10-09 06:40:38','2023-10-09 06:40:38'),(3400,6857,2,'2023-10-09 06:40:38','2023-10-09 06:40:38'),(3401,6858,2,'2023-10-09 06:40:38','2023-10-09 06:40:38'),(3402,6858,2,'2023-10-09 06:40:38','2023-10-09 06:40:38'),(3403,6859,2,'2023-10-09 06:40:38','2023-10-09 06:40:38'),(3404,6859,2,'2023-10-09 06:40:38','2023-10-09 06:40:38'),(3405,6860,2,'2023-10-09 06:40:38','2023-10-09 06:40:38'),(3406,6860,2,'2023-10-09 06:40:38','2023-10-09 06:40:38'),(3407,6861,2,'2023-10-09 06:40:38','2023-10-09 06:40:38'),(3408,6861,2,'2023-10-09 06:40:38','2023-10-09 06:40:38'),(3409,6862,2,'2023-10-09 06:40:38','2023-10-09 06:40:38'),(3410,6862,2,'2023-10-09 06:40:38','2023-10-09 06:40:38'),(3411,6863,2,'2023-10-09 06:40:38','2023-10-09 06:40:38'),(3412,6863,2,'2023-10-09 06:40:38','2023-10-09 06:40:38'),(3413,6864,2,'2023-10-09 06:40:38','2023-10-09 06:40:38'),(3414,6864,2,'2023-10-09 06:40:38','2023-10-09 06:40:38'),(3415,6865,2,'2023-10-09 06:40:38','2023-10-09 06:40:38'),(3416,6865,2,'2023-10-09 06:40:38','2023-10-09 06:40:38'),(3417,6866,2,'2023-10-09 06:40:38','2023-10-09 06:40:38'),(3418,6866,2,'2023-10-09 06:40:38','2023-10-09 06:40:38'),(3419,6867,2,'2023-10-09 06:40:38','2023-10-09 06:40:38'),(3420,6867,2,'2023-10-09 06:40:38','2023-10-09 06:40:38'),(3421,6868,2,'2023-10-09 06:40:38','2023-10-09 06:40:38'),(3422,6868,2,'2023-10-09 06:40:38','2023-10-09 06:40:38'),(3423,6869,2,'2023-10-09 06:40:38','2023-10-09 06:40:38'),(3424,6869,2,'2023-10-09 06:40:38','2023-10-09 06:40:38'),(3425,6870,2,'2023-10-09 06:40:38','2023-10-09 06:40:38'),(3426,6870,2,'2023-10-09 06:40:38','2023-10-09 06:40:38'),(3427,6871,2,'2023-10-09 06:40:38','2023-10-09 06:40:38'),(3428,6871,2,'2023-10-09 06:40:38','2023-10-09 06:40:38'),(3429,6872,2,'2023-10-09 06:40:38','2023-10-09 06:40:38'),(3430,6872,2,'2023-10-09 06:40:38','2023-10-09 06:40:38'),(3431,6873,2,'2023-10-09 06:40:38','2023-10-09 06:40:38'),(3432,6873,2,'2023-10-09 06:40:38','2023-10-09 06:40:38'),(3433,6874,2,'2023-10-09 06:40:38','2023-10-09 06:40:38'),(3434,6874,2,'2023-10-09 06:40:38','2023-10-09 06:40:38'),(3435,6875,2,'2023-10-09 06:40:38','2023-10-09 06:40:38'),(3436,6875,2,'2023-10-09 06:40:38','2023-10-09 06:40:38'),(3437,6876,2,'2023-10-09 06:40:38','2023-10-09 06:40:38'),(3438,6876,2,'2023-10-09 06:40:38','2023-10-09 06:40:38'),(3439,6877,2,'2023-10-09 06:40:38','2023-10-09 06:40:38'),(3440,6877,2,'2023-10-09 06:40:38','2023-10-09 06:40:38'),(3441,6878,2,'2023-10-09 06:40:38','2023-10-09 06:40:38'),(3442,6878,2,'2023-10-09 06:40:38','2023-10-09 06:40:38'),(3443,6879,2,'2023-10-09 06:40:38','2023-10-09 06:40:38'),(3444,6879,2,'2023-10-09 06:40:38','2023-10-09 06:40:38'),(3445,6880,2,'2023-10-09 06:40:38','2023-10-09 06:40:38'),(3446,6880,2,'2023-10-09 06:40:38','2023-10-09 06:40:38'),(3447,6881,2,'2023-10-09 06:40:38','2023-10-09 06:40:38'),(3448,6881,2,'2023-10-09 06:40:38','2023-10-09 06:40:38'),(3449,6882,2,'2023-10-09 06:40:38','2023-10-09 06:40:38'),(3450,6882,2,'2023-10-09 06:40:38','2023-10-09 06:40:38'),(3451,6883,2,'2023-10-09 06:40:39','2023-10-09 06:40:39'),(3452,6883,2,'2023-10-09 06:40:39','2023-10-09 06:40:39'),(3453,6884,2,'2023-10-09 06:40:39','2023-10-09 06:40:39'),(3454,6884,2,'2023-10-09 06:40:39','2023-10-09 06:40:39'),(3455,6885,2,'2023-10-09 06:40:39','2023-10-09 06:40:39'),(3456,6885,2,'2023-10-09 06:40:39','2023-10-09 06:40:39'),(3457,6886,2,'2023-10-09 06:40:39','2023-10-09 06:40:39'),(3458,6886,2,'2023-10-09 06:40:39','2023-10-09 06:40:39'),(3459,6887,2,'2023-10-09 06:40:39','2023-10-09 06:40:39'),(3460,6887,2,'2023-10-09 06:40:39','2023-10-09 06:40:39'),(3461,6888,2,'2023-10-09 06:40:39','2023-10-09 06:40:39'),(3462,6888,2,'2023-10-09 06:40:39','2023-10-09 06:40:39'),(3463,6889,2,'2023-10-09 06:40:39','2023-10-09 06:40:39'),(3464,6889,2,'2023-10-09 06:40:39','2023-10-09 06:40:39'),(3465,6890,2,'2023-10-09 06:40:39','2023-10-09 06:40:39'),(3466,6890,2,'2023-10-09 06:40:39','2023-10-09 06:40:39'),(3467,6891,2,'2023-10-09 06:40:39','2023-10-09 06:40:39'),(3468,6891,2,'2023-10-09 06:40:39','2023-10-09 06:40:39'),(3469,6892,2,'2023-10-09 06:40:39','2023-10-09 06:40:39'),(3470,6892,2,'2023-10-09 06:40:39','2023-10-09 06:40:39'),(3471,6893,2,'2023-10-09 06:40:39','2023-10-09 06:40:39'),(3472,6893,2,'2023-10-09 06:40:39','2023-10-09 06:40:39'),(3473,6894,2,'2023-10-09 06:40:39','2023-10-09 06:40:39'),(3474,6894,2,'2023-10-09 06:40:39','2023-10-09 06:40:39'),(3475,6895,2,'2023-10-09 06:40:39','2023-10-09 06:40:39'),(3476,6895,2,'2023-10-09 06:40:39','2023-10-09 06:40:39'),(3477,6896,2,'2023-10-09 06:40:39','2023-10-09 06:40:39'),(3478,6896,2,'2023-10-09 06:40:39','2023-10-09 06:40:39'),(3479,6897,2,'2023-10-09 06:40:39','2023-10-09 06:40:39'),(3480,6897,2,'2023-10-09 06:40:39','2023-10-09 06:40:39'),(3481,6898,2,'2023-10-09 06:40:39','2023-10-09 06:40:39'),(3482,6898,2,'2023-10-09 06:40:39','2023-10-09 06:40:39'),(3483,6899,2,'2023-10-09 06:40:39','2023-10-09 06:40:39'),(3484,6899,2,'2023-10-09 06:40:39','2023-10-09 06:40:39'),(3485,6900,2,'2023-10-09 06:40:39','2023-10-09 06:40:39'),(3486,6900,2,'2023-10-09 06:40:39','2023-10-09 06:40:39'),(3487,6901,2,'2023-10-09 06:40:39','2023-10-09 06:40:39'),(3488,6901,2,'2023-10-09 06:40:39','2023-10-09 06:40:39'),(3489,6902,2,'2023-10-09 06:40:39','2023-10-09 06:40:39'),(3490,6902,2,'2023-10-09 06:40:39','2023-10-09 06:40:39'),(3491,6903,2,'2023-10-09 06:40:39','2023-10-09 06:40:39'),(3492,6903,2,'2023-10-09 06:40:39','2023-10-09 06:40:39'),(3493,6904,2,'2023-10-09 06:40:39','2023-10-09 06:40:39'),(3494,6904,2,'2023-10-09 06:40:39','2023-10-09 06:40:39'),(3495,6905,2,'2023-10-09 06:40:39','2023-10-09 06:40:39'),(3496,6905,2,'2023-10-09 06:40:39','2023-10-09 06:40:39'),(3497,6906,2,'2023-10-09 06:40:39','2023-10-09 06:40:39'),(3498,6906,2,'2023-10-09 06:40:39','2023-10-09 06:40:39'),(3499,6907,2,'2023-10-09 06:40:39','2023-10-09 06:40:39'),(3500,6907,2,'2023-10-09 06:40:39','2023-10-09 06:40:39'),(3501,6908,2,'2023-10-09 06:40:39','2023-10-09 06:40:39'),(3502,6908,2,'2023-10-09 06:40:39','2023-10-09 06:40:39'),(3503,6909,2,'2023-10-09 06:40:39','2023-10-09 06:40:39'),(3504,6909,2,'2023-10-09 06:40:39','2023-10-09 06:40:39'),(3505,6910,2,'2023-10-09 06:40:39','2023-10-09 06:40:39'),(3506,6910,2,'2023-10-09 06:40:39','2023-10-09 06:40:39'),(3507,6911,2,'2023-10-09 06:40:39','2023-10-09 06:40:39'),(3508,6911,2,'2023-10-09 06:40:39','2023-10-09 06:40:39'),(3509,6912,2,'2023-10-09 06:40:39','2023-10-09 06:40:39'),(3510,6912,2,'2023-10-09 06:40:39','2023-10-09 06:40:39'),(3511,6913,2,'2023-10-09 06:40:39','2023-10-09 06:40:39'),(3512,6913,2,'2023-10-09 06:40:39','2023-10-09 06:40:39'),(3513,6914,2,'2023-10-09 06:40:39','2023-10-09 06:40:39'),(3514,6914,2,'2023-10-09 06:40:39','2023-10-09 06:40:39'),(3515,6915,2,'2023-10-09 06:40:39','2023-10-09 06:40:39'),(3516,6915,2,'2023-10-09 06:40:39','2023-10-09 06:40:39'),(3517,6916,2,'2023-10-09 06:40:39','2023-10-09 06:40:39'),(3518,6916,2,'2023-10-09 06:40:39','2023-10-09 06:40:39'),(3519,6917,2,'2023-10-09 06:40:39','2023-10-09 06:40:39'),(3520,6917,2,'2023-10-09 06:40:39','2023-10-09 06:40:39'),(3521,6918,2,'2023-10-09 06:40:39','2023-10-09 06:40:39'),(3522,6918,2,'2023-10-09 06:40:39','2023-10-09 06:40:39'),(3523,6919,2,'2023-10-09 06:40:39','2023-10-09 06:40:39'),(3524,6919,2,'2023-10-09 06:40:39','2023-10-09 06:40:39'),(3525,6920,2,'2023-10-09 06:40:39','2023-10-09 06:40:39'),(3526,6920,2,'2023-10-09 06:40:39','2023-10-09 06:40:39'),(3527,6921,2,'2023-10-09 06:40:39','2023-10-09 06:40:39'),(3528,6921,2,'2023-10-09 06:40:39','2023-10-09 06:40:39'),(3529,6922,2,'2023-10-09 06:40:39','2023-10-09 06:40:39'),(3530,6922,2,'2023-10-09 06:40:39','2023-10-09 06:40:39'),(3531,6923,2,'2023-10-09 06:40:39','2023-10-09 06:40:39'),(3532,6923,2,'2023-10-09 06:40:39','2023-10-09 06:40:39'),(3533,6924,2,'2023-10-09 06:40:39','2023-10-09 06:40:39'),(3534,6924,2,'2023-10-09 06:40:39','2023-10-09 06:40:39'),(3535,6925,2,'2023-10-09 06:40:39','2023-10-09 06:40:39'),(3536,6925,2,'2023-10-09 06:40:39','2023-10-09 06:40:39'),(3537,6926,2,'2023-10-09 06:40:39','2023-10-09 06:40:39'),(3538,6926,2,'2023-10-09 06:40:39','2023-10-09 06:40:39'),(3539,6927,2,'2023-10-09 06:40:39','2023-10-09 06:40:39'),(3540,6927,2,'2023-10-09 06:40:39','2023-10-09 06:40:39'),(3541,6928,2,'2023-10-09 06:40:39','2023-10-09 06:40:39'),(3542,6928,2,'2023-10-09 06:40:39','2023-10-09 06:40:39'),(3543,6929,2,'2023-10-09 06:40:39','2023-10-09 06:40:39'),(3544,6929,2,'2023-10-09 06:40:39','2023-10-09 06:40:39'),(3545,6930,2,'2023-10-09 06:40:39','2023-10-09 06:40:39'),(3546,6930,2,'2023-10-09 06:40:39','2023-10-09 06:40:39'),(3547,6931,2,'2023-10-09 06:40:39','2023-10-09 06:40:39'),(3548,6931,2,'2023-10-09 06:40:39','2023-10-09 06:40:39'),(3549,6932,2,'2023-10-09 06:40:39','2023-10-09 06:40:39'),(3550,6932,2,'2023-10-09 06:40:39','2023-10-09 06:40:39'),(3551,6933,2,'2023-10-09 06:40:39','2023-10-09 06:40:39'),(3552,6933,2,'2023-10-09 06:40:39','2023-10-09 06:40:39'),(3553,6934,2,'2023-10-09 06:40:39','2023-10-09 06:40:39'),(3554,6934,2,'2023-10-09 06:40:39','2023-10-09 06:40:39'),(3555,6935,2,'2023-10-09 06:40:39','2023-10-09 06:40:39'),(3556,6935,2,'2023-10-09 06:40:39','2023-10-09 06:40:39'),(3557,6936,2,'2023-10-09 06:40:39','2023-10-09 06:40:39'),(3558,6936,2,'2023-10-09 06:40:39','2023-10-09 06:40:39'),(3559,6937,2,'2023-10-09 06:40:39','2023-10-09 06:40:39'),(3560,6937,2,'2023-10-09 06:40:39','2023-10-09 06:40:39'),(3561,6938,2,'2023-10-09 06:40:39','2023-10-09 06:40:39'),(3562,6938,2,'2023-10-09 06:40:39','2023-10-09 06:40:39'),(3563,6939,2,'2023-10-09 06:40:39','2023-10-09 06:40:39'),(3564,6939,2,'2023-10-09 06:40:39','2023-10-09 06:40:39'),(3565,6940,2,'2023-10-09 06:40:39','2023-10-09 06:40:39'),(3566,6940,2,'2023-10-09 06:40:39','2023-10-09 06:40:39'),(3567,6941,2,'2023-10-09 06:40:39','2023-10-09 06:40:39'),(3568,6941,2,'2023-10-09 06:40:39','2023-10-09 06:40:39'),(3569,6942,2,'2023-10-09 06:40:39','2023-10-09 06:40:39'),(3570,6942,2,'2023-10-09 06:40:39','2023-10-09 06:40:39'),(3571,6943,2,'2023-10-09 06:40:39','2023-10-09 06:40:39'),(3572,6943,2,'2023-10-09 06:40:39','2023-10-09 06:40:39'),(3573,6944,2,'2023-10-09 06:40:39','2023-10-09 06:40:39'),(3574,6944,2,'2023-10-09 06:40:39','2023-10-09 06:40:39'),(3575,6945,2,'2023-10-09 06:40:39','2023-10-09 06:40:39'),(3576,6945,2,'2023-10-09 06:40:39','2023-10-09 06:40:39'),(3577,6946,2,'2023-10-09 06:40:39','2023-10-09 06:40:39'),(3578,6946,2,'2023-10-09 06:40:39','2023-10-09 06:40:39'),(3579,6947,2,'2023-10-09 06:40:39','2023-10-09 06:40:39'),(3580,6947,2,'2023-10-09 06:40:39','2023-10-09 06:40:39'),(3581,6948,2,'2023-10-09 06:40:39','2023-10-09 06:40:39'),(3582,6948,2,'2023-10-09 06:40:39','2023-10-09 06:40:39'),(3583,6949,2,'2023-10-09 06:40:39','2023-10-09 06:40:39'),(3584,6949,2,'2023-10-09 06:40:39','2023-10-09 06:40:39'),(3585,6950,2,'2023-10-09 06:40:39','2023-10-09 06:40:39'),(3586,6950,2,'2023-10-09 06:40:39','2023-10-09 06:40:39'),(3587,6951,2,'2023-10-09 06:40:39','2023-10-09 06:40:39'),(3588,6951,2,'2023-10-09 06:40:39','2023-10-09 06:40:39'),(3589,6952,2,'2023-10-09 06:40:39','2023-10-09 06:40:39'),(3590,6952,2,'2023-10-09 06:40:39','2023-10-09 06:40:39'),(3591,6953,2,'2023-10-09 06:40:39','2023-10-09 06:40:39'),(3592,6953,2,'2023-10-09 06:40:39','2023-10-09 06:40:39'),(3593,6954,2,'2023-10-09 06:40:39','2023-10-09 06:40:39'),(3594,6954,2,'2023-10-09 06:40:39','2023-10-09 06:40:39'),(3595,6955,2,'2023-10-09 06:40:39','2023-10-09 06:40:39'),(3596,6955,2,'2023-10-09 06:40:39','2023-10-09 06:40:39'),(3597,6956,2,'2023-10-09 06:40:39','2023-10-09 06:40:39'),(3598,6956,2,'2023-10-09 06:40:39','2023-10-09 06:40:39'),(3599,6957,2,'2023-10-09 06:40:39','2023-10-09 06:40:39'),(3600,6957,2,'2023-10-09 06:40:39','2023-10-09 06:40:39'),(3601,6958,2,'2023-10-09 06:40:39','2023-10-09 06:40:39'),(3602,6958,2,'2023-10-09 06:40:39','2023-10-09 06:40:39'),(3603,6959,2,'2023-10-09 06:40:39','2023-10-09 06:40:39'),(3604,6959,2,'2023-10-09 06:40:39','2023-10-09 06:40:39'),(3605,6960,2,'2023-10-09 06:40:39','2023-10-09 06:40:39'),(3606,6960,2,'2023-10-09 06:40:39','2023-10-09 06:40:39'),(3607,6961,2,'2023-10-09 06:40:39','2023-10-09 06:40:39'),(3608,6961,2,'2023-10-09 06:40:39','2023-10-09 06:40:39'),(3609,6962,2,'2023-10-09 06:40:39','2023-10-09 06:40:39'),(3610,6962,2,'2023-10-09 06:40:39','2023-10-09 06:40:39'),(3611,6963,2,'2023-10-09 06:40:39','2023-10-09 06:40:39'),(3612,6963,2,'2023-10-09 06:40:39','2023-10-09 06:40:39'),(3613,6964,2,'2023-10-09 06:40:39','2023-10-09 06:40:39'),(3614,6964,2,'2023-10-09 06:40:39','2023-10-09 06:40:39'),(3615,6965,2,'2023-10-09 06:40:39','2023-10-09 06:40:39'),(3616,6965,2,'2023-10-09 06:40:39','2023-10-09 06:40:39'),(3617,6966,2,'2023-10-09 06:40:39','2023-10-09 06:40:39'),(3618,6966,2,'2023-10-09 06:40:39','2023-10-09 06:40:39'),(3619,6967,2,'2023-10-09 06:40:39','2023-10-09 06:40:39'),(3620,6967,2,'2023-10-09 06:40:39','2023-10-09 06:40:39'),(3621,6968,2,'2023-10-09 06:40:39','2023-10-09 06:40:39'),(3622,6968,2,'2023-10-09 06:40:39','2023-10-09 06:40:39'),(3623,6969,2,'2023-10-09 06:40:39','2023-10-09 06:40:39'),(3624,6969,2,'2023-10-09 06:40:39','2023-10-09 06:40:39'),(3625,6970,2,'2023-10-09 06:40:39','2023-10-09 06:40:39'),(3626,6970,2,'2023-10-09 06:40:39','2023-10-09 06:40:39'),(3627,6971,2,'2023-10-09 06:40:39','2023-10-09 06:40:39'),(3628,6971,2,'2023-10-09 06:40:39','2023-10-09 06:40:39'),(3629,6972,2,'2023-10-09 06:40:39','2023-10-09 06:40:39'),(3630,6972,2,'2023-10-09 06:40:39','2023-10-09 06:40:39'),(3631,6973,2,'2023-10-09 06:40:40','2023-10-09 06:40:40'),(3632,6973,2,'2023-10-09 06:40:40','2023-10-09 06:40:40'),(3633,6974,2,'2023-10-09 06:40:40','2023-10-09 06:40:40'),(3634,6974,2,'2023-10-09 06:40:40','2023-10-09 06:40:40'),(3635,6975,2,'2023-10-09 06:40:40','2023-10-09 06:40:40'),(3636,6975,2,'2023-10-09 06:40:40','2023-10-09 06:40:40'),(3637,6976,2,'2023-10-09 06:40:40','2023-10-09 06:40:40'),(3638,6976,2,'2023-10-09 06:40:40','2023-10-09 06:40:40'),(3639,6977,2,'2023-10-09 06:40:40','2023-10-09 06:40:40'),(3640,6977,2,'2023-10-09 06:40:40','2023-10-09 06:40:40'),(3641,6978,2,'2023-10-09 06:40:40','2023-10-09 06:40:40'),(3642,6978,2,'2023-10-09 06:40:40','2023-10-09 06:40:40'),(3643,6979,2,'2023-10-09 06:40:40','2023-10-09 06:40:40'),(3644,6979,2,'2023-10-09 06:40:40','2023-10-09 06:40:40'),(3645,6980,2,'2023-10-09 06:40:40','2023-10-09 06:40:40'),(3646,6980,2,'2023-10-09 06:40:40','2023-10-09 06:40:40'),(3647,6981,2,'2023-10-09 06:40:40','2023-10-09 06:40:40'),(3648,6981,2,'2023-10-09 06:40:40','2023-10-09 06:40:40'),(3649,6982,2,'2023-10-09 06:40:40','2023-10-09 06:40:40'),(3650,6982,2,'2023-10-09 06:40:40','2023-10-09 06:40:40'),(3651,6983,2,'2023-10-09 06:40:40','2023-10-09 06:40:40'),(3652,6983,2,'2023-10-09 06:40:40','2023-10-09 06:40:40'),(3653,6984,2,'2023-10-09 06:40:40','2023-10-09 06:40:40'),(3654,6984,2,'2023-10-09 06:40:40','2023-10-09 06:40:40'),(3655,6985,2,'2023-10-09 06:40:40','2023-10-09 06:40:40'),(3656,6985,2,'2023-10-09 06:40:40','2023-10-09 06:40:40'),(3657,6986,2,'2023-10-09 06:40:40','2023-10-09 06:40:40'),(3658,6986,2,'2023-10-09 06:40:40','2023-10-09 06:40:40'),(3659,6987,2,'2023-10-09 06:40:40','2023-10-09 06:40:40'),(3660,6987,2,'2023-10-09 06:40:40','2023-10-09 06:40:40'),(3661,6988,2,'2023-10-09 06:40:40','2023-10-09 06:40:40'),(3662,6988,2,'2023-10-09 06:40:40','2023-10-09 06:40:40'),(3663,6989,2,'2023-10-09 06:40:40','2023-10-09 06:40:40'),(3664,6989,2,'2023-10-09 06:40:40','2023-10-09 06:40:40'),(3665,6990,2,'2023-10-09 06:40:40','2023-10-09 06:40:40'),(3666,6990,2,'2023-10-09 06:40:40','2023-10-09 06:40:40'),(3667,6991,2,'2023-10-09 06:40:40','2023-10-09 06:40:40'),(3668,6991,2,'2023-10-09 06:40:40','2023-10-09 06:40:40'),(3669,6992,2,'2023-10-09 06:40:40','2023-10-09 06:40:40'),(3670,6992,2,'2023-10-09 06:40:40','2023-10-09 06:40:40'),(3671,6993,2,'2023-10-09 06:40:40','2023-10-09 06:40:40'),(3672,6993,2,'2023-10-09 06:40:40','2023-10-09 06:40:40'),(3673,6994,2,'2023-10-09 06:40:40','2023-10-09 06:40:40'),(3674,6994,2,'2023-10-09 06:40:40','2023-10-09 06:40:40'),(3675,6995,2,'2023-10-09 06:40:40','2023-10-09 06:40:40'),(3676,6995,2,'2023-10-09 06:40:40','2023-10-09 06:40:40'),(3677,6996,2,'2023-10-09 06:40:40','2023-10-09 06:40:40'),(3678,6996,2,'2023-10-09 06:40:40','2023-10-09 06:40:40'),(3679,6997,2,'2023-10-09 06:40:40','2023-10-09 06:40:40'),(3680,6997,2,'2023-10-09 06:40:40','2023-10-09 06:40:40'),(3681,6998,2,'2023-10-09 06:40:40','2023-10-09 06:40:40'),(3682,6998,2,'2023-10-09 06:40:40','2023-10-09 06:40:40'),(3683,6999,2,'2023-10-09 06:40:40','2023-10-09 06:40:40'),(3684,6999,2,'2023-10-09 06:40:40','2023-10-09 06:40:40'),(3685,7000,2,'2023-10-09 06:40:40','2023-10-09 06:40:40'),(3686,7000,2,'2023-10-09 06:40:40','2023-10-09 06:40:40'),(3687,7001,2,'2023-10-09 06:40:40','2023-10-09 06:40:40'),(3688,7001,2,'2023-10-09 06:40:40','2023-10-09 06:40:40'),(3689,7002,2,'2023-10-09 06:40:40','2023-10-09 06:40:40'),(3690,7002,2,'2023-10-09 06:40:40','2023-10-09 06:40:40'),(3691,7003,2,'2023-10-09 06:40:40','2023-10-09 06:40:40'),(3692,7003,2,'2023-10-09 06:40:40','2023-10-09 06:40:40'),(3693,7004,2,'2023-10-09 06:40:40','2023-10-09 06:40:40'),(3694,7004,2,'2023-10-09 06:40:40','2023-10-09 06:40:40'),(3695,7005,2,'2023-10-09 06:40:40','2023-10-09 06:40:40'),(3696,7005,2,'2023-10-09 06:40:40','2023-10-09 06:40:40'),(3697,7006,2,'2023-10-09 06:40:40','2023-10-09 06:40:40'),(3698,7006,2,'2023-10-09 06:40:40','2023-10-09 06:40:40'),(3699,7007,2,'2023-10-09 06:40:40','2023-10-09 06:40:40'),(3700,7007,2,'2023-10-09 06:40:40','2023-10-09 06:40:40'),(3701,7008,2,'2023-10-09 06:40:40','2023-10-09 06:40:40'),(3702,7008,2,'2023-10-09 06:40:40','2023-10-09 06:40:40'),(3703,7009,2,'2023-10-09 06:40:40','2023-10-09 06:40:40'),(3704,7009,2,'2023-10-09 06:40:40','2023-10-09 06:40:40'),(3705,7010,2,'2023-10-09 06:40:40','2023-10-09 06:40:40'),(3706,7010,2,'2023-10-09 06:40:40','2023-10-09 06:40:40'),(3707,7011,2,'2023-10-09 06:40:40','2023-10-09 06:40:40'),(3708,7011,2,'2023-10-09 06:40:40','2023-10-09 06:40:40'),(3709,7012,2,'2023-10-09 06:40:40','2023-10-09 06:40:40'),(3710,7012,2,'2023-10-09 06:40:40','2023-10-09 06:40:40'),(3711,7013,2,'2023-10-09 06:40:40','2023-10-09 06:40:40'),(3712,7013,2,'2023-10-09 06:40:40','2023-10-09 06:40:40'),(3713,7014,2,'2023-10-09 06:40:40','2023-10-09 06:40:40'),(3714,7014,2,'2023-10-09 06:40:40','2023-10-09 06:40:40'),(3715,7015,2,'2023-10-09 06:40:40','2023-10-09 06:40:40'),(3716,7015,2,'2023-10-09 06:40:40','2023-10-09 06:40:40'),(3717,7016,2,'2023-10-09 06:40:40','2023-10-09 06:40:40'),(3718,7016,2,'2023-10-09 06:40:40','2023-10-09 06:40:40'),(3719,7017,2,'2023-10-09 06:40:40','2023-10-09 06:40:40'),(3720,7017,2,'2023-10-09 06:40:40','2023-10-09 06:40:40'),(3721,7018,2,'2023-10-09 06:40:40','2023-10-09 06:40:40'),(3722,7018,2,'2023-10-09 06:40:40','2023-10-09 06:40:40'),(3723,7019,2,'2023-10-09 06:40:40','2023-10-09 06:40:40'),(3724,7019,2,'2023-10-09 06:40:40','2023-10-09 06:40:40'),(3725,7020,2,'2023-10-09 06:40:40','2023-10-09 06:40:40'),(3726,7020,2,'2023-10-09 06:40:40','2023-10-09 06:40:40'),(3727,7021,2,'2023-10-09 06:40:40','2023-10-09 06:40:40'),(3728,7021,2,'2023-10-09 06:40:40','2023-10-09 06:40:40'),(3729,7022,2,'2023-10-09 06:40:40','2023-10-09 06:40:40'),(3730,7022,2,'2023-10-09 06:40:40','2023-10-09 06:40:40'),(3731,7023,2,'2023-10-09 06:40:40','2023-10-09 06:40:40'),(3732,7023,2,'2023-10-09 06:40:40','2023-10-09 06:40:40'),(3733,7024,2,'2023-10-09 06:40:40','2023-10-09 06:40:40'),(3734,7024,2,'2023-10-09 06:40:40','2023-10-09 06:40:40'),(3735,7025,2,'2023-10-09 06:40:40','2023-10-09 06:40:40'),(3736,7025,2,'2023-10-09 06:40:40','2023-10-09 06:40:40'),(3737,7026,2,'2023-10-09 06:40:40','2023-10-09 06:40:40'),(3738,7026,2,'2023-10-09 06:40:40','2023-10-09 06:40:40'),(3739,7027,2,'2023-10-09 06:40:40','2023-10-09 06:40:40'),(3740,7027,2,'2023-10-09 06:40:40','2023-10-09 06:40:40'),(3741,7028,2,'2023-10-09 06:40:40','2023-10-09 06:40:40'),(3742,7028,2,'2023-10-09 06:40:40','2023-10-09 06:40:40'),(3743,7029,2,'2023-10-09 06:40:40','2023-10-09 06:40:40'),(3744,7029,2,'2023-10-09 06:40:40','2023-10-09 06:40:40'),(3745,7030,2,'2023-10-09 06:40:40','2023-10-09 06:40:40'),(3746,7030,2,'2023-10-09 06:40:40','2023-10-09 06:40:40'),(3747,7031,2,'2023-10-09 06:40:40','2023-10-09 06:40:40'),(3748,7031,2,'2023-10-09 06:40:40','2023-10-09 06:40:40'),(3749,7032,2,'2023-10-09 06:40:40','2023-10-09 06:40:40'),(3750,7032,2,'2023-10-09 06:40:40','2023-10-09 06:40:40'),(3751,7033,2,'2023-10-09 06:40:40','2023-10-09 06:40:40'),(3752,7033,2,'2023-10-09 06:40:40','2023-10-09 06:40:40'),(3753,7034,2,'2023-10-09 06:40:40','2023-10-09 06:40:40'),(3754,7034,2,'2023-10-09 06:40:40','2023-10-09 06:40:40'),(3755,7035,2,'2023-10-09 06:40:40','2023-10-09 06:40:40'),(3756,7035,2,'2023-10-09 06:40:40','2023-10-09 06:40:40'),(3757,7036,2,'2023-10-09 06:40:40','2023-10-09 06:40:40'),(3758,7036,2,'2023-10-09 06:40:40','2023-10-09 06:40:40'),(3759,7037,2,'2023-10-09 06:40:40','2023-10-09 06:40:40'),(3760,7037,2,'2023-10-09 06:40:40','2023-10-09 06:40:40'),(3761,7038,2,'2023-10-09 06:40:40','2023-10-09 06:40:40'),(3762,7038,2,'2023-10-09 06:40:40','2023-10-09 06:40:40'),(3763,7039,2,'2023-10-09 06:40:40','2023-10-09 06:40:40'),(3764,7039,2,'2023-10-09 06:40:40','2023-10-09 06:40:40'),(3765,7040,2,'2023-10-09 06:40:40','2023-10-09 06:40:40'),(3766,7040,2,'2023-10-09 06:40:40','2023-10-09 06:40:40'),(3767,7041,2,'2023-10-09 06:40:40','2023-10-09 06:40:40'),(3768,7041,2,'2023-10-09 06:40:40','2023-10-09 06:40:40'),(3769,7042,2,'2023-10-09 06:40:40','2023-10-09 06:40:40'),(3770,7042,2,'2023-10-09 06:40:40','2023-10-09 06:40:40'),(3771,7043,2,'2023-10-09 06:40:40','2023-10-09 06:40:40'),(3772,7043,2,'2023-10-09 06:40:40','2023-10-09 06:40:40'),(3773,7044,2,'2023-10-09 06:40:40','2023-10-09 06:40:40'),(3774,7044,2,'2023-10-09 06:40:40','2023-10-09 06:40:40'),(3775,7045,2,'2023-10-09 06:40:40','2023-10-09 06:40:40'),(3776,7045,2,'2023-10-09 06:40:40','2023-10-09 06:40:40'),(3777,7046,2,'2023-10-09 06:40:40','2023-10-09 06:40:40'),(3778,7046,2,'2023-10-09 06:40:40','2023-10-09 06:40:40'),(3779,7047,2,'2023-10-09 06:40:40','2023-10-09 06:40:40'),(3780,7047,2,'2023-10-09 06:40:40','2023-10-09 06:40:40'),(3781,7048,2,'2023-10-09 06:40:40','2023-10-09 06:40:40'),(3782,7048,2,'2023-10-09 06:40:40','2023-10-09 06:40:40'),(3783,7049,2,'2023-10-09 06:40:40','2023-10-09 06:40:40'),(3784,7049,2,'2023-10-09 06:40:40','2023-10-09 06:40:40'),(3785,7050,2,'2023-10-09 06:40:40','2023-10-09 06:40:40'),(3786,7050,2,'2023-10-09 06:40:40','2023-10-09 06:40:40'),(3787,7051,2,'2023-10-09 06:40:40','2023-10-09 06:40:40'),(3788,7051,2,'2023-10-09 06:40:40','2023-10-09 06:40:40'),(3789,7052,2,'2023-10-09 06:40:40','2023-10-09 06:40:40'),(3790,7052,2,'2023-10-09 06:40:40','2023-10-09 06:40:40'),(3791,7053,2,'2023-10-09 06:40:40','2023-10-09 06:40:40'),(3792,7053,2,'2023-10-09 06:40:40','2023-10-09 06:40:40'),(3793,7054,2,'2023-10-09 06:40:40','2023-10-09 06:40:40'),(3794,7054,2,'2023-10-09 06:40:40','2023-10-09 06:40:40'),(3795,7055,2,'2023-10-09 06:40:40','2023-10-09 06:40:40'),(3796,7055,2,'2023-10-09 06:40:40','2023-10-09 06:40:40'),(3797,7056,2,'2023-10-09 06:40:40','2023-10-09 06:40:40'),(3798,7056,2,'2023-10-09 06:40:40','2023-10-09 06:40:40'),(3799,7057,2,'2023-10-09 06:40:40','2023-10-09 06:40:40'),(3800,7057,2,'2023-10-09 06:40:40','2023-10-09 06:40:40'),(3801,7058,2,'2023-10-09 06:40:40','2023-10-09 06:40:40'),(3802,7058,2,'2023-10-09 06:40:40','2023-10-09 06:40:40'),(3803,7059,2,'2023-10-09 06:40:40','2023-10-09 06:40:40'),(3804,7059,2,'2023-10-09 06:40:40','2023-10-09 06:40:40'),(3805,7060,2,'2023-10-09 06:40:40','2023-10-09 06:40:40'),(3806,7060,2,'2023-10-09 06:40:40','2023-10-09 06:40:40'),(3807,7061,2,'2023-10-09 06:40:40','2023-10-09 06:40:40'),(3808,7061,2,'2023-10-09 06:40:40','2023-10-09 06:40:40'),(3809,7062,2,'2023-10-09 06:40:40','2023-10-09 06:40:40'),(3810,7062,2,'2023-10-09 06:40:40','2023-10-09 06:40:40'),(3811,7063,2,'2023-10-09 06:40:40','2023-10-09 06:40:40'),(3812,7063,2,'2023-10-09 06:40:40','2023-10-09 06:40:40'),(3813,7064,2,'2023-10-09 06:40:40','2023-10-09 06:40:40'),(3814,7064,2,'2023-10-09 06:40:40','2023-10-09 06:40:40'),(3815,7065,2,'2023-10-09 06:40:40','2023-10-09 06:40:40'),(3816,7065,2,'2023-10-09 06:40:40','2023-10-09 06:40:40'),(3817,7066,2,'2023-10-09 06:40:41','2023-10-09 06:40:41'),(3818,7066,2,'2023-10-09 06:40:41','2023-10-09 06:40:41'),(3819,7067,2,'2023-10-09 06:40:41','2023-10-09 06:40:41'),(3820,7067,2,'2023-10-09 06:40:41','2023-10-09 06:40:41'),(3821,7068,2,'2023-10-09 06:40:41','2023-10-09 06:40:41'),(3822,7068,2,'2023-10-09 06:40:41','2023-10-09 06:40:41'),(3823,7069,2,'2023-10-09 06:40:41','2023-10-09 06:40:41'),(3824,7069,2,'2023-10-09 06:40:41','2023-10-09 06:40:41'),(3825,7070,2,'2023-10-09 06:40:41','2023-10-09 06:40:41'),(3826,7070,2,'2023-10-09 06:40:41','2023-10-09 06:40:41'),(3827,7071,2,'2023-10-09 06:40:41','2023-10-09 06:40:41'),(3828,7071,2,'2023-10-09 06:40:41','2023-10-09 06:40:41'),(3829,7072,2,'2023-10-09 06:40:41','2023-10-09 06:40:41'),(3830,7072,2,'2023-10-09 06:40:41','2023-10-09 06:40:41'),(3831,7073,2,'2023-10-09 06:40:41','2023-10-09 06:40:41'),(3832,7073,2,'2023-10-09 06:40:41','2023-10-09 06:40:41'),(3833,7074,2,'2023-10-09 06:40:41','2023-10-09 06:40:41'),(3834,7074,2,'2023-10-09 06:40:41','2023-10-09 06:40:41'),(3835,7075,2,'2023-10-09 06:40:41','2023-10-09 06:40:41'),(3836,7075,2,'2023-10-09 06:40:41','2023-10-09 06:40:41'),(3837,7076,2,'2023-10-09 06:40:41','2023-10-09 06:40:41'),(3838,7076,2,'2023-10-09 06:40:41','2023-10-09 06:40:41'),(3839,7077,2,'2023-10-09 06:40:41','2023-10-09 06:40:41'),(3840,7077,2,'2023-10-09 06:40:41','2023-10-09 06:40:41'),(3841,7078,2,'2023-10-09 06:40:41','2023-10-09 06:40:41'),(3842,7078,2,'2023-10-09 06:40:41','2023-10-09 06:40:41'),(3843,7079,2,'2023-10-09 06:40:41','2023-10-09 06:40:41'),(3844,7079,2,'2023-10-09 06:40:41','2023-10-09 06:40:41'),(3845,7080,2,'2023-10-09 06:40:41','2023-10-09 06:40:41'),(3846,7080,2,'2023-10-09 06:40:41','2023-10-09 06:40:41'),(3847,7081,2,'2023-10-09 06:40:41','2023-10-09 06:40:41'),(3848,7081,2,'2023-10-09 06:40:41','2023-10-09 06:40:41'),(3849,7082,2,'2023-10-09 06:40:41','2023-10-09 06:40:41'),(3850,7082,2,'2023-10-09 06:40:41','2023-10-09 06:40:41'),(3851,7083,2,'2023-10-09 06:40:41','2023-10-09 06:40:41'),(3852,7083,2,'2023-10-09 06:40:41','2023-10-09 06:40:41'),(3853,7084,2,'2023-10-09 06:40:41','2023-10-09 06:40:41'),(3854,7084,2,'2023-10-09 06:40:41','2023-10-09 06:40:41'),(3855,7085,2,'2023-10-09 06:40:41','2023-10-09 06:40:41'),(3856,7085,2,'2023-10-09 06:40:41','2023-10-09 06:40:41'),(3857,7086,2,'2023-10-09 06:40:41','2023-10-09 06:40:41'),(3858,7086,2,'2023-10-09 06:40:41','2023-10-09 06:40:41'),(3859,7087,2,'2023-10-09 06:40:41','2023-10-09 06:40:41'),(3860,7087,2,'2023-10-09 06:40:41','2023-10-09 06:40:41'),(3861,7088,2,'2023-10-09 06:40:41','2023-10-09 06:40:41'),(3862,7088,2,'2023-10-09 06:40:41','2023-10-09 06:40:41'),(3863,7089,2,'2023-10-09 06:40:41','2023-10-09 06:40:41'),(3864,7089,2,'2023-10-09 06:40:41','2023-10-09 06:40:41'),(3865,7090,2,'2023-10-09 06:40:41','2023-10-09 06:40:41'),(3866,7090,2,'2023-10-09 06:40:41','2023-10-09 06:40:41'),(3867,7091,2,'2023-10-09 06:40:41','2023-10-09 06:40:41'),(3868,7091,2,'2023-10-09 06:40:41','2023-10-09 06:40:41'),(3869,7092,2,'2023-10-09 06:40:41','2023-10-09 06:40:41'),(3870,7092,2,'2023-10-09 06:40:41','2023-10-09 06:40:41'),(3871,7093,2,'2023-10-09 06:40:41','2023-10-09 06:40:41'),(3872,7093,2,'2023-10-09 06:40:41','2023-10-09 06:40:41'),(3873,7094,2,'2023-10-09 06:40:41','2023-10-09 06:40:41'),(3874,7094,2,'2023-10-09 06:40:41','2023-10-09 06:40:41'),(3875,7095,2,'2023-10-09 06:40:41','2023-10-09 06:40:41'),(3876,7095,2,'2023-10-09 06:40:41','2023-10-09 06:40:41'),(3877,7096,2,'2023-10-09 06:40:41','2023-10-09 06:40:41'),(3878,7096,2,'2023-10-09 06:40:41','2023-10-09 06:40:41'),(3879,7097,2,'2023-10-09 06:40:41','2023-10-09 06:40:41'),(3880,7097,2,'2023-10-09 06:40:41','2023-10-09 06:40:41'),(3881,7098,2,'2023-10-09 06:40:41','2023-10-09 06:40:41'),(3882,7098,2,'2023-10-09 06:40:41','2023-10-09 06:40:41'),(3883,7099,2,'2023-10-09 06:40:41','2023-10-09 06:40:41'),(3884,7099,2,'2023-10-09 06:40:41','2023-10-09 06:40:41'),(3885,7100,2,'2023-10-09 06:40:41','2023-10-09 06:40:41'),(3886,7100,2,'2023-10-09 06:40:41','2023-10-09 06:40:41'),(3887,7101,2,'2023-10-09 06:40:41','2023-10-09 06:40:41'),(3888,7101,2,'2023-10-09 06:40:41','2023-10-09 06:40:41'),(3889,7102,2,'2023-10-09 06:40:41','2023-10-09 06:40:41'),(3890,7102,2,'2023-10-09 06:40:41','2023-10-09 06:40:41'),(3891,7103,2,'2023-10-09 06:40:41','2023-10-09 06:40:41'),(3892,7103,2,'2023-10-09 06:40:41','2023-10-09 06:40:41'),(3893,7104,2,'2023-10-09 06:40:41','2023-10-09 06:40:41'),(3894,7104,2,'2023-10-09 06:40:41','2023-10-09 06:40:41'),(3895,7105,2,'2023-10-09 06:40:41','2023-10-09 06:40:41'),(3896,7105,2,'2023-10-09 06:40:41','2023-10-09 06:40:41'),(3897,7106,2,'2023-10-09 06:40:41','2023-10-09 06:40:41'),(3898,7106,2,'2023-10-09 06:40:41','2023-10-09 06:40:41'),(3899,7107,2,'2023-10-09 06:40:41','2023-10-09 06:40:41'),(3900,7107,2,'2023-10-09 06:40:41','2023-10-09 06:40:41'),(3901,7108,2,'2023-10-09 06:40:41','2023-10-09 06:40:41'),(3902,7108,2,'2023-10-09 06:40:41','2023-10-09 06:40:41'),(3903,7109,2,'2023-10-09 06:40:41','2023-10-09 06:40:41'),(3904,7109,2,'2023-10-09 06:40:41','2023-10-09 06:40:41'),(3905,7110,2,'2023-10-09 06:40:41','2023-10-09 06:40:41'),(3906,7110,2,'2023-10-09 06:40:41','2023-10-09 06:40:41'),(3907,7111,2,'2023-10-09 06:40:41','2023-10-09 06:40:41'),(3908,7111,2,'2023-10-09 06:40:41','2023-10-09 06:40:41'),(3909,7112,2,'2023-10-09 06:40:41','2023-10-09 06:40:41'),(3910,7112,2,'2023-10-09 06:40:41','2023-10-09 06:40:41'),(3911,7113,2,'2023-10-09 06:40:41','2023-10-09 06:40:41'),(3912,7113,2,'2023-10-09 06:40:41','2023-10-09 06:40:41'),(3913,7114,2,'2023-10-09 06:40:41','2023-10-09 06:40:41'),(3914,7114,2,'2023-10-09 06:40:41','2023-10-09 06:40:41'),(3915,7115,2,'2023-10-09 06:40:41','2023-10-09 06:40:41'),(3916,7115,2,'2023-10-09 06:40:41','2023-10-09 06:40:41'),(3917,7116,2,'2023-10-09 06:40:41','2023-10-09 06:40:41'),(3918,7116,2,'2023-10-09 06:40:41','2023-10-09 06:40:41'),(3919,7117,2,'2023-10-09 06:40:41','2023-10-09 06:40:41'),(3920,7117,2,'2023-10-09 06:40:41','2023-10-09 06:40:41'),(3921,7118,2,'2023-10-09 06:40:41','2023-10-09 06:40:41'),(3922,7118,2,'2023-10-09 06:40:41','2023-10-09 06:40:41'),(3923,7119,2,'2023-10-09 06:40:41','2023-10-09 06:40:41'),(3924,7119,2,'2023-10-09 06:40:41','2023-10-09 06:40:41'),(3925,7120,2,'2023-10-09 06:40:41','2023-10-09 06:40:41'),(3926,7120,2,'2023-10-09 06:40:41','2023-10-09 06:40:41'),(3927,7121,2,'2023-10-09 06:40:41','2023-10-09 06:40:41'),(3928,7121,2,'2023-10-09 06:40:41','2023-10-09 06:40:41'),(3929,7122,2,'2023-10-09 06:40:41','2023-10-09 06:40:41'),(3930,7122,2,'2023-10-09 06:40:41','2023-10-09 06:40:41'),(3931,7123,2,'2023-10-09 06:40:41','2023-10-09 06:40:41'),(3932,7123,2,'2023-10-09 06:40:41','2023-10-09 06:40:41'),(3933,7124,2,'2023-10-09 06:40:41','2023-10-09 06:40:41'),(3934,7124,2,'2023-10-09 06:40:41','2023-10-09 06:40:41'),(3935,7125,2,'2023-10-09 06:40:41','2023-10-09 06:40:41'),(3936,7125,2,'2023-10-09 06:40:41','2023-10-09 06:40:41'),(3937,7126,2,'2023-10-09 06:40:41','2023-10-09 06:40:41'),(3938,7126,2,'2023-10-09 06:40:41','2023-10-09 06:40:41'),(3939,7127,2,'2023-10-09 06:40:41','2023-10-09 06:40:41'),(3940,7127,2,'2023-10-09 06:40:41','2023-10-09 06:40:41'),(3941,7128,2,'2023-10-09 06:40:41','2023-10-09 06:40:41'),(3942,7128,2,'2023-10-09 06:40:41','2023-10-09 06:40:41'),(3943,7129,2,'2023-10-09 06:40:41','2023-10-09 06:40:41'),(3944,7129,2,'2023-10-09 06:40:41','2023-10-09 06:40:41'),(3945,7130,2,'2023-10-09 06:40:41','2023-10-09 06:40:41'),(3946,7130,2,'2023-10-09 06:40:41','2023-10-09 06:40:41'),(3947,7131,2,'2023-10-09 06:40:41','2023-10-09 06:40:41'),(3948,7131,2,'2023-10-09 06:40:41','2023-10-09 06:40:41'),(3949,7132,2,'2023-10-09 06:40:41','2023-10-09 06:40:41'),(3950,7132,2,'2023-10-09 06:40:41','2023-10-09 06:40:41'),(3951,7133,2,'2023-10-09 06:40:41','2023-10-09 06:40:41'),(3952,7133,2,'2023-10-09 06:40:41','2023-10-09 06:40:41'),(3953,7134,2,'2023-10-09 06:40:41','2023-10-09 06:40:41'),(3954,7134,2,'2023-10-09 06:40:41','2023-10-09 06:40:41'),(3955,7135,2,'2023-10-09 06:40:41','2023-10-09 06:40:41'),(3956,7135,2,'2023-10-09 06:40:41','2023-10-09 06:40:41'),(3957,7136,2,'2023-10-09 06:40:41','2023-10-09 06:40:41'),(3958,7136,2,'2023-10-09 06:40:41','2023-10-09 06:40:41'),(3959,7137,2,'2023-10-09 06:40:41','2023-10-09 06:40:41'),(3960,7137,2,'2023-10-09 06:40:41','2023-10-09 06:40:41'),(3961,7138,2,'2023-10-09 06:40:41','2023-10-09 06:40:41'),(3962,7138,2,'2023-10-09 06:40:41','2023-10-09 06:40:41'),(3963,7139,2,'2023-10-09 06:40:41','2023-10-09 06:40:41'),(3964,7139,2,'2023-10-09 06:40:41','2023-10-09 06:40:41'),(3965,7140,2,'2023-10-09 06:40:41','2023-10-09 06:40:41'),(3966,7140,2,'2023-10-09 06:40:41','2023-10-09 06:40:41'),(3967,7141,2,'2023-10-09 06:40:41','2023-10-09 06:40:41'),(3968,7141,2,'2023-10-09 06:40:41','2023-10-09 06:40:41'),(3969,7142,2,'2023-10-09 06:40:41','2023-10-09 06:40:41'),(3970,7142,2,'2023-10-09 06:40:41','2023-10-09 06:40:41'),(3971,7143,2,'2023-10-09 06:40:41','2023-10-09 06:40:41'),(3972,7143,2,'2023-10-09 06:40:41','2023-10-09 06:40:41'),(3973,7144,2,'2023-10-09 06:40:41','2023-10-09 06:40:41'),(3974,7144,2,'2023-10-09 06:40:41','2023-10-09 06:40:41'),(3975,7145,2,'2023-10-09 06:40:41','2023-10-09 06:40:41'),(3976,7145,2,'2023-10-09 06:40:41','2023-10-09 06:40:41'),(3977,7146,2,'2023-10-09 06:40:41','2023-10-09 06:40:41'),(3978,7146,2,'2023-10-09 06:40:41','2023-10-09 06:40:41'),(3979,7147,2,'2023-10-09 06:40:41','2023-10-09 06:40:41'),(3980,7147,2,'2023-10-09 06:40:41','2023-10-09 06:40:41'),(3981,7148,2,'2023-10-09 06:40:41','2023-10-09 06:40:41'),(3982,7148,2,'2023-10-09 06:40:41','2023-10-09 06:40:41'),(3983,7149,2,'2023-10-09 06:40:41','2023-10-09 06:40:41'),(3984,7149,2,'2023-10-09 06:40:41','2023-10-09 06:40:41'),(3985,7150,2,'2023-10-09 06:40:41','2023-10-09 06:40:41'),(3986,7150,2,'2023-10-09 06:40:41','2023-10-09 06:40:41'),(3987,7151,2,'2023-10-09 06:40:41','2023-10-09 06:40:41'),(3988,7151,2,'2023-10-09 06:40:41','2023-10-09 06:40:41'),(3989,7152,2,'2023-10-09 06:40:41','2023-10-09 06:40:41'),(3990,7152,2,'2023-10-09 06:40:41','2023-10-09 06:40:41'),(3991,7153,2,'2023-10-09 06:40:41','2023-10-09 06:40:41'),(3992,7153,2,'2023-10-09 06:40:41','2023-10-09 06:40:41'),(3993,7154,2,'2023-10-09 06:40:41','2023-10-09 06:40:41'),(3994,7154,2,'2023-10-09 06:40:41','2023-10-09 06:40:41'),(3995,7155,2,'2023-10-09 06:40:41','2023-10-09 06:40:41'),(3996,7155,2,'2023-10-09 06:40:41','2023-10-09 06:40:41'),(3997,7156,2,'2023-10-09 06:40:41','2023-10-09 06:40:41'),(3998,7156,2,'2023-10-09 06:40:41','2023-10-09 06:40:41'),(3999,7157,2,'2023-10-09 06:40:41','2023-10-09 06:40:41'),(4000,7157,2,'2023-10-09 06:40:41','2023-10-09 06:40:41'),(4001,7158,2,'2023-10-09 06:40:41','2023-10-09 06:40:41'),(4002,7158,2,'2023-10-09 06:40:41','2023-10-09 06:40:41'),(4003,7159,2,'2023-10-09 06:40:41','2023-10-09 06:40:41'),(4004,7159,2,'2023-10-09 06:40:41','2023-10-09 06:40:41'),(4005,7160,2,'2023-10-09 06:40:42','2023-10-09 06:40:42'),(4006,7160,2,'2023-10-09 06:40:42','2023-10-09 06:40:42'),(4007,7161,2,'2023-10-09 06:40:42','2023-10-09 06:40:42'),(4008,7161,2,'2023-10-09 06:40:42','2023-10-09 06:40:42'),(4009,7162,2,'2023-10-09 06:40:42','2023-10-09 06:40:42'),(4010,7162,2,'2023-10-09 06:40:42','2023-10-09 06:40:42'),(4011,7163,2,'2023-10-09 06:40:42','2023-10-09 06:40:42'),(4012,7163,2,'2023-10-09 06:40:42','2023-10-09 06:40:42'),(4013,7164,2,'2023-10-09 06:40:42','2023-10-09 06:40:42'),(4014,7164,2,'2023-10-09 06:40:42','2023-10-09 06:40:42'),(4015,7165,2,'2023-10-09 06:40:42','2023-10-09 06:40:42'),(4016,7165,2,'2023-10-09 06:40:42','2023-10-09 06:40:42'),(4017,7166,2,'2023-10-09 06:40:42','2023-10-09 06:40:42'),(4018,7166,2,'2023-10-09 06:40:42','2023-10-09 06:40:42'),(4019,7167,2,'2023-10-09 06:40:42','2023-10-09 06:40:42'),(4020,7167,2,'2023-10-09 06:40:42','2023-10-09 06:40:42'),(4021,7168,2,'2023-10-09 06:40:42','2023-10-09 06:40:42'),(4022,7168,2,'2023-10-09 06:40:42','2023-10-09 06:40:42'),(4023,7169,2,'2023-10-09 06:40:42','2023-10-09 06:40:42'),(4024,7169,2,'2023-10-09 06:40:42','2023-10-09 06:40:42'),(4025,7170,2,'2023-10-09 06:40:42','2023-10-09 06:40:42'),(4026,7170,2,'2023-10-09 06:40:42','2023-10-09 06:40:42'),(4027,7171,2,'2023-10-09 06:40:42','2023-10-09 06:40:42'),(4028,7171,2,'2023-10-09 06:40:42','2023-10-09 06:40:42'),(4029,7172,2,'2023-10-09 06:40:42','2023-10-09 06:40:42'),(4030,7172,2,'2023-10-09 06:40:42','2023-10-09 06:40:42'),(4031,7173,2,'2023-10-09 06:40:42','2023-10-09 06:40:42'),(4032,7173,2,'2023-10-09 06:40:42','2023-10-09 06:40:42'),(4033,7174,2,'2023-10-09 06:40:42','2023-10-09 06:40:42'),(4034,7174,2,'2023-10-09 06:40:42','2023-10-09 06:40:42'),(4035,7175,2,'2023-10-09 06:40:42','2023-10-09 06:40:42'),(4036,7175,2,'2023-10-09 06:40:42','2023-10-09 06:40:42'),(4037,7176,2,'2023-10-09 06:40:42','2023-10-09 06:40:42'),(4038,7176,2,'2023-10-09 06:40:42','2023-10-09 06:40:42'),(4039,7177,2,'2023-10-09 06:40:42','2023-10-09 06:40:42'),(4040,7177,2,'2023-10-09 06:40:42','2023-10-09 06:40:42'),(4041,7178,2,'2023-10-09 06:40:42','2023-10-09 06:40:42'),(4042,7178,2,'2023-10-09 06:40:42','2023-10-09 06:40:42'),(4043,7179,2,'2023-10-09 06:40:42','2023-10-09 06:40:42'),(4044,7179,2,'2023-10-09 06:40:42','2023-10-09 06:40:42'),(4045,7180,2,'2023-10-09 06:40:42','2023-10-09 06:40:42'),(4046,7180,2,'2023-10-09 06:40:42','2023-10-09 06:40:42'),(4047,7181,2,'2023-10-09 06:40:42','2023-10-09 06:40:42'),(4048,7181,2,'2023-10-09 06:40:42','2023-10-09 06:40:42'),(4049,7182,2,'2023-10-09 06:40:42','2023-10-09 06:40:42'),(4050,7182,2,'2023-10-09 06:40:42','2023-10-09 06:40:42'),(4051,7183,2,'2023-10-09 06:40:42','2023-10-09 06:40:42'),(4052,7183,2,'2023-10-09 06:40:42','2023-10-09 06:40:42'),(4053,7184,2,'2023-10-09 06:40:42','2023-10-09 06:40:42'),(4054,7184,2,'2023-10-09 06:40:42','2023-10-09 06:40:42'),(4055,7185,2,'2023-10-09 06:40:42','2023-10-09 06:40:42'),(4056,7185,2,'2023-10-09 06:40:42','2023-10-09 06:40:42'),(4057,7186,2,'2023-10-09 06:40:42','2023-10-09 06:40:42'),(4058,7186,2,'2023-10-09 06:40:42','2023-10-09 06:40:42'),(4059,7187,2,'2023-10-09 06:40:42','2023-10-09 06:40:42'),(4060,7188,2,'2023-10-09 06:40:42','2023-10-09 06:40:42'),(4061,7189,2,'2023-10-09 06:40:42','2023-10-09 06:40:42'),(4062,7190,2,'2023-10-09 06:40:42','2023-10-09 06:40:42'),(4063,7191,2,'2023-10-09 06:40:42','2023-10-09 06:40:42'),(4064,7192,2,'2023-10-09 06:40:42','2023-10-09 06:40:42'),(4065,7193,2,'2023-10-09 06:40:42','2023-10-09 06:40:42'),(4066,7194,2,'2023-10-09 06:40:42','2023-10-09 06:40:42'),(4067,7195,2,'2023-10-09 06:40:42','2023-10-09 06:40:42'),(4068,7196,2,'2023-10-09 06:40:42','2023-10-09 06:40:42'),(4069,7197,2,'2023-10-09 06:40:42','2023-10-09 06:40:42'),(4070,7198,2,'2023-10-09 06:40:42','2023-10-09 06:40:42'),(4071,7199,2,'2023-10-09 06:40:42','2023-10-09 06:40:42'),(4072,7200,2,'2023-10-09 06:40:42','2023-10-09 06:40:42'),(4073,7201,2,'2023-10-09 06:40:42','2023-10-09 06:40:42'),(4074,7202,2,'2023-10-09 06:40:42','2023-10-09 06:40:42'),(4075,7203,2,'2023-10-09 06:40:42','2023-10-09 06:40:42'),(4076,7204,2,'2023-10-09 06:40:42','2023-10-09 06:40:42'),(4077,7205,2,'2023-10-09 06:40:42','2023-10-09 06:40:42'),(4078,7206,2,'2023-10-09 06:40:42','2023-10-09 06:40:42'),(4079,7207,2,'2023-10-09 06:40:42','2023-10-09 06:40:42'),(4080,7208,2,'2023-10-09 06:40:42','2023-10-09 06:40:42'),(4081,7209,2,'2023-10-09 06:40:42','2023-10-09 06:40:42'),(4082,7210,2,'2023-10-09 06:40:42','2023-10-09 06:40:42'),(4083,7211,2,'2023-10-09 06:40:42','2023-10-09 06:40:42'),(4084,7212,2,'2023-10-09 06:40:42','2023-10-09 06:40:42'),(4085,7213,2,'2023-10-09 06:40:42','2023-10-09 06:40:42'),(4086,7214,2,'2023-10-09 06:40:42','2023-10-09 06:40:42'),(4087,7215,2,'2023-10-09 06:40:42','2023-10-09 06:40:42'),(4088,7216,2,'2023-10-09 06:40:42','2023-10-09 06:40:42'),(4089,7217,2,'2023-10-09 06:40:42','2023-10-09 06:40:42'),(4090,7218,2,'2023-10-09 06:40:42','2023-10-09 06:40:42'),(4091,7219,2,'2023-10-09 06:40:42','2023-10-09 06:40:42'),(4092,7220,2,'2023-10-09 06:40:42','2023-10-09 06:40:42'),(4093,7221,2,'2023-10-09 06:40:42','2023-10-09 06:40:42'),(4094,7222,2,'2023-10-09 06:40:42','2023-10-09 06:40:42'),(4095,7223,2,'2023-10-09 06:40:42','2023-10-09 06:40:42'),(4096,7224,2,'2023-10-09 06:40:42','2023-10-09 06:40:42'),(4097,7225,2,'2023-10-09 06:40:42','2023-10-09 06:40:42'),(4098,7226,2,'2023-10-09 06:40:42','2023-10-09 06:40:42'),(4099,7227,2,'2023-10-09 06:40:42','2023-10-09 06:40:42'),(4100,7228,2,'2023-10-09 06:40:42','2023-10-09 06:40:42'),(4101,7229,2,'2023-10-09 06:40:42','2023-10-09 06:40:42'),(4102,7230,2,'2023-10-09 06:40:42','2023-10-09 06:40:42'),(4103,7231,2,'2023-10-09 06:40:42','2023-10-09 06:40:42'),(4104,7232,2,'2023-10-09 06:40:42','2023-10-09 06:40:42'),(4105,7233,2,'2023-10-09 06:40:42','2023-10-09 06:40:42'),(4106,7234,2,'2023-10-09 06:40:42','2023-10-09 06:40:42'),(4107,7235,2,'2023-10-09 06:40:42','2023-10-09 06:40:42'),(4108,7236,2,'2023-10-09 06:40:42','2023-10-09 06:40:42'),(4109,7237,2,'2023-10-09 06:40:42','2023-10-09 06:40:42'),(4110,7238,2,'2023-10-09 06:40:42','2023-10-09 06:40:42'),(4111,7239,2,'2023-10-09 06:40:42','2023-10-09 06:40:42'),(4112,7240,2,'2023-10-09 06:40:42','2023-10-09 06:40:42'),(4113,7241,2,'2023-10-09 06:40:42','2023-10-09 06:40:42'),(4114,7242,2,'2023-10-09 06:40:42','2023-10-09 06:40:42'),(4115,7243,2,'2023-10-09 06:40:42','2023-10-09 06:40:42'),(4116,7244,2,'2023-10-09 06:40:42','2023-10-09 06:40:42'),(4117,7245,2,'2023-10-09 06:40:42','2023-10-09 06:40:42'),(4118,7246,2,'2023-10-09 06:40:42','2023-10-09 06:40:42'),(4119,7247,2,'2023-10-09 06:40:42','2023-10-09 06:40:42'),(4120,7248,2,'2023-10-09 06:40:42','2023-10-09 06:40:42'),(4121,7249,2,'2023-10-09 06:40:42','2023-10-09 06:40:42'),(4122,7250,2,'2023-10-09 06:40:42','2023-10-09 06:40:42'),(4123,7251,2,'2023-10-09 06:40:42','2023-10-09 06:40:42'),(4124,7252,2,'2023-10-09 06:40:42','2023-10-09 06:40:42'),(4125,7253,2,'2023-10-09 06:40:42','2023-10-09 06:40:42'),(4126,7254,2,'2023-10-09 06:40:42','2023-10-09 06:40:42'),(4127,7255,2,'2023-10-09 06:40:42','2023-10-09 06:40:42'),(4128,7256,2,'2023-10-09 06:40:42','2023-10-09 06:40:42'),(4129,7257,2,'2023-10-09 06:40:42','2023-10-09 06:40:42'),(4130,7258,2,'2023-10-09 06:40:42','2023-10-09 06:40:42'),(4131,7259,2,'2023-10-09 06:40:42','2023-10-09 06:40:42'),(4132,7260,2,'2023-10-09 06:40:42','2023-10-09 06:40:42'),(4133,7261,2,'2023-10-09 06:40:43','2023-10-09 06:40:43'),(4134,7262,2,'2023-10-09 06:40:43','2023-10-09 06:40:43'),(4135,7263,2,'2023-10-09 06:40:43','2023-10-09 06:40:43'),(4136,7264,2,'2023-10-09 06:40:43','2023-10-09 06:40:43'),(4137,7265,2,'2023-10-09 06:40:43','2023-10-09 06:40:43'),(4138,7266,2,'2023-10-09 06:40:43','2023-10-09 06:40:43'),(4139,7267,2,'2023-10-09 06:40:43','2023-10-09 06:40:43'),(4140,7268,2,'2023-10-09 06:40:43','2023-10-09 06:40:43'),(4141,7269,2,'2023-10-09 06:40:43','2023-10-09 06:40:43'),(4142,7270,2,'2023-10-09 06:40:43','2023-10-09 06:40:43'),(4143,7271,2,'2023-10-09 06:40:43','2023-10-09 06:40:43'),(4144,7272,2,'2023-10-09 06:40:43','2023-10-09 06:40:43'),(4145,7273,2,'2023-10-09 06:40:43','2023-10-09 06:40:43'),(4146,7274,2,'2023-10-09 06:40:43','2023-10-09 06:40:43'),(4147,7275,2,'2023-10-09 06:40:43','2023-10-09 06:40:43'),(4148,7276,2,'2023-10-09 06:40:43','2023-10-09 06:40:43'),(4149,7277,2,'2023-10-09 06:40:43','2023-10-09 06:40:43'),(4150,7278,2,'2023-10-09 06:40:43','2023-10-09 06:40:43'),(4151,7279,2,'2023-10-09 06:40:43','2023-10-09 06:40:43'),(4152,7280,2,'2023-10-09 06:40:43','2023-10-09 06:40:43'),(4153,7281,2,'2023-10-09 06:40:43','2023-10-09 06:40:43'),(4154,7282,2,'2023-10-09 06:40:43','2023-10-09 06:40:43'),(4155,7283,2,'2023-10-09 06:40:43','2023-10-09 06:40:43'),(4156,7284,2,'2023-10-09 06:40:43','2023-10-09 06:40:43'),(4157,7285,2,'2023-10-09 06:40:43','2023-10-09 06:40:43'),(4158,7286,2,'2023-10-09 06:40:43','2023-10-09 06:40:43'),(4159,7287,2,'2023-10-09 06:40:43','2023-10-09 06:40:43'),(4160,7288,2,'2023-10-09 06:40:43','2023-10-09 06:40:43'),(4161,7289,2,'2023-10-09 06:40:43','2023-10-09 06:40:43'),(4162,7290,2,'2023-10-09 06:40:43','2023-10-09 06:40:43'),(4163,7291,2,'2023-10-09 06:40:43','2023-10-09 06:40:43'),(4164,7292,2,'2023-10-09 06:40:43','2023-10-09 06:40:43'),(4165,7293,2,'2023-10-09 06:40:43','2023-10-09 06:40:43'),(4166,7294,2,'2023-10-09 06:40:43','2023-10-09 06:40:43'),(4167,7295,2,'2023-10-09 06:40:43','2023-10-09 06:40:43'),(4168,7296,2,'2023-10-09 06:40:43','2023-10-09 06:40:43'),(4169,7297,2,'2023-10-09 06:40:43','2023-10-09 06:40:43'),(4170,7298,2,'2023-10-09 06:40:43','2023-10-09 06:40:43'),(4171,7299,2,'2023-10-09 06:40:43','2023-10-09 06:40:43'),(4172,7300,2,'2023-10-09 06:40:43','2023-10-09 06:40:43'),(4173,7301,2,'2023-10-09 06:40:43','2023-10-09 06:40:43'),(4174,7302,2,'2023-10-09 06:40:43','2023-10-09 06:40:43'),(4175,7303,2,'2023-10-09 06:40:43','2023-10-09 06:40:43'),(4176,7304,2,'2023-10-09 06:40:43','2023-10-09 06:40:43'),(4177,7305,2,'2023-10-09 06:40:43','2023-10-09 06:40:43'),(4178,7306,2,'2023-10-09 06:40:43','2023-10-09 06:40:43'),(4179,7307,2,'2023-10-09 06:40:43','2023-10-09 06:40:43'),(4180,7308,2,'2023-10-09 06:40:43','2023-10-09 06:40:43'),(4181,7309,2,'2023-10-09 06:40:43','2023-10-09 06:40:43'),(4182,7310,2,'2023-10-09 06:40:43','2023-10-09 06:40:43'),(4183,7311,2,'2023-10-09 06:40:43','2023-10-09 06:40:43'),(4184,7312,2,'2023-10-09 06:40:43','2023-10-09 06:40:43'),(4185,7313,2,'2023-10-09 06:40:43','2023-10-09 06:40:43'),(4186,7314,2,'2023-10-09 06:40:43','2023-10-09 06:40:43'),(4187,7315,2,'2023-10-09 06:40:43','2023-10-09 06:40:43'),(4188,7316,2,'2023-10-09 06:40:43','2023-10-09 06:40:43'),(4189,7317,2,'2023-10-09 06:40:43','2023-10-09 06:40:43'),(4190,7318,2,'2023-10-09 06:40:43','2023-10-09 06:40:43'),(4191,7319,2,'2023-10-09 06:40:43','2023-10-09 06:40:43'),(4192,7320,2,'2023-10-09 06:40:43','2023-10-09 06:40:43'),(4193,7321,2,'2023-10-09 06:40:43','2023-10-09 06:40:43'),(4194,7322,2,'2023-10-09 06:40:43','2023-10-09 06:40:43'),(4195,7323,2,'2023-10-09 06:40:43','2023-10-09 06:40:43'),(4196,7324,2,'2023-10-09 06:40:43','2023-10-09 06:40:43'),(4197,7325,2,'2023-10-09 06:40:43','2023-10-09 06:40:43'),(4198,7326,2,'2023-10-09 06:40:43','2023-10-09 06:40:43'),(4199,7327,2,'2023-10-09 06:40:43','2023-10-09 06:40:43'),(4200,7328,2,'2023-10-09 06:40:43','2023-10-09 06:40:43'),(4201,7329,2,'2023-10-09 06:40:43','2023-10-09 06:40:43'),(4202,7330,2,'2023-10-09 06:40:43','2023-10-09 06:40:43'),(4203,7331,2,'2023-10-09 06:40:43','2023-10-09 06:40:43'),(4204,7332,2,'2023-10-09 06:40:43','2023-10-09 06:40:43'),(4205,7333,2,'2023-10-09 06:40:43','2023-10-09 06:40:43'),(4206,7334,2,'2023-10-09 06:40:43','2023-10-09 06:40:43'),(4207,7335,2,'2023-10-09 06:40:43','2023-10-09 06:40:43'),(4208,7336,2,'2023-10-09 06:40:43','2023-10-09 06:40:43'),(4209,7337,2,'2023-10-09 06:40:43','2023-10-09 06:40:43'),(4210,7338,2,'2023-10-09 06:40:43','2023-10-09 06:40:43'),(4211,7339,2,'2023-10-09 06:40:43','2023-10-09 06:40:43'),(4212,7340,2,'2023-10-09 06:40:43','2023-10-09 06:40:43'),(4213,7341,2,'2023-10-09 06:40:43','2023-10-09 06:40:43'),(4214,7342,2,'2023-10-09 06:40:43','2023-10-09 06:40:43'),(4215,7343,2,'2023-10-09 06:40:43','2023-10-09 06:40:43'),(4216,7344,2,'2023-10-09 06:40:43','2023-10-09 06:40:43'),(4217,7345,2,'2023-10-09 06:40:43','2023-10-09 06:40:43'),(4218,7346,2,'2023-10-09 06:40:43','2023-10-09 06:40:43'),(4219,7347,2,'2023-10-09 06:40:43','2023-10-09 06:40:43'),(4220,7348,2,'2023-10-09 06:40:43','2023-10-09 06:40:43'),(4221,7349,2,'2023-10-09 06:40:43','2023-10-09 06:40:43'),(4222,7350,2,'2023-10-09 06:40:43','2023-10-09 06:40:43'),(4223,7351,2,'2023-10-09 06:40:43','2023-10-09 06:40:43'),(4224,7352,2,'2023-10-09 06:40:43','2023-10-09 06:40:43'),(4225,7353,2,'2023-10-09 06:40:43','2023-10-09 06:40:43'),(4226,7354,2,'2023-10-09 06:40:43','2023-10-09 06:40:43'),(4227,7355,2,'2023-10-09 06:40:43','2023-10-09 06:40:43'),(4228,7356,2,'2023-10-09 06:40:43','2023-10-09 06:40:43'),(4229,7357,2,'2023-10-09 06:40:43','2023-10-09 06:40:43'),(4230,7358,2,'2023-10-09 06:40:43','2023-10-09 06:40:43'),(4231,7359,2,'2023-10-09 06:40:43','2023-10-09 06:40:43'),(4232,7360,2,'2023-10-09 06:40:43','2023-10-09 06:40:43'),(4233,7361,2,'2023-10-09 06:40:43','2023-10-09 06:40:43'),(4234,7362,2,'2023-10-09 06:40:43','2023-10-09 06:40:43'),(4235,7363,2,'2023-10-09 06:40:43','2023-10-09 06:40:43'),(4236,7364,2,'2023-10-09 06:40:43','2023-10-09 06:40:43'),(4237,7365,2,'2023-10-09 06:40:43','2023-10-09 06:40:43'),(4238,7366,2,'2023-10-09 06:40:43','2023-10-09 06:40:43'),(4239,7367,2,'2023-10-09 06:40:44','2023-10-09 06:40:44'),(4240,7368,2,'2023-10-09 06:40:44','2023-10-09 06:40:44'),(4241,7369,2,'2023-10-09 06:40:44','2023-10-09 06:40:44'),(4242,7370,2,'2023-10-09 06:40:44','2023-10-09 06:40:44'),(4243,7371,2,'2023-10-09 06:40:44','2023-10-09 06:40:44'),(4244,7372,2,'2023-10-09 06:40:44','2023-10-09 06:40:44'),(4245,7373,2,'2023-10-09 06:40:44','2023-10-09 06:40:44'),(4246,7374,2,'2023-10-09 06:40:44','2023-10-09 06:40:44'),(4247,7375,2,'2023-10-09 06:40:44','2023-10-09 06:40:44'),(4248,7376,2,'2023-10-09 06:40:44','2023-10-09 06:40:44'),(4249,7377,2,'2023-10-09 06:40:44','2023-10-09 06:40:44'),(4250,7378,2,'2023-10-09 06:40:44','2023-10-09 06:40:44'),(4251,7379,2,'2023-10-09 06:40:44','2023-10-09 06:40:44'),(4252,7380,2,'2023-10-09 06:40:44','2023-10-09 06:40:44'),(4253,7381,2,'2023-10-09 06:40:44','2023-10-09 06:40:44'),(4254,7382,2,'2023-10-09 06:40:44','2023-10-09 06:40:44'),(4255,7383,2,'2023-10-09 06:40:44','2023-10-09 06:40:44'),(4256,7384,2,'2023-10-09 06:40:44','2023-10-09 06:40:44'),(4257,7385,2,'2023-10-09 06:40:44','2023-10-09 06:40:44'),(4258,7386,2,'2023-10-09 06:40:44','2023-10-09 06:40:44'),(4259,7387,2,'2023-10-09 06:40:44','2023-10-09 06:40:44'),(4260,7388,2,'2023-10-09 06:40:44','2023-10-09 06:40:44'),(4261,7389,2,'2023-10-09 06:40:44','2023-10-09 06:40:44'),(4262,7390,2,'2023-10-09 06:40:44','2023-10-09 06:40:44'),(4263,7391,2,'2023-10-09 06:40:44','2023-10-09 06:40:44'),(4264,7392,2,'2023-10-09 06:40:44','2023-10-09 06:40:44'),(4265,7393,2,'2023-10-09 06:40:44','2023-10-09 06:40:44'),(4266,7394,2,'2023-10-09 06:40:44','2023-10-09 06:40:44'),(4267,7395,2,'2023-10-09 06:40:44','2023-10-09 06:40:44'),(4268,7396,2,'2023-10-09 06:40:44','2023-10-09 06:40:44'),(4269,7397,2,'2023-10-09 06:40:44','2023-10-09 06:40:44'),(4270,7398,2,'2023-10-09 06:40:44','2023-10-09 06:40:44'),(4271,7399,2,'2023-10-09 06:40:44','2023-10-09 06:40:44'),(4272,7400,2,'2023-10-09 06:40:44','2023-10-09 06:40:44'),(4273,7401,2,'2023-10-09 06:40:44','2023-10-09 06:40:44'),(4274,7402,2,'2023-10-09 06:40:44','2023-10-09 06:40:44'),(4275,7403,2,'2023-10-09 06:40:44','2023-10-09 06:40:44'),(4276,7404,2,'2023-10-09 06:40:44','2023-10-09 06:40:44'),(4277,7405,2,'2023-10-09 06:40:44','2023-10-09 06:40:44'),(4278,7406,2,'2023-10-09 06:40:44','2023-10-09 06:40:44'),(4279,7407,2,'2023-10-09 06:40:44','2023-10-09 06:40:44'),(4280,7408,2,'2023-10-09 06:40:44','2023-10-09 06:40:44'),(4281,7409,2,'2023-10-09 06:40:44','2023-10-09 06:40:44'),(4282,7410,2,'2023-10-09 06:40:44','2023-10-09 06:40:44'),(4283,7411,2,'2023-10-09 06:40:44','2023-10-09 06:40:44'),(4284,7412,2,'2023-10-09 06:40:44','2023-10-09 06:40:44'),(4285,7413,2,'2023-10-09 06:40:44','2023-10-09 06:40:44'),(4286,7414,2,'2023-10-09 06:40:44','2023-10-09 06:40:44'),(4287,7415,2,'2023-10-09 06:40:44','2023-10-09 06:40:44'),(4288,7416,2,'2023-10-09 06:40:44','2023-10-09 06:40:44'),(4289,7417,2,'2023-10-09 06:40:44','2023-10-09 06:40:44'),(4290,7418,2,'2023-10-09 06:40:44','2023-10-09 06:40:44'),(4291,7419,2,'2023-10-09 06:40:44','2023-10-09 06:40:44'),(4292,7420,2,'2023-10-09 06:40:44','2023-10-09 06:40:44'),(4293,7421,2,'2023-10-09 06:40:44','2023-10-09 06:40:44'),(4294,7422,2,'2023-10-09 06:40:44','2023-10-09 06:40:44'),(4295,7423,2,'2023-10-09 06:40:44','2023-10-09 06:40:44'),(4296,7424,2,'2023-10-09 06:40:44','2023-10-09 06:40:44'),(4297,7425,2,'2023-10-09 06:40:44','2023-10-09 06:40:44'),(4298,7426,2,'2023-10-09 06:40:44','2023-10-09 06:40:44'),(4299,7427,2,'2023-10-09 06:40:44','2023-10-09 06:40:44'),(4300,7428,2,'2023-10-09 06:40:44','2023-10-09 06:40:44'),(4301,7429,2,'2023-10-09 06:40:44','2023-10-09 06:40:44'),(4302,7430,2,'2023-10-09 06:40:44','2023-10-09 06:40:44'),(4303,7431,2,'2023-10-09 06:40:44','2023-10-09 06:40:44'),(4304,7432,2,'2023-10-09 06:40:44','2023-10-09 06:40:44'),(4305,7433,2,'2023-10-09 06:40:44','2023-10-09 06:40:44'),(4306,7434,2,'2023-10-09 06:40:44','2023-10-09 06:40:44'),(4307,7435,2,'2023-10-09 06:40:44','2023-10-09 06:40:44'),(4308,7436,2,'2023-10-09 06:40:44','2023-10-09 06:40:44'),(4309,7437,2,'2023-10-09 06:40:44','2023-10-09 06:40:44'),(4310,7438,2,'2023-10-09 06:40:44','2023-10-09 06:40:44'),(4311,7439,2,'2023-10-09 06:40:44','2023-10-09 06:40:44'),(4312,7440,2,'2023-10-09 06:40:44','2023-10-09 06:40:44'),(4313,7441,2,'2023-10-09 06:40:44','2023-10-09 06:40:44'),(4314,7442,2,'2023-10-09 06:40:44','2023-10-09 06:40:44'),(4315,7443,2,'2023-10-09 06:40:44','2023-10-09 06:40:44'),(4316,7444,2,'2023-10-09 06:40:44','2023-10-09 06:40:44'),(4317,7445,2,'2023-10-09 06:40:44','2023-10-09 06:40:44'),(4318,7446,2,'2023-10-09 06:40:44','2023-10-09 06:40:44'),(4319,7447,2,'2023-10-09 06:40:44','2023-10-09 06:40:44'),(4320,7448,2,'2023-10-09 06:40:44','2023-10-09 06:40:44'),(4321,7449,2,'2023-10-09 06:40:44','2023-10-09 06:40:44'),(4322,7450,2,'2023-10-09 06:40:44','2023-10-09 06:40:44'),(4323,7451,2,'2023-10-09 06:40:44','2023-10-09 06:40:44'),(4324,7452,2,'2023-10-09 06:40:44','2023-10-09 06:40:44'),(4325,7453,2,'2023-10-09 06:40:44','2023-10-09 06:40:44'),(4326,7454,2,'2023-10-09 06:40:44','2023-10-09 06:40:44'),(4327,7455,2,'2023-10-09 06:40:44','2023-10-09 06:40:44'),(4328,7456,2,'2023-10-09 06:40:44','2023-10-09 06:40:44'),(4329,7457,2,'2023-10-09 06:40:44','2023-10-09 06:40:44'),(4330,7458,2,'2023-10-09 06:40:44','2023-10-09 06:40:44'),(4331,7459,2,'2023-10-09 06:40:44','2023-10-09 06:40:44'),(4332,7460,2,'2023-10-09 06:40:44','2023-10-09 06:40:44'),(4333,7461,2,'2023-10-09 06:40:44','2023-10-09 06:40:44'),(4334,7462,2,'2023-10-09 06:40:44','2023-10-09 06:40:44'),(4335,7463,2,'2023-10-09 06:40:44','2023-10-09 06:40:44'),(4336,7464,2,'2023-10-09 06:40:44','2023-10-09 06:40:44'),(4337,7465,2,'2023-10-09 06:40:44','2023-10-09 06:40:44'),(4338,7466,2,'2023-10-09 06:40:44','2023-10-09 06:40:44'),(4339,7467,2,'2023-10-09 06:40:44','2023-10-09 06:40:44'),(4340,7468,2,'2023-10-09 06:40:44','2023-10-09 06:40:44'),(4341,7469,2,'2023-10-09 06:40:44','2023-10-09 06:40:44'),(4342,7470,2,'2023-10-09 06:40:44','2023-10-09 06:40:44'),(4343,7471,2,'2023-10-09 06:40:44','2023-10-09 06:40:44'),(4344,7472,2,'2023-10-09 06:40:45','2023-10-09 06:40:45'),(4345,7473,2,'2023-10-09 06:40:45','2023-10-09 06:40:45'),(4346,7474,2,'2023-10-09 06:40:45','2023-10-09 06:40:45'),(4347,7475,2,'2023-10-09 06:40:45','2023-10-09 06:40:45'),(4348,7476,2,'2023-10-09 06:40:45','2023-10-09 06:40:45'),(4349,7477,2,'2023-10-09 06:40:45','2023-10-09 06:40:45'),(4350,7478,2,'2023-10-09 06:40:45','2023-10-09 06:40:45'),(4351,7479,2,'2023-10-09 06:40:45','2023-10-09 06:40:45'),(4352,7480,2,'2023-10-09 06:40:45','2023-10-09 06:40:45'),(4353,7481,2,'2023-10-09 06:40:45','2023-10-09 06:40:45'),(4354,7482,2,'2023-10-09 06:40:45','2023-10-09 06:40:45'),(4355,7483,2,'2023-10-09 06:40:45','2023-10-09 06:40:45'),(4356,7484,2,'2023-10-09 06:40:45','2023-10-09 06:40:45'),(4357,7485,2,'2023-10-09 06:40:45','2023-10-09 06:40:45'),(4358,7486,2,'2023-10-09 06:40:45','2023-10-09 06:40:45'),(4359,7487,2,'2023-10-09 06:40:45','2023-10-09 06:40:45'),(4360,7488,2,'2023-10-09 06:40:45','2023-10-09 06:40:45'),(4361,7489,2,'2023-10-09 06:40:45','2023-10-09 06:40:45'),(4362,7490,2,'2023-10-09 06:40:45','2023-10-09 06:40:45'),(4363,7491,2,'2023-10-09 06:40:45','2023-10-09 06:40:45'),(4364,7492,2,'2023-10-09 06:40:45','2023-10-09 06:40:45'),(4365,7493,2,'2023-10-09 06:40:45','2023-10-09 06:40:45'),(4366,7494,2,'2023-10-09 06:40:45','2023-10-09 06:40:45'),(4367,7495,2,'2023-10-09 06:40:45','2023-10-09 06:40:45'),(4368,7496,2,'2023-10-09 06:40:45','2023-10-09 06:40:45'),(4369,7497,2,'2023-10-09 06:40:45','2023-10-09 06:40:45'),(4370,7498,2,'2023-10-09 06:40:45','2023-10-09 06:40:45'),(4371,7499,2,'2023-10-09 06:40:45','2023-10-09 06:40:45'),(4372,7500,2,'2023-10-09 06:40:45','2023-10-09 06:40:45'),(4373,7501,2,'2023-10-09 06:40:45','2023-10-09 06:40:45'),(4374,7502,2,'2023-10-09 06:40:45','2023-10-09 06:40:45'),(4375,7503,2,'2023-10-09 06:40:45','2023-10-09 06:40:45'),(4376,7504,2,'2023-10-09 06:40:45','2023-10-09 06:40:45'),(4377,7505,2,'2023-10-09 06:40:45','2023-10-09 06:40:45'),(4378,7506,2,'2023-10-09 06:40:45','2023-10-09 06:40:45'),(4379,7507,2,'2023-10-09 06:40:45','2023-10-09 06:40:45'),(4380,7508,2,'2023-10-09 06:40:45','2023-10-09 06:40:45'),(4381,7509,2,'2023-10-09 06:40:45','2023-10-09 06:40:45'),(4382,7510,2,'2023-10-09 06:40:45','2023-10-09 06:40:45'),(4383,7511,2,'2023-10-09 06:40:45','2023-10-09 06:40:45'),(4384,7512,2,'2023-10-09 06:40:45','2023-10-09 06:40:45'),(4385,7513,2,'2023-10-09 06:40:45','2023-10-09 06:40:45'),(4386,7514,2,'2023-10-09 06:40:45','2023-10-09 06:40:45'),(4387,7515,2,'2023-10-09 06:40:45','2023-10-09 06:40:45'),(4388,7516,2,'2023-10-09 06:40:45','2023-10-09 06:40:45'),(4389,7517,2,'2023-10-09 06:40:45','2023-10-09 06:40:45'),(4390,7518,2,'2023-10-09 06:40:45','2023-10-09 06:40:45'),(4391,7519,2,'2023-10-09 06:40:45','2023-10-09 06:40:45'),(4392,7520,2,'2023-10-09 06:40:45','2023-10-09 06:40:45'),(4393,7521,2,'2023-10-09 06:40:45','2023-10-09 06:40:45'),(4394,7522,2,'2023-10-09 06:40:45','2023-10-09 06:40:45'),(4395,7523,2,'2023-10-09 06:40:45','2023-10-09 06:40:45'),(4396,7524,2,'2023-10-09 06:40:45','2023-10-09 06:40:45'),(4397,7525,2,'2023-10-09 06:40:45','2023-10-09 06:40:45'),(4398,7526,2,'2023-10-09 06:40:45','2023-10-09 06:40:45'),(4399,7527,2,'2023-10-09 06:40:45','2023-10-09 06:40:45'),(4400,7528,2,'2023-10-09 06:40:45','2023-10-09 06:40:45'),(4401,7529,2,'2023-10-09 06:40:45','2023-10-09 06:40:45'),(4402,7530,2,'2023-10-09 06:40:45','2023-10-09 06:40:45'),(4403,7531,2,'2023-10-09 06:40:45','2023-10-09 06:40:45'),(4404,7532,2,'2023-10-09 06:40:45','2023-10-09 06:40:45'),(4405,7533,2,'2023-10-09 06:40:45','2023-10-09 06:40:45'),(4406,7534,2,'2023-10-09 06:40:45','2023-10-09 06:40:45'),(4407,7535,2,'2023-10-09 06:40:45','2023-10-09 06:40:45'),(4408,7536,2,'2023-10-09 06:40:45','2023-10-09 06:40:45'),(4409,7537,2,'2023-10-09 06:40:45','2023-10-09 06:40:45'),(4410,7538,2,'2023-10-09 06:40:45','2023-10-09 06:40:45'),(4411,7539,2,'2023-10-09 06:40:45','2023-10-09 06:40:45'),(4412,7540,2,'2023-10-09 06:40:45','2023-10-09 06:40:45'),(4413,7541,2,'2023-10-09 06:40:45','2023-10-09 06:40:45'),(4414,7542,2,'2023-10-09 06:40:45','2023-10-09 06:40:45'),(4415,7543,2,'2023-10-09 06:40:45','2023-10-09 06:40:45'),(4416,7544,2,'2023-10-09 06:40:45','2023-10-09 06:40:45'),(4417,7545,2,'2023-10-09 06:40:45','2023-10-09 06:40:45'),(4418,7546,2,'2023-10-09 06:40:45','2023-10-09 06:40:45'),(4419,7547,2,'2023-10-09 06:40:45','2023-10-09 06:40:45'),(4420,7548,2,'2023-10-09 06:40:45','2023-10-09 06:40:45'),(4421,7549,2,'2023-10-09 06:40:45','2023-10-09 06:40:45'),(4422,7550,2,'2023-10-09 06:40:45','2023-10-09 06:40:45'),(4423,7551,2,'2023-10-09 06:40:45','2023-10-09 06:40:45'),(4424,7552,2,'2023-10-09 06:40:45','2023-10-09 06:40:45'),(4425,7553,2,'2023-10-09 06:40:45','2023-10-09 06:40:45'),(4426,7554,2,'2023-10-09 06:40:45','2023-10-09 06:40:45'),(4427,7555,2,'2023-10-09 06:40:45','2023-10-09 06:40:45'),(4428,7556,2,'2023-10-09 06:40:45','2023-10-09 06:40:45'),(4429,7557,2,'2023-10-09 06:40:45','2023-10-09 06:40:45'),(4430,7558,2,'2023-10-09 06:40:45','2023-10-09 06:40:45'),(4431,7559,2,'2023-10-09 06:40:45','2023-10-09 06:40:45'),(4432,7560,2,'2023-10-09 06:40:45','2023-10-09 06:40:45'),(4433,7561,2,'2023-10-09 06:40:45','2023-10-09 06:40:45'),(4434,7562,2,'2023-10-09 06:40:45','2023-10-09 06:40:45'),(4435,7563,2,'2023-10-09 06:40:45','2023-10-09 06:40:45'),(4436,7564,2,'2023-10-09 06:40:45','2023-10-09 06:40:45'),(4437,7565,2,'2023-10-09 06:40:45','2023-10-09 06:40:45'),(4438,7566,2,'2023-10-09 06:40:45','2023-10-09 06:40:45'),(4439,7567,2,'2023-10-09 06:40:45','2023-10-09 06:40:45'),(4440,7568,2,'2023-10-09 06:40:45','2023-10-09 06:40:45'),(4441,7569,2,'2023-10-09 06:40:45','2023-10-09 06:40:45'),(4442,7570,2,'2023-10-09 06:40:45','2023-10-09 06:40:45'),(4443,7571,2,'2023-10-09 06:40:45','2023-10-09 06:40:45'),(4444,7572,2,'2023-10-09 06:40:45','2023-10-09 06:40:45'),(4445,7573,2,'2023-10-09 06:40:45','2023-10-09 06:40:45'),(4446,7574,2,'2023-10-09 06:40:45','2023-10-09 06:40:45'),(4447,7575,2,'2023-10-09 06:40:45','2023-10-09 06:40:45'),(4448,7576,2,'2023-10-09 06:40:45','2023-10-09 06:40:45'),(4449,7577,2,'2023-10-09 06:40:45','2023-10-09 06:40:45'),(4450,7578,2,'2023-10-09 06:40:45','2023-10-09 06:40:45'),(4451,7579,2,'2023-10-09 06:40:45','2023-10-09 06:40:45'),(4452,7580,2,'2023-10-09 06:40:46','2023-10-09 06:40:46'),(4453,7581,2,'2023-10-09 06:40:46','2023-10-09 06:40:46'),(4454,7582,2,'2023-10-09 06:40:46','2023-10-09 06:40:46'),(4455,7583,2,'2023-10-09 06:40:46','2023-10-09 06:40:46'),(4456,7584,2,'2023-10-09 06:40:46','2023-10-09 06:40:46'),(4457,7585,2,'2023-10-09 06:40:46','2023-10-09 06:40:46'),(4458,7586,2,'2023-10-09 06:40:46','2023-10-09 06:40:46'),(4459,7587,2,'2023-10-09 06:40:46','2023-10-09 06:40:46'),(4460,7588,2,'2023-10-09 06:40:46','2023-10-09 06:40:46'),(4461,7589,2,'2023-10-09 06:40:46','2023-10-09 06:40:46'),(4462,7590,2,'2023-10-09 06:40:46','2023-10-09 06:40:46'),(4463,7591,2,'2023-10-09 06:40:46','2023-10-09 06:40:46'),(4464,7592,2,'2023-10-09 06:40:46','2023-10-09 06:40:46'),(4465,7593,2,'2023-10-09 06:40:46','2023-10-09 06:40:46'),(4466,7594,2,'2023-10-09 06:40:46','2023-10-09 06:40:46'),(4467,7595,2,'2023-10-09 06:40:46','2023-10-09 06:40:46'),(4468,7596,2,'2023-10-09 06:40:46','2023-10-09 06:40:46'),(4469,7597,2,'2023-10-09 06:40:46','2023-10-09 06:40:46'),(4470,7598,2,'2023-10-09 06:40:46','2023-10-09 06:40:46'),(4471,7599,2,'2023-10-09 06:40:46','2023-10-09 06:40:46'),(4472,7600,2,'2023-10-09 06:40:46','2023-10-09 06:40:46'),(4473,7601,2,'2023-10-09 06:40:46','2023-10-09 06:40:46'),(4474,7602,2,'2023-10-09 06:40:46','2023-10-09 06:40:46'),(4475,7603,2,'2023-10-09 06:40:46','2023-10-09 06:40:46'),(4476,7604,2,'2023-10-09 06:40:46','2023-10-09 06:40:46'),(4477,7605,2,'2023-10-09 06:40:46','2023-10-09 06:40:46'),(4478,7606,2,'2023-10-09 06:40:46','2023-10-09 06:40:46'),(4479,7607,2,'2023-10-09 06:40:46','2023-10-09 06:40:46'),(4480,7608,2,'2023-10-09 06:40:46','2023-10-09 06:40:46'),(4481,7609,2,'2023-10-09 06:40:46','2023-10-09 06:40:46'),(4482,7610,2,'2023-10-09 06:40:46','2023-10-09 06:40:46'),(4483,7611,2,'2023-10-09 06:40:46','2023-10-09 06:40:46'),(4484,7612,2,'2023-10-09 06:40:46','2023-10-09 06:40:46'),(4485,7613,2,'2023-10-09 06:40:46','2023-10-09 06:40:46'),(4486,7614,2,'2023-10-09 06:40:46','2023-10-09 06:40:46'),(4487,7615,2,'2023-10-09 06:40:46','2023-10-09 06:40:46'),(4488,7616,2,'2023-10-09 06:40:46','2023-10-09 06:40:46'),(4489,7617,2,'2023-10-09 06:40:46','2023-10-09 06:40:46'),(4490,7618,2,'2023-10-09 06:40:46','2023-10-09 06:40:46'),(4491,7619,2,'2023-10-09 06:40:46','2023-10-09 06:40:46'),(4492,7620,2,'2023-10-09 06:40:46','2023-10-09 06:40:46'),(4493,7621,2,'2023-10-09 06:40:46','2023-10-09 06:40:46'),(4494,7622,2,'2023-10-09 06:40:46','2023-10-09 06:40:46'),(4495,7623,2,'2023-10-09 06:40:46','2023-10-09 06:40:46'),(4496,7624,2,'2023-10-09 06:40:46','2023-10-09 06:40:46'),(4497,7625,2,'2023-10-09 06:40:46','2023-10-09 06:40:46'),(4498,7626,2,'2023-10-09 06:40:46','2023-10-09 06:40:46'),(4499,7627,2,'2023-10-09 06:40:46','2023-10-09 06:40:46'),(4500,7628,2,'2023-10-09 06:40:46','2023-10-09 06:40:46'),(4501,7629,2,'2023-10-09 06:40:46','2023-10-09 06:40:46'),(4502,7630,2,'2023-10-09 06:40:46','2023-10-09 06:40:46'),(4503,7631,2,'2023-10-09 06:40:46','2023-10-09 06:40:46'),(4504,7632,2,'2023-10-09 06:40:46','2023-10-09 06:40:46'),(4505,7633,2,'2023-10-09 06:40:46','2023-10-09 06:40:46'),(4506,7634,2,'2023-10-09 06:40:46','2023-10-09 06:40:46'),(4507,7635,2,'2023-10-09 06:40:46','2023-10-09 06:40:46'),(4508,7636,2,'2023-10-09 06:40:46','2023-10-09 06:40:46'),(4509,7637,2,'2023-10-09 06:40:46','2023-10-09 06:40:46'),(4510,7638,2,'2023-10-09 06:40:46','2023-10-09 06:40:46'),(4511,7639,2,'2023-10-09 06:40:46','2023-10-09 06:40:46'),(4512,7640,2,'2023-10-09 06:40:46','2023-10-09 06:40:46'),(4513,7641,2,'2023-10-09 06:40:46','2023-10-09 06:40:46'),(4514,7642,2,'2023-10-09 06:40:46','2023-10-09 06:40:46'),(4515,7643,2,'2023-10-09 06:40:46','2023-10-09 06:40:46'),(4516,7644,2,'2023-10-09 06:40:46','2023-10-09 06:40:46'),(4517,7645,2,'2023-10-09 06:40:46','2023-10-09 06:40:46'),(4518,7646,2,'2023-10-09 06:40:46','2023-10-09 06:40:46'),(4519,7647,2,'2023-10-09 06:40:46','2023-10-09 06:40:46'),(4520,7648,2,'2023-10-09 06:40:46','2023-10-09 06:40:46'),(4521,7649,2,'2023-10-09 06:40:46','2023-10-09 06:40:46'),(4522,7650,2,'2023-10-09 06:40:46','2023-10-09 06:40:46'),(4523,7651,2,'2023-10-09 06:40:46','2023-10-09 06:40:46'),(4524,7652,2,'2023-10-09 06:40:46','2023-10-09 06:40:46'),(4525,7653,2,'2023-10-09 06:40:46','2023-10-09 06:40:46'),(4526,7654,2,'2023-10-09 06:40:46','2023-10-09 06:40:46'),(4527,7655,2,'2023-10-09 06:40:46','2023-10-09 06:40:46'),(4528,7656,2,'2023-10-09 06:40:46','2023-10-09 06:40:46'),(4529,7657,2,'2023-10-09 06:40:46','2023-10-09 06:40:46'),(4530,7658,2,'2023-10-09 06:40:46','2023-10-09 06:40:46'),(4531,7659,2,'2023-10-09 06:40:46','2023-10-09 06:40:46'),(4532,7660,2,'2023-10-09 06:40:46','2023-10-09 06:40:46'),(4533,7661,2,'2023-10-09 06:40:46','2023-10-09 06:40:46'),(4534,7662,2,'2023-10-09 06:40:46','2023-10-09 06:40:46'),(4535,7663,2,'2023-10-09 06:40:46','2023-10-09 06:40:46'),(4536,7664,2,'2023-10-09 06:40:46','2023-10-09 06:40:46'),(4537,7665,2,'2023-10-09 06:40:46','2023-10-09 06:40:46'),(4538,7666,2,'2023-10-09 06:40:46','2023-10-09 06:40:46'),(4539,7667,2,'2023-10-09 06:40:46','2023-10-09 06:40:46'),(4540,7668,2,'2023-10-09 06:40:46','2023-10-09 06:40:46'),(4541,7669,2,'2023-10-09 06:40:46','2023-10-09 06:40:46'),(4542,7670,2,'2023-10-09 06:40:46','2023-10-09 06:40:46'),(4543,7671,2,'2023-10-09 06:40:46','2023-10-09 06:40:46'),(4544,7672,2,'2023-10-09 06:40:46','2023-10-09 06:40:46'),(4545,7673,2,'2023-10-09 06:40:46','2023-10-09 06:40:46'),(4546,7674,2,'2023-10-09 06:40:46','2023-10-09 06:40:46'),(4547,7675,2,'2023-10-09 06:40:46','2023-10-09 06:40:46'),(4548,7676,2,'2023-10-09 06:40:46','2023-10-09 06:40:46'),(4549,7677,2,'2023-10-09 06:40:46','2023-10-09 06:40:46'),(4550,7678,2,'2023-10-09 06:40:46','2023-10-09 06:40:46'),(4551,7679,2,'2023-10-09 06:40:46','2023-10-09 06:40:46'),(4552,7680,2,'2023-10-09 06:40:46','2023-10-09 06:40:46'),(4553,7681,2,'2023-10-09 06:40:46','2023-10-09 06:40:46'),(4554,7682,2,'2023-10-09 06:40:46','2023-10-09 06:40:46'),(4555,7683,2,'2023-10-09 06:40:46','2023-10-09 06:40:46'),(4556,7684,2,'2023-10-09 06:40:46','2023-10-09 06:40:46'),(4557,7685,2,'2023-10-09 06:40:46','2023-10-09 06:40:46'),(4558,7686,2,'2023-10-09 06:40:47','2023-10-09 06:40:47'),(4559,7687,2,'2023-10-09 06:40:47','2023-10-09 06:40:47'),(4560,7688,2,'2023-10-09 06:40:47','2023-10-09 06:40:47'),(4561,7689,2,'2023-10-09 06:40:47','2023-10-09 06:40:47'),(4562,7690,2,'2023-10-09 06:40:47','2023-10-09 06:40:47'),(4563,7691,2,'2023-10-09 06:40:47','2023-10-09 06:40:47'),(4564,7692,2,'2023-10-09 06:40:47','2023-10-09 06:40:47'),(4565,7693,2,'2023-10-09 06:40:47','2023-10-09 06:40:47'),(4566,7694,2,'2023-10-09 06:40:47','2023-10-09 06:40:47'),(4567,7695,2,'2023-10-09 06:40:47','2023-10-09 06:40:47'),(4568,7696,2,'2023-10-09 06:40:47','2023-10-09 06:40:47'),(4569,7697,2,'2023-10-09 06:40:47','2023-10-09 06:40:47'),(4570,7698,2,'2023-10-09 06:40:47','2023-10-09 06:40:47'),(4571,7699,2,'2023-10-09 06:40:47','2023-10-09 06:40:47'),(4572,7700,2,'2023-10-09 06:40:47','2023-10-09 06:40:47'),(4573,7701,2,'2023-10-09 06:40:47','2023-10-09 06:40:47'),(4574,7702,2,'2023-10-09 06:40:47','2023-10-09 06:40:47'),(4575,7703,2,'2023-10-09 06:40:47','2023-10-09 06:40:47'),(4576,7704,2,'2023-10-09 06:40:47','2023-10-09 06:40:47'),(4577,7705,2,'2023-10-09 06:40:47','2023-10-09 06:40:47'),(4578,7706,2,'2023-10-09 06:40:47','2023-10-09 06:40:47'),(4579,7707,2,'2023-10-09 06:40:47','2023-10-09 06:40:47'),(4580,7708,2,'2023-10-09 06:40:47','2023-10-09 06:40:47'),(4581,7709,2,'2023-10-09 06:40:47','2023-10-09 06:40:47'),(4582,7710,2,'2023-10-09 06:40:47','2023-10-09 06:40:47'),(4583,7711,2,'2023-10-09 06:40:47','2023-10-09 06:40:47'),(4584,7712,2,'2023-10-09 06:40:47','2023-10-09 06:40:47'),(4585,7713,2,'2023-10-09 06:40:47','2023-10-09 06:40:47'),(4586,7714,2,'2023-10-09 06:40:47','2023-10-09 06:40:47'),(4587,7715,2,'2023-10-09 06:40:47','2023-10-09 06:40:47'),(4588,7716,2,'2023-10-09 06:40:47','2023-10-09 06:40:47'),(4589,7717,2,'2023-10-09 06:40:47','2023-10-09 06:40:47'),(4590,7718,2,'2023-10-09 06:40:47','2023-10-09 06:40:47'),(4591,7719,2,'2023-10-09 06:40:47','2023-10-09 06:40:47'),(4592,7720,2,'2023-10-09 06:40:47','2023-10-09 06:40:47'),(4593,7721,2,'2023-10-09 06:40:47','2023-10-09 06:40:47'),(4594,7722,2,'2023-10-09 06:40:47','2023-10-09 06:40:47'),(4595,7723,2,'2023-10-09 06:40:47','2023-10-09 06:40:47'),(4596,7724,2,'2023-10-09 06:40:47','2023-10-09 06:40:47'),(4597,7725,2,'2023-10-09 06:40:47','2023-10-09 06:40:47'),(4598,7726,2,'2023-10-09 06:40:47','2023-10-09 06:40:47'),(4599,7727,2,'2023-10-09 06:40:47','2023-10-09 06:40:47'),(4600,7728,2,'2023-10-09 06:40:47','2023-10-09 06:40:47'),(4601,7729,2,'2023-10-09 06:40:47','2023-10-09 06:40:47'),(4602,7730,2,'2023-10-09 06:40:47','2023-10-09 06:40:47'),(4604,7732,2,'2023-10-09 06:40:47','2023-10-09 06:40:47'),(4605,7733,2,'2023-10-09 06:40:47','2023-10-09 06:40:47'),(4606,7734,2,'2023-10-09 06:40:47','2023-10-09 06:40:47'),(4607,7735,2,'2023-10-09 06:40:47','2023-10-09 06:40:47'),(4608,7736,2,'2023-10-09 06:40:47','2023-10-09 06:40:47'),(4610,7738,2,'2023-10-09 06:40:47','2023-10-09 06:40:47'),(4611,7739,2,'2023-10-09 06:40:47','2023-10-09 06:40:47'),(4612,7740,2,'2023-10-09 06:40:47','2023-10-09 06:40:47'),(4613,7741,2,'2023-10-09 06:40:47','2023-10-09 06:40:47'),(4614,7742,2,'2023-10-09 06:40:47','2023-10-09 06:40:47'),(4615,7743,2,'2023-10-09 06:40:47','2023-10-09 06:40:47'),(4616,7744,2,'2023-10-09 06:40:47','2023-10-09 06:40:47'),(4617,7745,2,'2023-10-09 06:40:47','2023-10-09 06:40:47'),(4618,7746,2,'2023-10-09 06:40:47','2023-10-09 06:40:47'),(4619,7747,2,'2023-10-09 06:40:47','2023-10-09 06:40:47'),(4620,7748,2,'2023-10-09 06:40:47','2023-10-09 06:40:47'),(4621,7749,2,'2023-10-09 06:40:47','2023-10-09 06:40:47'),(4622,7750,2,'2023-10-09 06:40:47','2023-10-09 06:40:47'),(4623,7751,2,'2023-10-09 06:40:47','2023-10-09 06:40:47'),(4624,7752,2,'2023-10-09 06:40:47','2023-10-09 06:40:47'),(4625,7753,2,'2023-10-09 06:40:47','2023-10-09 06:40:47'),(4626,7754,2,'2023-10-09 06:40:47','2023-10-09 06:40:47'),(4627,7755,2,'2023-10-09 06:40:47','2023-10-09 06:40:47'),(4628,7756,2,'2023-10-09 06:40:47','2023-10-09 06:40:47'),(4629,7757,2,'2023-10-09 06:40:47','2023-10-09 06:40:47'),(4630,7758,2,'2023-10-09 06:40:47','2023-10-09 06:40:47'),(4631,7759,2,'2023-10-09 06:40:47','2023-10-09 06:40:47'),(4632,7760,2,'2023-10-09 06:40:47','2023-10-09 06:40:47'),(4633,7761,2,'2023-10-09 06:40:47','2023-10-09 06:40:47'),(4634,7762,2,'2023-10-09 06:40:47','2023-10-09 06:40:47'),(4635,7763,2,'2023-10-09 06:40:47','2023-10-09 06:40:47'),(4636,7764,2,'2023-10-09 06:40:47','2023-10-09 06:40:47'),(4637,7765,2,'2023-10-09 06:40:47','2023-10-09 06:40:47'),(4638,7766,2,'2023-10-09 06:40:47','2023-10-09 06:40:47'),(4639,7767,2,'2023-10-09 06:40:47','2023-10-09 06:40:47'),(4640,7768,2,'2023-10-09 06:40:47','2023-10-09 06:40:47'),(4641,7769,2,'2023-10-09 06:40:47','2023-10-09 06:40:47'),(4642,7770,2,'2023-10-09 06:40:47','2023-10-09 06:40:47'),(4643,7771,2,'2023-10-09 06:40:47','2023-10-09 06:40:47'),(4644,7772,2,'2023-10-09 06:40:47','2023-10-09 06:40:47'),(4645,7773,2,'2023-10-09 06:40:47','2023-10-09 06:40:47'),(4646,7774,2,'2023-10-09 06:40:47','2023-10-09 06:40:47'),(4647,7775,2,'2023-10-09 06:40:47','2023-10-09 06:40:47'),(4648,7776,2,'2023-10-09 06:40:47','2023-10-09 06:40:47'),(4649,7777,2,'2023-10-09 06:40:47','2023-10-09 06:40:47'),(4650,7778,2,'2023-10-09 06:40:47','2023-10-09 06:40:47'),(4651,7779,2,'2023-10-09 06:40:47','2023-10-09 06:40:47'),(4652,7780,2,'2023-10-09 06:40:47','2023-10-09 06:40:47'),(4653,7781,2,'2023-10-09 06:40:47','2023-10-09 06:40:47'),(4654,7782,2,'2023-10-09 06:40:47','2023-10-09 06:40:47'),(4655,7783,2,'2023-10-09 06:40:47','2023-10-09 06:40:47'),(4656,7784,2,'2023-10-09 06:40:47','2023-10-09 06:40:47'),(4657,7785,2,'2023-10-09 06:40:47','2023-10-09 06:40:47'),(4658,7786,2,'2023-10-09 06:40:47','2023-10-09 06:40:47'),(4659,7787,2,'2023-10-09 06:40:47','2023-10-09 06:40:47'),(4660,7788,2,'2023-10-09 06:40:47','2023-10-09 06:40:47'),(4661,7789,2,'2023-10-09 06:40:47','2023-10-09 06:40:47'),(4662,7790,2,'2023-10-09 06:40:47','2023-10-09 06:40:47'),(4663,7791,2,'2023-10-09 06:40:48','2023-10-09 06:40:48'),(4664,7792,2,'2023-10-09 06:40:48','2023-10-09 06:40:48'),(4665,7793,2,'2023-10-09 06:40:48','2023-10-09 06:40:48'),(4666,7794,2,'2023-10-09 06:40:48','2023-10-09 06:40:48'),(4667,7795,2,'2023-10-09 06:40:48','2023-10-09 06:40:48'),(4668,7796,2,'2023-10-09 06:40:48','2023-10-09 06:40:48'),(4669,7797,2,'2023-10-09 06:40:48','2023-10-09 06:40:48'),(4670,7798,2,'2023-10-09 06:40:48','2023-10-09 06:40:48'),(4671,7799,2,'2023-10-09 06:40:48','2023-10-09 06:40:48'),(4672,7800,2,'2023-10-09 06:40:48','2023-10-09 06:40:48'),(4673,7801,2,'2023-10-09 06:40:48','2023-10-09 06:40:48'),(4674,7802,2,'2023-10-09 06:40:48','2023-10-09 06:40:48'),(4675,7803,2,'2023-10-09 06:40:48','2023-10-09 06:40:48'),(4676,7804,2,'2023-10-09 06:40:48','2023-10-09 06:40:48'),(4677,7805,2,'2023-10-09 06:40:48','2023-10-09 06:40:48'),(4678,7806,2,'2023-10-09 06:40:48','2023-10-09 06:40:48'),(4679,7807,2,'2023-10-09 06:40:48','2023-10-09 06:40:48'),(4680,7808,2,'2023-10-09 06:40:48','2023-10-09 06:40:48'),(4681,7809,2,'2023-10-09 06:40:48','2023-10-09 06:40:48'),(4682,7810,2,'2023-10-09 06:40:48','2023-10-09 06:40:48'),(4683,7811,2,'2023-10-09 06:40:48','2023-10-09 06:40:48'),(4684,7812,2,'2023-10-09 06:40:48','2023-10-09 06:40:48'),(4685,7813,2,'2023-10-09 06:40:48','2023-10-09 06:40:48'),(4686,7814,2,'2023-10-09 06:40:48','2023-10-09 06:40:48'),(4687,7815,2,'2023-10-09 06:40:48','2023-10-09 06:40:48'),(4688,7816,2,'2023-10-09 06:40:48','2023-10-09 06:40:48'),(4689,7817,2,'2023-10-09 06:40:48','2023-10-09 06:40:48'),(4690,7818,2,'2023-10-09 06:40:48','2023-10-09 06:40:48'),(4691,7819,2,'2023-10-09 06:40:48','2023-10-09 06:40:48'),(4692,7820,2,'2023-10-09 06:40:48','2023-10-09 06:40:48'),(4693,7821,2,'2023-10-09 06:40:48','2023-10-09 06:40:48'),(4694,7822,2,'2023-10-09 06:40:48','2023-10-09 06:40:48'),(4695,7823,2,'2023-10-09 06:40:48','2023-10-09 06:40:48'),(4696,7824,2,'2023-10-09 06:40:48','2023-10-09 06:40:48'),(4697,7825,2,'2023-10-09 06:40:48','2023-10-09 06:40:48'),(4699,7827,2,'2023-10-09 06:40:48','2023-10-09 06:40:48'),(4700,7828,2,'2023-10-09 06:40:48','2023-10-09 06:40:48'),(4701,7829,2,'2023-10-09 06:40:48','2023-10-09 06:40:48'),(4702,7830,2,'2023-10-09 06:40:48','2023-10-09 06:40:48'),(4703,7831,2,'2023-10-09 06:40:48','2023-10-09 06:40:48'),(4704,7832,2,'2023-10-09 06:40:48','2023-10-09 06:40:48'),(4705,7833,2,'2023-10-09 06:40:48','2023-10-09 06:40:48'),(4706,7834,2,'2023-10-09 06:40:48','2023-10-09 06:40:48'),(4707,7835,2,'2023-10-09 06:40:48','2023-10-09 06:40:48'),(4708,7836,2,'2023-10-09 06:40:48','2023-10-09 06:40:48'),(4709,7837,2,'2023-10-09 06:40:48','2023-10-09 06:40:48'),(4710,7838,2,'2023-10-09 06:40:48','2023-10-09 06:40:48'),(4711,7839,2,'2023-10-09 06:40:48','2023-10-09 06:40:48'),(4712,7840,2,'2023-10-09 06:40:48','2023-10-09 06:40:48'),(4713,7841,2,'2023-10-09 06:40:48','2023-10-09 06:40:48'),(4714,7842,2,'2023-10-09 06:40:48','2023-10-09 06:40:48'),(4715,7843,2,'2023-10-09 06:40:48','2023-10-09 06:40:48'),(4716,7844,2,'2023-10-09 06:40:48','2023-10-09 06:40:48'),(4717,7845,2,'2023-10-09 06:40:48','2023-10-09 06:40:48'),(4718,7846,2,'2023-10-09 06:40:48','2023-10-09 06:40:48'),(4719,7847,2,'2023-10-09 06:40:48','2023-10-09 06:40:48'),(4720,7848,2,'2023-10-09 06:40:48','2023-10-09 06:40:48'),(4721,7849,2,'2023-10-09 06:40:48','2023-10-09 06:40:48'),(4722,7850,2,'2023-10-09 06:40:48','2023-10-09 06:40:48'),(4723,7851,2,'2023-10-09 06:40:48','2023-10-09 06:40:48'),(4724,7852,2,'2023-10-09 06:40:48','2023-10-09 06:40:48'),(4725,7853,2,'2023-10-09 06:40:48','2023-10-09 06:40:48'),(4726,7854,2,'2023-10-09 06:40:48','2023-10-09 06:40:48'),(4727,7855,2,'2023-10-09 06:40:48','2023-10-09 06:40:48'),(4728,7856,2,'2023-10-09 06:40:48','2023-10-09 06:40:48'),(4729,7857,2,'2023-10-09 06:40:48','2023-10-09 06:40:48'),(4730,7858,2,'2023-10-09 06:40:48','2023-10-09 06:40:48'),(4731,7859,2,'2023-10-09 06:40:48','2023-10-09 06:40:48'),(4732,7860,2,'2023-10-09 06:40:48','2023-10-09 06:40:48'),(4733,7861,2,'2023-10-09 06:40:48','2023-10-09 06:40:48'),(4734,7862,2,'2023-10-09 06:40:48','2023-10-09 06:40:48'),(4735,7863,2,'2023-10-09 06:40:48','2023-10-09 06:40:48'),(4736,7864,2,'2023-10-09 06:40:48','2023-10-09 06:40:48'),(4737,7865,2,'2023-10-09 06:40:48','2023-10-09 06:40:48'),(4738,7866,2,'2023-10-09 06:40:48','2023-10-09 06:40:48'),(4739,7867,2,'2023-10-09 06:40:48','2023-10-09 06:40:48'),(4740,7868,2,'2023-10-09 06:40:48','2023-10-09 06:40:48'),(4741,7869,2,'2023-10-09 06:40:48','2023-10-09 06:40:48'),(4742,7870,2,'2023-10-09 06:40:48','2023-10-09 06:40:48'),(4743,7871,2,'2023-10-09 06:40:48','2023-10-09 06:40:48'),(4744,7872,2,'2023-10-09 06:40:48','2023-10-09 06:40:48'),(4745,7873,2,'2023-10-09 06:40:48','2023-10-09 06:40:48'),(4746,7874,2,'2023-10-09 06:40:48','2023-10-09 06:40:48'),(4747,7875,2,'2023-10-09 06:40:48','2023-10-09 06:40:48'),(4748,7876,2,'2023-10-09 06:40:48','2023-10-09 06:40:48'),(4749,7877,2,'2023-10-09 06:40:48','2023-10-09 06:40:48'),(4750,7878,2,'2023-10-09 06:40:48','2023-10-09 06:40:48'),(4751,7879,2,'2023-10-09 06:40:48','2023-10-09 06:40:48'),(4752,7880,2,'2023-10-09 06:40:48','2023-10-09 06:40:48'),(4753,7881,2,'2023-10-09 06:40:48','2023-10-09 06:40:48'),(4754,7882,2,'2023-10-09 06:40:48','2023-10-09 06:40:48'),(4755,7883,2,'2023-10-09 06:40:48','2023-10-09 06:40:48'),(4756,7884,2,'2023-10-09 06:40:48','2023-10-09 06:40:48'),(4757,7885,2,'2023-10-09 06:40:48','2023-10-09 06:40:48'),(4758,7886,2,'2023-10-09 06:40:48','2023-10-09 06:40:48'),(4759,7887,2,'2023-10-09 06:40:48','2023-10-09 06:40:48'),(4760,7888,2,'2023-10-09 06:40:48','2023-10-09 06:40:48'),(4761,7889,2,'2023-10-09 06:40:48','2023-10-09 06:40:48'),(4762,7890,2,'2023-10-09 06:40:48','2023-10-09 06:40:48'),(4763,7891,2,'2023-10-09 06:40:48','2023-10-09 06:40:48'),(4764,7892,2,'2023-10-09 06:40:48','2023-10-09 06:40:48'),(4765,7893,2,'2023-10-09 06:40:48','2023-10-09 06:40:48'),(4766,7894,2,'2023-10-09 06:40:48','2023-10-09 06:40:48'),(4767,7895,2,'2023-10-09 06:40:49','2023-10-09 06:40:49'),(4768,7896,2,'2023-10-09 06:40:49','2023-10-09 06:40:49'),(4769,7897,2,'2023-10-09 06:40:49','2023-10-09 06:40:49'),(4770,7898,2,'2023-10-09 06:40:49','2023-10-09 06:40:49'),(4771,7899,2,'2023-10-09 06:40:49','2023-10-09 06:40:49'),(4772,7900,2,'2023-10-09 06:40:49','2023-10-09 06:40:49'),(4773,7901,2,'2023-10-09 06:40:49','2023-10-09 06:40:49'),(4774,7902,2,'2023-10-09 06:40:49','2023-10-09 06:40:49'),(4775,7903,2,'2023-10-09 06:40:49','2023-10-09 06:40:49'),(4776,7904,2,'2023-10-09 06:40:49','2023-10-09 06:40:49'),(4777,7905,2,'2023-10-09 06:40:49','2023-10-09 06:40:49'),(4778,7906,2,'2023-10-09 06:40:49','2023-10-09 06:40:49'),(4779,7907,2,'2023-10-09 06:40:49','2023-10-09 06:40:49'),(4780,7908,2,'2023-10-09 06:40:49','2023-10-09 06:40:49'),(4781,7909,2,'2023-10-09 06:40:49','2023-10-09 06:40:49'),(4782,7910,2,'2023-10-09 06:40:49','2023-10-09 06:40:49'),(4783,7911,2,'2023-10-09 06:40:49','2023-10-09 06:40:49'),(4784,7912,2,'2023-10-09 06:40:49','2023-10-09 06:40:49'),(4785,7913,2,'2023-10-09 06:40:49','2023-10-09 06:40:49'),(4786,7914,2,'2023-10-09 06:40:49','2023-10-09 06:40:49'),(4787,7915,2,'2023-10-09 06:40:49','2023-10-09 06:40:49'),(4788,7916,2,'2023-10-09 06:40:49','2023-10-09 06:40:49'),(4789,7917,2,'2023-10-09 06:40:49','2023-10-09 06:40:49'),(4790,7918,2,'2023-10-09 06:40:49','2023-10-09 06:40:49'),(4791,7919,2,'2023-10-09 06:40:49','2023-10-09 06:40:49'),(4792,7920,2,'2023-10-09 06:40:49','2023-10-09 06:40:49'),(4793,7921,2,'2023-10-09 06:40:49','2023-10-09 06:40:49'),(4794,7922,2,'2023-10-09 06:40:49','2023-10-09 06:40:49'),(4795,7923,2,'2023-10-09 06:40:49','2023-10-09 06:40:49'),(4796,7924,2,'2023-10-09 06:40:49','2023-10-09 06:40:49'),(4797,7925,2,'2023-10-09 06:40:49','2023-10-09 06:40:49'),(4798,7926,2,'2023-10-09 06:40:49','2023-10-09 06:40:49'),(4799,7927,2,'2023-10-09 06:40:49','2023-10-09 06:40:49'),(4800,7928,2,'2023-10-09 06:40:49','2023-10-09 06:40:49'),(4801,7929,2,'2023-10-09 06:40:49','2023-10-09 06:40:49'),(4802,7930,2,'2023-10-09 06:40:49','2023-10-09 06:40:49'),(4803,7931,2,'2023-10-09 06:40:49','2023-10-09 06:40:49'),(4804,7932,2,'2023-10-09 06:40:49','2023-10-09 06:40:49'),(4805,7933,2,'2023-10-09 06:40:49','2023-10-09 06:40:49'),(4806,7934,2,'2023-10-09 06:40:49','2023-10-09 06:40:49'),(4807,7935,2,'2023-10-09 06:40:49','2023-10-09 06:40:49'),(4808,7936,2,'2023-10-09 06:40:49','2023-10-09 06:40:49'),(4809,7937,2,'2023-10-09 06:40:49','2023-10-09 06:40:49'),(4810,7938,2,'2023-10-09 06:40:49','2023-10-09 06:40:49'),(4811,7939,2,'2023-10-09 06:40:49','2023-10-09 06:40:49'),(4812,7940,2,'2023-10-09 06:40:49','2023-10-09 06:40:49'),(4813,7941,2,'2023-10-09 06:40:49','2023-10-09 06:40:49'),(4814,7942,2,'2023-10-09 06:40:49','2023-10-09 06:40:49'),(4815,7943,2,'2023-10-09 06:40:49','2023-10-09 06:40:49'),(4816,7944,2,'2023-10-09 06:40:49','2023-10-09 06:40:49'),(4817,7945,2,'2023-10-09 06:40:49','2023-10-09 06:40:49'),(4818,7946,2,'2023-10-09 06:40:49','2023-10-09 06:40:49'),(4819,7947,2,'2023-10-09 06:40:49','2023-10-09 06:40:49'),(4820,7948,2,'2023-10-09 06:40:49','2023-10-09 06:40:49'),(4821,7949,2,'2023-10-09 06:40:49','2023-10-09 06:40:49'),(4822,7950,2,'2023-10-09 06:40:49','2023-10-09 06:40:49'),(4823,7951,2,'2023-10-09 06:40:49','2023-10-09 06:40:49'),(4824,7952,2,'2023-10-09 06:40:49','2023-10-09 06:40:49'),(4825,7953,2,'2023-10-09 06:40:49','2023-10-09 06:40:49'),(4826,7954,2,'2023-10-09 06:40:49','2023-10-09 06:40:49'),(4827,7955,2,'2023-10-09 06:40:49','2023-10-09 06:40:49'),(4828,7956,2,'2023-10-09 06:40:49','2023-10-09 06:40:49'),(4829,7957,2,'2023-10-09 06:40:49','2023-10-09 06:40:49'),(4830,7958,2,'2023-10-09 06:40:49','2023-10-09 06:40:49'),(4831,7959,2,'2023-10-09 06:40:49','2023-10-09 06:40:49'),(4832,7960,2,'2023-10-09 06:40:49','2023-10-09 06:40:49'),(4833,7961,2,'2023-10-09 06:40:49','2023-10-09 06:40:49'),(4834,7962,2,'2023-10-09 06:40:49','2023-10-09 06:40:49'),(4835,7963,2,'2023-10-09 06:40:49','2023-10-09 06:40:49'),(4836,7964,2,'2023-10-09 06:40:49','2023-10-09 06:40:49'),(4837,7965,2,'2023-10-09 06:40:49','2023-10-09 06:40:49'),(4838,7966,2,'2023-10-09 06:40:49','2023-10-09 06:40:49'),(4839,7967,2,'2023-10-09 06:40:49','2023-10-09 06:40:49'),(4840,7968,2,'2023-10-09 06:40:49','2023-10-09 06:40:49'),(4841,7969,2,'2023-10-09 06:40:49','2023-10-09 06:40:49'),(4842,7970,2,'2023-10-09 06:40:49','2023-10-09 06:40:49'),(4843,7971,2,'2023-10-09 06:40:49','2023-10-09 06:40:49'),(4844,7972,2,'2023-10-09 06:40:49','2023-10-09 06:40:49'),(4845,7973,2,'2023-10-09 06:40:49','2023-10-09 06:40:49'),(4846,7974,2,'2023-10-09 06:40:49','2023-10-09 06:40:49'),(4847,7975,2,'2023-10-09 06:40:49','2023-10-09 06:40:49'),(4848,7976,2,'2023-10-09 06:40:49','2023-10-09 06:40:49'),(4849,7977,2,'2023-10-09 06:40:49','2023-10-09 06:40:49'),(4850,7978,2,'2023-10-09 06:40:49','2023-10-09 06:40:49'),(4851,7979,2,'2023-10-09 06:40:49','2023-10-09 06:40:49'),(4852,7980,2,'2023-10-09 06:40:49','2023-10-09 06:40:49'),(4853,7981,2,'2023-10-09 06:40:49','2023-10-09 06:40:49'),(4854,7982,2,'2023-10-09 06:40:49','2023-10-09 06:40:49'),(4855,7983,2,'2023-10-09 06:40:49','2023-10-09 06:40:49'),(4856,7984,2,'2023-10-09 06:40:49','2023-10-09 06:40:49'),(4857,7985,2,'2023-10-09 06:40:49','2023-10-09 06:40:49'),(4858,7986,2,'2023-10-09 06:40:49','2023-10-09 06:40:49'),(4859,7987,2,'2023-10-09 06:40:49','2023-10-09 06:40:49'),(4860,7988,2,'2023-10-09 06:40:49','2023-10-09 06:40:49'),(4861,7989,2,'2023-10-09 06:40:49','2023-10-09 06:40:49'),(4862,7990,2,'2023-10-09 06:40:49','2023-10-09 06:40:49'),(4863,7991,2,'2023-10-09 06:40:49','2023-10-09 06:40:49'),(4864,7992,2,'2023-10-09 06:40:49','2023-10-09 06:40:49'),(4865,7993,2,'2023-10-09 06:40:49','2023-10-09 06:40:49'),(4866,7994,2,'2023-10-09 06:40:49','2023-10-09 06:40:49'),(4867,7995,2,'2023-10-09 06:40:49','2023-10-09 06:40:49'),(4868,7996,2,'2023-10-09 06:40:49','2023-10-09 06:40:49'),(4869,7997,2,'2023-10-09 06:40:49','2023-10-09 06:40:49'),(4870,7998,2,'2023-10-09 06:40:49','2023-10-09 06:40:49'),(4871,7999,2,'2023-10-09 06:40:49','2023-10-09 06:40:49'),(4872,8000,2,'2023-10-09 06:40:50','2023-10-09 06:40:50'),(4873,8001,2,'2023-10-09 06:40:50','2023-10-09 06:40:50'),(4874,8002,2,'2023-10-09 06:40:50','2023-10-09 06:40:50'),(4875,8003,2,'2023-10-09 06:40:50','2023-10-09 06:40:50'),(4876,8004,2,'2023-10-09 06:40:50','2023-10-09 06:40:50'),(4877,8005,2,'2023-10-09 06:40:50','2023-10-09 06:40:50'),(4878,8006,2,'2023-10-09 06:40:50','2023-10-09 06:40:50'),(4879,8007,2,'2023-10-09 06:40:50','2023-10-09 06:40:50'),(4880,8008,2,'2023-10-09 06:40:50','2023-10-09 06:40:50'),(4881,8009,2,'2023-10-09 06:40:50','2023-10-09 06:40:50'),(4882,8010,2,'2023-10-09 06:40:50','2023-10-09 06:40:50'),(4883,8011,2,'2023-10-09 06:40:50','2023-10-09 06:40:50'),(4884,8012,2,'2023-10-09 06:40:50','2023-10-09 06:40:50'),(4885,8013,2,'2023-10-09 06:40:50','2023-10-09 06:40:50'),(4886,8014,2,'2023-10-09 06:40:50','2023-10-09 06:40:50'),(4887,8015,2,'2023-10-09 06:40:50','2023-10-09 06:40:50'),(4888,8016,2,'2023-10-09 06:40:50','2023-10-09 06:40:50'),(4889,8017,2,'2023-10-09 06:40:50','2023-10-09 06:40:50'),(4890,8018,2,'2023-10-09 06:40:50','2023-10-09 06:40:50'),(4891,8019,2,'2023-10-09 06:40:50','2023-10-09 06:40:50'),(4892,8020,2,'2023-10-09 06:40:50','2023-10-09 06:40:50'),(4893,8021,2,'2023-10-09 06:40:50','2023-10-09 06:40:50'),(4894,8022,2,'2023-10-09 06:40:50','2023-10-09 06:40:50'),(4895,8023,2,'2023-10-09 06:40:50','2023-10-09 06:40:50'),(4896,8024,2,'2023-10-09 06:40:50','2023-10-09 06:40:50'),(4897,8025,2,'2023-10-09 06:40:50','2023-10-09 06:40:50'),(4898,8026,2,'2023-10-09 06:40:50','2023-10-09 06:40:50'),(4899,8027,2,'2023-10-09 06:40:50','2023-10-09 06:40:50'),(4900,8028,2,'2023-10-09 06:40:50','2023-10-09 06:40:50'),(4901,8029,2,'2023-10-09 06:40:50','2023-10-09 06:40:50'),(4902,8030,2,'2023-10-09 06:40:50','2023-10-09 06:40:50'),(4903,8031,2,'2023-10-09 06:40:50','2023-10-09 06:40:50'),(4904,8032,2,'2023-10-09 06:40:50','2023-10-09 06:40:50'),(4905,8033,2,'2023-10-09 06:40:50','2023-10-09 06:40:50'),(4906,8034,2,'2023-10-09 06:40:50','2023-10-09 06:40:50'),(4907,8035,2,'2023-10-09 06:40:50','2023-10-09 06:40:50'),(4908,8036,2,'2023-10-09 06:40:50','2023-10-09 06:40:50'),(4909,8037,2,'2023-10-09 06:40:50','2023-10-09 06:40:50'),(4910,8038,2,'2023-10-09 06:40:50','2023-10-09 06:40:50'),(4911,8039,2,'2023-10-09 06:40:50','2023-10-09 06:40:50'),(4912,8040,2,'2023-10-09 06:40:50','2023-10-09 06:40:50'),(4913,8041,2,'2023-10-09 06:40:50','2023-10-09 06:40:50'),(4914,8042,2,'2023-10-09 06:40:50','2023-10-09 06:40:50'),(4915,8043,2,'2023-10-09 06:40:50','2023-10-09 06:40:50'),(4916,8044,2,'2023-10-09 06:40:50','2023-10-09 06:40:50'),(4917,8045,2,'2023-10-09 06:40:50','2023-10-09 06:40:50'),(4918,8046,2,'2023-10-09 06:40:50','2023-10-09 06:40:50'),(4919,8047,2,'2023-10-09 06:40:50','2023-10-09 06:40:50'),(4920,8048,2,'2023-10-09 06:40:50','2023-10-09 06:40:50'),(4921,8049,2,'2023-10-09 06:40:50','2023-10-09 06:40:50'),(4922,8050,2,'2023-10-09 06:40:50','2023-10-09 06:40:50'),(4923,8051,2,'2023-10-09 06:40:50','2023-10-09 06:40:50'),(4924,8052,2,'2023-10-09 06:40:50','2023-10-09 06:40:50'),(4925,8053,2,'2023-10-09 06:40:50','2023-10-09 06:40:50'),(4926,8054,2,'2023-10-09 06:40:50','2023-10-09 06:40:50'),(4927,8055,2,'2023-10-09 06:40:50','2023-10-09 06:40:50'),(4928,8056,2,'2023-10-09 06:40:50','2023-10-09 06:40:50'),(4929,8057,2,'2023-10-09 06:40:50','2023-10-09 06:40:50'),(4930,8058,2,'2023-10-09 06:40:50','2023-10-09 06:40:50'),(4931,8059,2,'2023-10-09 06:40:50','2023-10-09 06:40:50'),(4932,8060,2,'2023-10-09 06:40:50','2023-10-09 06:40:50'),(4934,8062,2,'2023-10-09 06:40:50','2023-10-09 06:40:50'),(4935,8063,2,'2023-10-09 06:40:50','2023-10-09 06:40:50'),(4936,8064,2,'2023-10-09 06:40:50','2023-10-09 06:40:50'),(4937,8065,2,'2023-10-09 06:40:50','2023-10-09 06:40:50'),(4938,8066,2,'2023-10-09 06:40:50','2023-10-09 06:40:50'),(4939,8067,2,'2023-10-09 06:40:50','2023-10-09 06:40:50'),(4940,8068,2,'2023-10-09 06:40:50','2023-10-09 06:40:50'),(4941,8069,2,'2023-10-09 06:40:50','2023-10-09 06:40:50'),(4942,8070,2,'2023-10-09 06:40:50','2023-10-09 06:40:50'),(4943,8071,2,'2023-10-09 06:40:50','2023-10-09 06:40:50'),(4944,8072,2,'2023-10-09 06:40:50','2023-10-09 06:40:50'),(4945,8073,2,'2023-10-09 06:40:50','2023-10-09 06:40:50'),(4946,8074,2,'2023-10-09 06:40:50','2023-10-09 06:40:50'),(4947,8075,2,'2023-10-09 06:40:50','2023-10-09 06:40:50'),(4948,8076,2,'2023-10-09 06:40:50','2023-10-09 06:40:50'),(4949,8077,2,'2023-10-09 06:40:50','2023-10-09 06:40:50'),(4950,8078,2,'2023-10-09 06:40:50','2023-10-09 06:40:50'),(4951,8079,2,'2023-10-09 06:40:50','2023-10-09 06:40:50'),(4952,8080,2,'2023-10-09 06:40:50','2023-10-09 06:40:50'),(4953,8081,2,'2023-10-09 06:40:50','2023-10-09 06:40:50'),(4954,8082,2,'2023-10-09 06:40:50','2023-10-09 06:40:50'),(4955,8083,2,'2023-10-09 06:40:50','2023-10-09 06:40:50'),(4956,8084,2,'2023-10-09 06:40:50','2023-10-09 06:40:50'),(4957,8085,2,'2023-10-09 06:40:50','2023-10-09 06:40:50'),(4958,8086,2,'2023-10-09 06:40:50','2023-10-09 06:40:50'),(4959,8087,2,'2023-10-09 06:40:50','2023-10-09 06:40:50'),(4960,8088,2,'2023-10-09 06:40:50','2023-10-09 06:40:50'),(4961,8089,2,'2023-10-09 06:40:50','2023-10-09 06:40:50'),(4962,8090,2,'2023-10-09 06:40:50','2023-10-09 06:40:50'),(4963,8091,2,'2023-10-09 06:40:50','2023-10-09 06:40:50'),(4964,8092,2,'2023-10-09 06:40:50','2023-10-09 06:40:50'),(4965,8093,2,'2023-10-09 06:40:50','2023-10-09 06:40:50'),(4966,8094,2,'2023-10-09 06:40:50','2023-10-09 06:40:50'),(4967,8095,2,'2023-10-09 06:40:50','2023-10-09 06:40:50'),(4968,8096,2,'2023-10-09 06:40:50','2023-10-09 06:40:50'),(4969,8097,2,'2023-10-09 06:40:50','2023-10-09 06:40:50'),(4970,8098,2,'2023-10-09 06:40:50','2023-10-09 06:40:50'),(4971,8099,2,'2023-10-09 06:40:50','2023-10-09 06:40:50'),(4972,8100,2,'2023-10-09 06:40:50','2023-10-09 06:40:50'),(4973,8101,2,'2023-10-09 06:40:50','2023-10-09 06:40:50'),(4974,8102,2,'2023-10-09 06:40:50','2023-10-09 06:40:50'),(4975,8103,2,'2023-10-09 06:40:50','2023-10-09 06:40:50'),(4976,8104,2,'2023-10-09 06:40:50','2023-10-09 06:40:50'),(4977,8105,2,'2023-10-09 06:40:51','2023-10-09 06:40:51'),(4978,8106,2,'2023-10-09 06:40:51','2023-10-09 06:40:51'),(4979,8107,2,'2023-10-09 06:40:51','2023-10-09 06:40:51'),(4980,8108,2,'2023-10-09 06:40:51','2023-10-09 06:40:51'),(4981,8109,2,'2023-10-09 06:40:51','2023-10-09 06:40:51'),(4982,8110,2,'2023-10-09 06:40:51','2023-10-09 06:40:51'),(4983,8111,2,'2023-10-09 06:40:51','2023-10-09 06:40:51'),(4984,8112,2,'2023-10-09 06:40:51','2023-10-09 06:40:51'),(4985,8113,2,'2023-10-09 06:40:51','2023-10-09 06:40:51'),(4986,8114,2,'2023-10-09 06:40:51','2023-10-09 06:40:51'),(4987,8115,2,'2023-10-09 06:40:51','2023-10-09 06:40:51'),(4988,8116,2,'2023-10-09 06:40:51','2023-10-09 06:40:51'),(4989,8117,2,'2023-10-09 06:40:51','2023-10-09 06:40:51'),(4990,8118,2,'2023-10-09 06:40:51','2023-10-09 06:40:51'),(4991,8119,2,'2023-10-09 06:40:51','2023-10-09 06:40:51'),(4992,8120,2,'2023-10-09 06:40:51','2023-10-09 06:40:51'),(4993,8121,2,'2023-10-09 06:40:51','2023-10-09 06:40:51'),(4994,8122,2,'2023-10-09 06:40:51','2023-10-09 06:40:51'),(4995,8123,2,'2023-10-09 06:40:51','2023-10-09 06:40:51'),(4996,8124,2,'2023-10-09 06:40:51','2023-10-09 06:40:51'),(4997,8125,2,'2023-10-09 06:40:51','2023-10-09 06:40:51'),(4998,8126,2,'2023-10-09 06:40:51','2023-10-09 06:40:51'),(4999,8127,2,'2023-10-09 06:40:51','2023-10-09 06:40:51'),(5000,8128,2,'2023-10-09 06:40:51','2023-10-09 06:40:51'),(5001,8129,2,'2023-10-09 06:40:51','2023-10-09 06:40:51'),(5002,8130,2,'2023-10-09 06:40:51','2023-10-09 06:40:51'),(5003,8131,2,'2023-10-09 06:40:51','2023-10-09 06:40:51'),(5004,8132,2,'2023-10-09 06:40:51','2023-10-09 06:40:51'),(5005,8133,2,'2023-10-09 06:40:51','2023-10-09 06:40:51'),(5006,8134,2,'2023-10-09 06:40:51','2023-10-09 06:40:51'),(5007,8135,2,'2023-10-09 06:40:51','2023-10-09 06:40:51'),(5008,8136,2,'2023-10-09 06:40:51','2023-10-09 06:40:51'),(5009,8137,2,'2023-10-09 06:40:51','2023-10-09 06:40:51'),(5010,8138,2,'2023-10-09 06:40:51','2023-10-09 06:40:51'),(5011,8139,2,'2023-10-09 06:40:51','2023-10-09 06:40:51'),(5012,8140,2,'2023-10-09 06:40:51','2023-10-09 06:40:51'),(5013,8141,2,'2023-10-09 06:40:51','2023-10-09 06:40:51'),(5014,8142,2,'2023-10-09 06:40:51','2023-10-09 06:40:51'),(5015,8143,2,'2023-10-09 06:40:51','2023-10-09 06:40:51'),(5016,8144,2,'2023-10-09 06:40:51','2023-10-09 06:40:51'),(5017,8145,2,'2023-10-09 06:40:51','2023-10-09 06:40:51'),(5018,8146,2,'2023-10-09 06:40:51','2023-10-09 06:40:51'),(5019,8147,2,'2023-10-09 06:40:51','2023-10-09 06:40:51'),(5020,8148,2,'2023-10-09 06:40:51','2023-10-09 06:40:51'),(5022,8150,2,'2023-10-09 06:40:51','2023-10-09 06:40:51'),(5023,8151,2,'2023-10-09 06:40:51','2023-10-09 06:40:51'),(5024,8152,2,'2023-10-09 06:40:51','2023-10-09 06:40:51'),(5025,8153,2,'2023-10-09 06:40:51','2023-10-09 06:40:51'),(5026,8154,2,'2023-10-09 06:40:51','2023-10-09 06:40:51'),(5027,8155,2,'2023-10-09 06:40:51','2023-10-09 06:40:51'),(5028,8156,2,'2023-10-09 06:40:51','2023-10-09 06:40:51'),(5029,8157,2,'2023-10-09 06:40:51','2023-10-09 06:40:51'),(5030,8158,2,'2023-10-09 06:40:51','2023-10-09 06:40:51'),(5031,8159,2,'2023-10-09 06:40:51','2023-10-09 06:40:51'),(5032,8160,2,'2023-10-09 06:40:51','2023-10-09 06:40:51'),(5033,8161,2,'2023-10-09 06:40:51','2023-10-09 06:40:51'),(5034,8162,2,'2023-10-09 06:40:51','2023-10-09 06:40:51'),(5035,8163,2,'2023-10-09 06:40:51','2023-10-09 06:40:51'),(5036,8164,2,'2023-10-09 06:40:51','2023-10-09 06:40:51'),(5037,8165,2,'2023-10-09 06:40:51','2023-10-09 06:40:51'),(5038,8166,2,'2023-10-09 06:40:51','2023-10-09 06:40:51'),(5039,8167,2,'2023-10-09 06:40:51','2023-10-09 06:40:51'),(5040,8168,2,'2023-10-09 06:40:51','2023-10-09 06:40:51'),(5041,8169,2,'2023-10-09 06:40:51','2023-10-09 06:40:51'),(5042,8170,2,'2023-10-09 06:40:51','2023-10-09 06:40:51'),(5043,8171,2,'2023-10-09 06:40:51','2023-10-09 06:40:51'),(5044,8172,2,'2023-10-09 06:40:51','2023-10-09 06:40:51'),(5045,8173,2,'2023-10-09 06:40:51','2023-10-09 06:40:51'),(5046,8174,2,'2023-10-09 06:40:51','2023-10-09 06:40:51'),(5047,8175,2,'2023-10-09 06:40:51','2023-10-09 06:40:51'),(5048,8176,2,'2023-10-09 06:40:51','2023-10-09 06:40:51'),(5049,8177,2,'2023-10-09 06:40:51','2023-10-09 06:40:51'),(5050,8178,2,'2023-10-09 06:40:51','2023-10-09 06:40:51'),(5051,8179,2,'2023-10-09 06:40:51','2023-10-09 06:40:51'),(5052,8180,2,'2023-10-09 06:40:51','2023-10-09 06:40:51'),(5053,8181,2,'2023-10-09 06:40:51','2023-10-09 06:40:51'),(5054,8182,2,'2023-10-09 06:40:51','2023-10-09 06:40:51'),(5055,8183,2,'2023-10-09 06:40:51','2023-10-09 06:40:51'),(5056,8184,2,'2023-10-09 06:40:51','2023-10-09 06:40:51'),(5057,8185,2,'2023-10-09 06:40:51','2023-10-09 06:40:51'),(5058,8186,2,'2023-10-09 06:40:51','2023-10-09 06:40:51'),(5059,8187,2,'2023-10-09 06:40:51','2023-10-09 06:40:51'),(5060,8188,2,'2023-10-09 06:40:51','2023-10-09 06:40:51'),(5061,8189,2,'2023-10-09 06:40:51','2023-10-09 06:40:51'),(5062,8190,2,'2023-10-09 06:40:51','2023-10-09 06:40:51'),(5063,8191,2,'2023-10-09 06:40:51','2023-10-09 06:40:51'),(5064,8192,2,'2023-10-09 06:40:51','2023-10-09 06:40:51'),(5065,8193,2,'2023-10-09 06:40:51','2023-10-09 06:40:51'),(5066,8194,2,'2023-10-09 06:40:51','2023-10-09 06:40:51'),(5067,8195,2,'2023-10-09 06:40:51','2023-10-09 06:40:51'),(5068,8196,2,'2023-10-09 06:40:51','2023-10-09 06:40:51'),(5069,8197,2,'2023-10-09 06:40:51','2023-10-09 06:40:51'),(5070,8198,2,'2023-10-09 06:40:51','2023-10-09 06:40:51'),(5071,8199,2,'2023-10-09 06:40:51','2023-10-09 06:40:51'),(5072,8200,2,'2023-10-09 06:40:51','2023-10-09 06:40:51'),(5073,8201,2,'2023-10-09 06:40:51','2023-10-09 06:40:51'),(5074,8202,2,'2023-10-09 06:40:51','2023-10-09 06:40:51'),(5075,8203,2,'2023-10-09 06:40:51','2023-10-09 06:40:51'),(5076,8204,2,'2023-10-09 06:40:51','2023-10-09 06:40:51'),(5077,8205,2,'2023-10-09 06:40:51','2023-10-09 06:40:51'),(5078,8206,2,'2023-10-09 06:40:51','2023-10-09 06:40:51'),(5079,8207,2,'2023-10-09 06:40:51','2023-10-09 06:40:51'),(5080,8208,2,'2023-10-09 06:40:52','2023-10-09 06:40:52'),(5081,8209,2,'2023-10-09 06:40:52','2023-10-09 06:40:52'),(5082,8210,2,'2023-10-09 06:40:52','2023-10-09 06:40:52'),(5083,8211,2,'2023-10-09 06:40:52','2023-10-09 06:40:52'),(5084,8212,2,'2023-10-09 06:40:52','2023-10-09 06:40:52'),(5085,8213,2,'2023-10-09 06:40:52','2023-10-09 06:40:52'),(5086,8214,2,'2023-10-09 06:40:52','2023-10-09 06:40:52'),(5087,8215,2,'2023-10-09 06:40:52','2023-10-09 06:40:52'),(5088,8216,2,'2023-10-09 06:40:52','2023-10-09 06:40:52'),(5089,8217,2,'2023-10-09 06:40:52','2023-10-09 06:40:52'),(5090,8218,2,'2023-10-09 06:40:52','2023-10-09 06:40:52'),(5091,8219,2,'2023-10-09 06:40:52','2023-10-09 06:40:52'),(5092,8220,2,'2023-10-09 06:40:52','2023-10-09 06:40:52'),(5093,8221,2,'2023-10-09 06:40:52','2023-10-09 06:40:52'),(5094,8222,2,'2023-10-09 06:40:52','2023-10-09 06:40:52'),(5095,8223,2,'2023-10-09 06:40:52','2023-10-09 06:40:52'),(5096,8224,2,'2023-10-09 06:40:52','2023-10-09 06:40:52'),(5097,8225,2,'2023-10-09 06:40:52','2023-10-09 06:40:52'),(5098,8226,2,'2023-10-09 06:40:52','2023-10-09 06:40:52'),(5099,8227,2,'2023-10-09 06:40:52','2023-10-09 06:40:52'),(5100,8228,2,'2023-10-09 06:40:52','2023-10-09 06:40:52'),(5101,8229,2,'2023-10-09 06:40:52','2023-10-09 06:40:52'),(5102,8230,2,'2023-10-09 06:40:52','2023-10-09 06:40:52'),(5103,8231,2,'2023-10-09 06:40:52','2023-10-09 06:40:52'),(5104,8232,2,'2023-10-09 06:40:52','2023-10-09 06:40:52'),(5105,8233,2,'2023-10-09 06:40:52','2023-10-09 06:40:52'),(5106,8234,2,'2023-10-09 06:40:52','2023-10-09 06:40:52'),(5107,8235,2,'2023-10-09 06:40:52','2023-10-09 06:40:52'),(5108,8236,2,'2023-10-09 06:40:52','2023-10-09 06:40:52'),(5109,8237,2,'2023-10-09 06:40:52','2023-10-09 06:40:52'),(5110,8238,2,'2023-10-09 06:40:52','2023-10-09 06:40:52'),(5111,8239,2,'2023-10-09 06:40:52','2023-10-09 06:40:52'),(5112,8240,2,'2023-10-09 06:40:52','2023-10-09 06:40:52'),(5113,8241,2,'2023-10-09 06:40:52','2023-10-09 06:40:52'),(5114,8242,2,'2023-10-09 06:40:52','2023-10-09 06:40:52'),(5115,8243,2,'2023-10-09 06:40:52','2023-10-09 06:40:52'),(5116,8244,2,'2023-10-09 06:40:52','2023-10-09 06:40:52'),(5117,8245,2,'2023-10-09 06:40:52','2023-10-09 06:40:52'),(5118,8246,2,'2023-10-09 06:40:52','2023-10-09 06:40:52'),(5119,8247,2,'2023-10-09 06:40:52','2023-10-09 06:40:52'),(5120,8248,2,'2023-10-09 06:40:52','2023-10-09 06:40:52'),(5121,8249,2,'2023-10-09 06:40:52','2023-10-09 06:40:52'),(5122,8250,2,'2023-10-09 06:40:52','2023-10-09 06:40:52'),(5123,8251,2,'2023-10-09 06:40:52','2023-10-09 06:40:52'),(5124,8252,2,'2023-10-09 06:40:52','2023-10-09 06:40:52'),(5125,8253,2,'2023-10-09 06:40:52','2023-10-09 06:40:52'),(5126,8254,2,'2023-10-09 06:40:52','2023-10-09 06:40:52'),(5127,8255,2,'2023-10-09 06:40:52','2023-10-09 06:40:52'),(5128,8256,2,'2023-10-09 06:40:52','2023-10-09 06:40:52'),(5129,8257,2,'2023-10-09 06:40:52','2023-10-09 06:40:52'),(5130,8258,2,'2023-10-09 06:40:52','2023-10-09 06:40:52'),(5131,8259,2,'2023-10-09 06:40:52','2023-10-09 06:40:52'),(5132,8260,2,'2023-10-09 06:40:52','2023-10-09 06:40:52'),(5133,8261,2,'2023-10-09 06:40:52','2023-10-09 06:40:52'),(5134,8262,2,'2023-10-09 06:40:52','2023-10-09 06:40:52'),(5135,8263,2,'2023-10-09 06:40:52','2023-10-09 06:40:52'),(5136,8264,2,'2023-10-09 06:40:52','2023-10-09 06:40:52'),(5137,8265,2,'2023-10-09 06:40:52','2023-10-09 06:40:52'),(5138,8266,2,'2023-10-09 06:40:52','2023-10-09 06:40:52'),(5139,8267,2,'2023-10-09 06:40:52','2023-10-09 06:40:52'),(5140,8268,2,'2023-10-09 06:40:52','2023-10-09 06:40:52'),(5141,8269,2,'2023-10-09 06:40:52','2023-10-09 06:40:52'),(5142,8270,2,'2023-10-09 06:40:52','2023-10-09 06:40:52'),(5143,8271,2,'2023-10-09 06:40:52','2023-10-09 06:40:52'),(5144,8272,2,'2023-10-09 06:40:52','2023-10-09 06:40:52'),(5145,8273,2,'2023-10-09 06:40:52','2023-10-09 06:40:52'),(5146,8274,2,'2023-10-09 06:40:52','2023-10-09 06:40:52'),(5147,8275,2,'2023-10-09 06:40:52','2023-10-09 06:40:52'),(5148,8276,2,'2023-10-09 06:40:52','2023-10-09 06:40:52'),(5149,8277,2,'2023-10-09 06:40:52','2023-10-09 06:40:52'),(5150,8278,2,'2023-10-09 06:40:52','2023-10-09 06:40:52'),(5151,8279,2,'2023-10-09 06:40:52','2023-10-09 06:40:52'),(5152,8280,2,'2023-10-09 06:40:52','2023-10-09 06:40:52'),(5153,8281,2,'2023-10-09 06:40:52','2023-10-09 06:40:52'),(5154,8282,2,'2023-10-09 06:40:52','2023-10-09 06:40:52'),(5155,8283,2,'2023-10-09 06:40:52','2023-10-09 06:40:52'),(5156,8284,2,'2023-10-09 06:40:52','2023-10-09 06:40:52'),(5157,8285,2,'2023-10-09 06:40:52','2023-10-09 06:40:52'),(5158,8286,2,'2023-10-09 06:40:52','2023-10-09 06:40:52'),(5161,8289,2,'2023-10-09 06:40:52','2023-10-09 06:40:52'),(5162,8290,2,'2023-10-09 06:40:52','2023-10-09 06:40:52'),(5163,8291,2,'2023-10-09 06:40:52','2023-10-09 06:40:52'),(5164,8292,2,'2023-10-09 06:40:52','2023-10-09 06:40:52'),(5165,8293,2,'2023-10-09 06:40:52','2023-10-09 06:40:52'),(5166,8294,2,'2023-10-09 06:40:52','2023-10-09 06:40:52'),(5167,8295,2,'2023-10-09 06:40:52','2023-10-09 06:40:52'),(5168,8296,2,'2023-10-09 06:40:52','2023-10-09 06:40:52'),(5169,8297,2,'2023-10-09 06:40:52','2023-10-09 06:40:52'),(5170,8298,2,'2023-10-09 06:40:52','2023-10-09 06:40:52'),(5171,8299,2,'2023-10-09 06:40:52','2023-10-09 06:40:52'),(5172,8300,2,'2023-10-09 06:40:52','2023-10-09 06:40:52'),(5173,8301,2,'2023-10-09 06:40:52','2023-10-09 06:40:52'),(5174,8302,2,'2023-10-09 06:40:52','2023-10-09 06:40:52'),(5175,8303,2,'2023-10-09 06:40:52','2023-10-09 06:40:52'),(5176,8304,2,'2023-10-09 06:40:52','2023-10-09 06:40:52'),(5177,8305,2,'2023-10-09 06:40:52','2023-10-09 06:40:52'),(5178,8306,2,'2023-10-09 06:40:52','2023-10-09 06:40:52'),(5179,8307,2,'2023-10-09 06:40:52','2023-10-09 06:40:52'),(5180,8308,2,'2023-10-09 06:40:52','2023-10-09 06:40:52'),(5181,8309,2,'2023-10-09 06:40:52','2023-10-09 06:40:52'),(5182,8310,2,'2023-10-09 06:40:53','2023-10-09 06:40:53'),(5183,8311,2,'2023-10-09 06:40:53','2023-10-09 06:40:53'),(5184,8312,2,'2023-10-09 06:40:53','2023-10-09 06:40:53'),(5185,8313,2,'2023-10-09 06:40:53','2023-10-09 06:40:53'),(5186,8314,2,'2023-10-09 06:40:53','2023-10-09 06:40:53'),(5187,8315,2,'2023-10-09 06:40:53','2023-10-09 06:40:53'),(5188,8316,2,'2023-10-09 06:40:53','2023-10-09 06:40:53'),(5189,8317,2,'2023-10-09 06:40:53','2023-10-09 06:40:53'),(5190,8318,2,'2023-10-09 06:40:53','2023-10-09 06:40:53'),(5191,8319,2,'2023-10-09 06:40:53','2023-10-09 06:40:53'),(5192,8320,2,'2023-10-09 06:40:53','2023-10-09 06:40:53'),(5193,8321,2,'2023-10-09 06:40:53','2023-10-09 06:40:53'),(5194,8322,2,'2023-10-09 06:40:53','2023-10-09 06:40:53'),(5195,8323,2,'2023-10-09 06:40:53','2023-10-09 06:40:53'),(5196,8324,2,'2023-10-09 06:40:53','2023-10-09 06:40:53'),(5197,8325,2,'2023-10-09 06:40:53','2023-10-09 06:40:53'),(5198,8326,2,'2023-10-09 06:40:53','2023-10-09 06:40:53'),(5199,8327,2,'2023-10-09 06:40:53','2023-10-09 06:40:53'),(5200,8328,2,'2023-10-09 06:40:53','2023-10-09 06:40:53'),(5201,8329,2,'2023-10-09 06:40:53','2023-10-09 06:40:53'),(5202,8330,2,'2023-10-09 06:40:53','2023-10-09 06:40:53'),(5203,8331,2,'2023-10-09 06:40:53','2023-10-09 06:40:53'),(5204,8332,2,'2023-10-09 06:40:53','2023-10-09 06:40:53'),(5205,8333,2,'2023-10-09 06:40:53','2023-10-09 06:40:53'),(5206,8334,2,'2023-10-09 06:40:53','2023-10-09 06:40:53'),(5207,8335,2,'2023-10-09 06:40:53','2023-10-09 06:40:53'),(5208,8336,2,'2023-10-09 06:40:53','2023-10-09 06:40:53'),(5209,8337,2,'2023-10-09 06:40:53','2023-10-09 06:40:53'),(5210,8338,2,'2023-10-09 06:40:53','2023-10-09 06:40:53'),(5211,8339,2,'2023-10-09 06:40:53','2023-10-09 06:40:53'),(5212,8340,2,'2023-10-09 06:40:53','2023-10-09 06:40:53'),(5213,8341,2,'2023-10-09 06:40:53','2023-10-09 06:40:53'),(5214,8342,2,'2023-10-09 06:40:53','2023-10-09 06:40:53'),(5215,8343,2,'2023-10-09 06:40:53','2023-10-09 06:40:53'),(5216,8344,2,'2023-10-09 06:40:53','2023-10-09 06:40:53'),(5217,8345,2,'2023-10-09 06:40:53','2023-10-09 06:40:53'),(5218,8346,2,'2023-10-09 06:40:53','2023-10-09 06:40:53'),(5219,8347,2,'2023-10-09 06:40:53','2023-10-09 06:40:53'),(5220,8348,2,'2023-10-09 06:40:53','2023-10-09 06:40:53'),(5221,8349,2,'2023-10-09 06:40:53','2023-10-09 06:40:53'),(5222,8350,2,'2023-10-09 06:40:53','2023-10-09 06:40:53'),(5223,8351,2,'2023-10-09 06:40:53','2023-10-09 06:40:53'),(5224,8352,2,'2023-10-09 06:40:53','2023-10-09 06:40:53'),(5225,8353,2,'2023-10-09 06:40:53','2023-10-09 06:40:53'),(5226,8354,2,'2023-10-09 06:40:53','2023-10-09 06:40:53'),(5227,8355,2,'2023-10-09 06:40:53','2023-10-09 06:40:53'),(5228,8356,2,'2023-10-09 06:40:53','2023-10-09 06:40:53'),(5229,8357,2,'2023-10-09 06:40:53','2023-10-09 06:40:53'),(5230,8358,2,'2023-10-09 06:40:53','2023-10-09 06:40:53'),(5231,8359,2,'2023-10-09 06:40:53','2023-10-09 06:40:53'),(5232,8360,2,'2023-10-09 06:40:53','2023-10-09 06:40:53'),(5233,8361,2,'2023-10-09 06:40:53','2023-10-09 06:40:53'),(5234,8362,2,'2023-10-09 06:40:53','2023-10-09 06:40:53'),(5235,8363,2,'2023-10-09 06:40:53','2023-10-09 06:40:53'),(5236,8364,2,'2023-10-09 06:40:53','2023-10-09 06:40:53'),(5237,8365,2,'2023-10-09 06:40:53','2023-10-09 06:40:53'),(5238,8366,2,'2023-10-09 06:40:53','2023-10-09 06:40:53'),(5239,8367,2,'2023-10-09 06:40:53','2023-10-09 06:40:53'),(5240,8368,2,'2023-10-09 06:40:53','2023-10-09 06:40:53'),(5241,8369,2,'2023-10-09 06:40:53','2023-10-09 06:40:53'),(5242,8370,2,'2023-10-09 06:40:53','2023-10-09 06:40:53'),(5243,8371,2,'2023-10-09 06:40:53','2023-10-09 06:40:53'),(5244,8372,2,'2023-10-09 06:40:53','2023-10-09 06:40:53'),(5245,8373,2,'2023-10-09 06:40:53','2023-10-09 06:40:53'),(5246,8374,2,'2023-10-09 06:40:53','2023-10-09 06:40:53'),(5247,8375,2,'2023-10-09 06:40:53','2023-10-09 06:40:53'),(5248,8376,2,'2023-10-09 06:40:53','2023-10-09 06:40:53'),(5249,8377,2,'2023-10-09 06:40:53','2023-10-09 06:40:53'),(5250,8378,2,'2023-10-09 06:40:53','2023-10-09 06:40:53'),(5251,8379,2,'2023-10-09 06:40:53','2023-10-09 06:40:53'),(5252,8380,2,'2023-10-09 06:40:53','2023-10-09 06:40:53'),(5253,8381,2,'2023-10-09 06:40:53','2023-10-09 06:40:53'),(5254,8382,2,'2023-10-09 06:40:53','2023-10-09 06:40:53'),(5255,8383,2,'2023-10-09 06:40:53','2023-10-09 06:40:53'),(5256,8384,2,'2023-10-09 06:40:53','2023-10-09 06:40:53'),(5257,8385,2,'2023-10-09 06:40:53','2023-10-09 06:40:53'),(5258,8386,2,'2023-10-09 06:40:53','2023-10-09 06:40:53'),(5259,8387,2,'2023-10-09 06:40:53','2023-10-09 06:40:53'),(5260,8388,2,'2023-10-09 06:40:53','2023-10-09 06:40:53'),(5261,8389,2,'2023-10-09 06:40:53','2023-10-09 06:40:53'),(5262,8390,2,'2023-10-09 06:40:53','2023-10-09 06:40:53'),(5263,8391,2,'2023-10-09 06:40:53','2023-10-09 06:40:53'),(5264,8392,2,'2023-10-09 06:40:53','2023-10-09 06:40:53'),(5265,8393,2,'2023-10-09 06:40:53','2023-10-09 06:40:53'),(5266,8394,2,'2023-10-09 06:40:53','2023-10-09 06:40:53'),(5267,8395,2,'2023-10-09 06:40:53','2023-10-09 06:40:53'),(5268,8396,2,'2023-10-09 06:40:53','2023-10-09 06:40:53'),(5269,8397,2,'2023-10-09 06:40:53','2023-10-09 06:40:53'),(5270,8398,2,'2023-10-09 06:40:53','2023-10-09 06:40:53'),(5271,8399,2,'2023-10-09 06:40:53','2023-10-09 06:40:53'),(5272,8400,2,'2023-10-09 06:40:53','2023-10-09 06:40:53'),(5273,8401,2,'2023-10-09 06:40:53','2023-10-09 06:40:53'),(5274,8402,2,'2023-10-09 06:40:53','2023-10-09 06:40:53'),(5275,8403,2,'2023-10-09 06:40:53','2023-10-09 06:40:53'),(5276,8404,2,'2023-10-09 06:40:53','2023-10-09 06:40:53'),(5277,8405,2,'2023-10-09 06:40:53','2023-10-09 06:40:53'),(5278,8406,2,'2023-10-09 06:40:53','2023-10-09 06:40:53'),(5279,8407,2,'2023-10-09 06:40:53','2023-10-09 06:40:53'),(5280,8408,2,'2023-10-09 06:40:53','2023-10-09 06:40:53'),(5281,8409,2,'2023-10-09 06:40:53','2023-10-09 06:40:53'),(5282,8410,2,'2023-10-09 06:40:53','2023-10-09 06:40:53'),(5283,8411,2,'2023-10-09 06:40:53','2023-10-09 06:40:53'),(5284,8412,2,'2023-10-09 06:40:53','2023-10-09 06:40:53'),(5286,8414,2,'2023-10-09 06:40:53','2023-10-09 06:40:53'),(5287,8415,2,'2023-10-09 06:40:53','2023-10-09 06:40:53'),(5288,8416,2,'2023-10-09 06:40:54','2023-10-09 06:40:54'),(5289,8417,2,'2023-10-09 06:40:54','2023-10-09 06:40:54'),(5290,8418,2,'2023-10-09 06:40:54','2023-10-09 06:40:54'),(5291,8419,2,'2023-10-09 06:40:54','2023-10-09 06:40:54'),(5292,8420,2,'2023-10-09 06:40:54','2023-10-09 06:40:54'),(5293,8421,2,'2023-10-09 06:40:54','2023-10-09 06:40:54'),(5294,8422,2,'2023-10-09 06:40:54','2023-10-09 06:40:54'),(5295,8423,2,'2023-10-09 06:40:54','2023-10-09 06:40:54'),(5296,8424,2,'2023-10-09 06:40:54','2023-10-09 06:40:54'),(5297,8425,2,'2023-10-09 06:40:54','2023-10-09 06:40:54'),(5298,8426,2,'2023-10-09 06:40:54','2023-10-09 06:40:54'),(5299,8427,2,'2023-10-09 06:40:54','2023-10-09 06:40:54'),(5300,8428,2,'2023-10-09 06:40:54','2023-10-09 06:40:54'),(5301,8429,2,'2023-10-09 06:40:54','2023-10-09 06:40:54'),(5302,8430,2,'2023-10-09 06:40:54','2023-10-09 06:40:54'),(5303,8431,2,'2023-10-09 06:40:54','2023-10-09 06:40:54'),(5304,8432,2,'2023-10-09 06:40:54','2023-10-09 06:40:54'),(5305,8433,2,'2023-10-09 06:40:54','2023-10-09 06:40:54'),(5306,8434,2,'2023-10-09 06:40:54','2023-10-09 06:40:54'),(5307,8435,2,'2023-10-09 06:40:54','2023-10-09 06:40:54'),(5308,8436,2,'2023-10-09 06:40:54','2023-10-09 06:40:54'),(5309,8437,2,'2023-10-09 06:40:54','2023-10-09 06:40:54'),(5310,8438,2,'2023-10-09 06:40:54','2023-10-09 06:40:54'),(5311,8439,2,'2023-10-09 06:40:54','2023-10-09 06:40:54'),(5312,8440,2,'2023-10-09 06:40:54','2023-10-09 06:40:54'),(5313,8441,2,'2023-10-09 06:40:54','2023-10-09 06:40:54'),(5314,8442,2,'2023-10-09 06:40:54','2023-10-09 06:40:54'),(5315,8443,2,'2023-10-09 06:40:54','2023-10-09 06:40:54'),(5316,8444,2,'2023-10-09 06:40:54','2023-10-09 06:40:54'),(5317,8445,2,'2023-10-09 06:40:54','2023-10-09 06:40:54'),(5318,8446,2,'2023-10-09 06:40:54','2023-10-09 06:40:54'),(5319,8447,2,'2023-10-09 06:40:54','2023-10-09 06:40:54'),(5320,8448,2,'2023-10-09 06:40:54','2023-10-09 06:40:54'),(5321,8449,2,'2023-10-09 06:40:54','2023-10-09 06:40:54'),(5322,8450,2,'2023-10-09 06:40:54','2023-10-09 06:40:54'),(5323,8451,2,'2023-10-09 06:40:54','2023-10-09 06:40:54'),(5324,8452,2,'2023-10-09 06:40:54','2023-10-09 06:40:54'),(5325,8453,2,'2023-10-09 06:40:54','2023-10-09 06:40:54'),(5326,8454,2,'2023-10-09 06:40:54','2023-10-09 06:40:54'),(5327,8455,2,'2023-10-09 06:40:54','2023-10-09 06:40:54'),(5328,8456,2,'2023-10-09 06:40:54','2023-10-09 06:40:54'),(5329,8457,2,'2023-10-09 06:40:54','2023-10-09 06:40:54'),(5330,8458,2,'2023-10-09 06:40:54','2023-10-09 06:40:54'),(5331,8459,2,'2023-10-09 06:40:54','2023-10-09 06:40:54'),(5332,8460,2,'2023-10-09 06:40:54','2023-10-09 06:40:54'),(5333,8461,2,'2023-10-09 06:40:54','2023-10-09 06:40:54'),(5334,8462,2,'2023-10-09 06:40:54','2023-10-09 06:40:54'),(5335,8463,2,'2023-10-09 06:40:54','2023-10-09 06:40:54'),(5336,8464,2,'2023-10-09 06:40:54','2023-10-09 06:40:54'),(5337,8465,2,'2023-10-09 06:40:54','2023-10-09 06:40:54'),(5338,8466,2,'2023-10-09 06:40:54','2023-10-09 06:40:54'),(5339,8467,2,'2023-10-09 06:40:54','2023-10-09 06:40:54'),(5340,8468,2,'2023-10-09 06:40:54','2023-10-09 06:40:54'),(5341,8469,2,'2023-10-09 06:40:54','2023-10-09 06:40:54'),(5342,8470,2,'2023-10-09 06:40:54','2023-10-09 06:40:54'),(5343,8471,2,'2023-10-09 06:40:54','2023-10-09 06:40:54'),(5344,8472,2,'2023-10-09 06:40:54','2023-10-09 06:40:54'),(5345,8473,2,'2023-10-09 06:40:54','2023-10-09 06:40:54'),(5346,8474,2,'2023-10-09 06:40:54','2023-10-09 06:40:54'),(5347,8475,2,'2023-10-09 06:40:54','2023-10-09 06:40:54'),(5348,8476,2,'2023-10-09 06:40:54','2023-10-09 06:40:54'),(5349,8477,2,'2023-10-09 06:40:54','2023-10-09 06:40:54'),(5350,8478,2,'2023-10-09 06:40:54','2023-10-09 06:40:54'),(5351,8479,2,'2023-10-09 06:40:54','2023-10-09 06:40:54'),(5352,8480,2,'2023-10-09 06:40:54','2023-10-09 06:40:54'),(5353,8481,2,'2023-10-09 06:40:54','2023-10-09 06:40:54'),(5354,8482,2,'2023-10-09 06:40:54','2023-10-09 06:40:54'),(5355,8483,2,'2023-10-09 06:40:54','2023-10-09 06:40:54'),(5356,8484,2,'2023-10-09 06:40:54','2023-10-09 06:40:54'),(5357,8485,2,'2023-10-09 06:40:54','2023-10-09 06:40:54'),(5358,8486,2,'2023-10-09 06:40:54','2023-10-09 06:40:54'),(5359,8487,2,'2023-10-09 06:40:54','2023-10-09 06:40:54'),(5360,8488,2,'2023-10-09 06:40:54','2023-10-09 06:40:54'),(5361,8489,2,'2023-10-09 06:40:54','2023-10-09 06:40:54'),(5362,8490,2,'2023-10-09 06:40:54','2023-10-09 06:40:54'),(5363,8491,2,'2023-10-09 06:40:54','2023-10-09 06:40:54'),(5364,8492,2,'2023-10-09 06:40:54','2023-10-09 06:40:54'),(5365,8493,2,'2023-10-09 06:40:54','2023-10-09 06:40:54'),(5366,8494,2,'2023-10-09 06:40:54','2023-10-09 06:40:54'),(5367,8495,2,'2023-10-09 06:40:54','2023-10-09 06:40:54'),(5368,8496,2,'2023-10-09 06:40:54','2023-10-09 06:40:54'),(5369,8497,2,'2023-10-09 06:40:54','2023-10-09 06:40:54'),(5370,8498,2,'2023-10-09 06:40:54','2023-10-09 06:40:54'),(5371,8499,2,'2023-10-09 06:40:54','2023-10-09 06:40:54'),(5372,8500,2,'2023-10-09 06:40:54','2023-10-09 06:40:54'),(5373,8501,2,'2023-10-09 06:40:54','2023-10-09 06:40:54'),(5374,8502,2,'2023-10-09 06:40:54','2023-10-09 06:40:54'),(5375,8503,2,'2023-10-09 06:40:54','2023-10-09 06:40:54'),(5376,8504,2,'2023-10-09 06:40:54','2023-10-09 06:40:54'),(5377,8505,2,'2023-10-09 06:40:54','2023-10-09 06:40:54'),(5378,8506,2,'2023-10-09 06:40:54','2023-10-09 06:40:54'),(5379,8507,2,'2023-10-09 06:40:54','2023-10-09 06:40:54'),(5380,8508,2,'2023-10-09 06:40:54','2023-10-09 06:40:54'),(5381,8509,2,'2023-10-09 06:40:54','2023-10-09 06:40:54'),(5382,8510,2,'2023-10-09 06:40:54','2023-10-09 06:40:54'),(5383,8511,2,'2023-10-09 06:40:54','2023-10-09 06:40:54'),(5384,8512,2,'2023-10-09 06:40:54','2023-10-09 06:40:54'),(5385,8513,2,'2023-10-09 06:40:54','2023-10-09 06:40:54'),(5386,8514,2,'2023-10-09 06:40:54','2023-10-09 06:40:54'),(5387,8515,2,'2023-10-09 06:40:54','2023-10-09 06:40:54'),(5388,8516,2,'2023-10-09 06:40:54','2023-10-09 06:40:54'),(5389,8517,2,'2023-10-09 06:40:54','2023-10-09 06:40:54'),(5390,8518,2,'2023-10-09 06:40:54','2023-10-09 06:40:54'),(5391,8519,2,'2023-10-09 06:40:54','2023-10-09 06:40:54'),(5392,8520,2,'2023-10-09 06:40:54','2023-10-09 06:40:54'),(5393,8521,2,'2023-10-09 06:40:54','2023-10-09 06:40:54'),(5394,8522,2,'2023-10-09 06:40:55','2023-10-09 06:40:55'),(5395,8523,2,'2023-10-09 06:40:55','2023-10-09 06:40:55'),(5396,8524,2,'2023-10-09 06:40:55','2023-10-09 06:40:55'),(5397,8525,2,'2023-10-09 06:40:55','2023-10-09 06:40:55'),(5398,8526,2,'2023-10-09 06:40:55','2023-10-09 06:40:55'),(5399,8527,2,'2023-10-09 06:40:55','2023-10-09 06:40:55'),(5400,8528,2,'2023-10-09 06:40:55','2023-10-09 06:40:55'),(5401,8529,2,'2023-10-09 06:40:55','2023-10-09 06:40:55'),(5402,8530,2,'2023-10-09 06:40:55','2023-10-09 06:40:55'),(5403,8531,2,'2023-10-09 06:40:55','2023-10-09 06:40:55'),(5404,8532,2,'2023-10-09 06:40:55','2023-10-09 06:40:55'),(5405,8533,2,'2023-10-09 06:40:55','2023-10-09 06:40:55'),(5406,8534,2,'2023-10-09 06:40:55','2023-10-09 06:40:55'),(5407,8535,2,'2023-10-09 06:40:55','2023-10-09 06:40:55'),(5408,8536,2,'2023-10-09 06:40:55','2023-10-09 06:40:55'),(5409,8537,2,'2023-10-09 06:40:55','2023-10-09 06:40:55'),(5410,8538,2,'2023-10-09 06:40:55','2023-10-09 06:40:55'),(5411,8539,2,'2023-10-09 06:40:55','2023-10-09 06:40:55'),(5412,8540,2,'2023-10-09 06:40:55','2023-10-09 06:40:55'),(5413,8541,2,'2023-10-09 06:40:55','2023-10-09 06:40:55'),(5414,8542,2,'2023-10-09 06:40:55','2023-10-09 06:40:55'),(5415,8543,2,'2023-10-09 06:40:55','2023-10-09 06:40:55'),(5416,8544,2,'2023-10-09 06:40:55','2023-10-09 06:40:55'),(5417,8545,2,'2023-10-09 06:40:55','2023-10-09 06:40:55'),(5418,8546,2,'2023-10-09 06:40:55','2023-10-09 06:40:55'),(5419,8547,2,'2023-10-09 06:40:55','2023-10-09 06:40:55'),(5420,8548,2,'2023-10-09 06:40:55','2023-10-09 06:40:55'),(5421,8549,2,'2023-10-09 06:40:55','2023-10-09 06:40:55'),(5422,8550,2,'2023-10-09 06:40:55','2023-10-09 06:40:55'),(5423,8551,2,'2023-10-09 06:40:55','2023-10-09 06:40:55'),(5424,8552,2,'2023-10-09 06:40:55','2023-10-09 06:40:55'),(5425,8553,2,'2023-10-09 06:40:55','2023-10-09 06:40:55'),(5426,8554,2,'2023-10-09 06:40:55','2023-10-09 06:40:55'),(5427,8555,2,'2023-10-09 06:40:55','2023-10-09 06:40:55'),(5428,8556,2,'2023-10-09 06:40:55','2023-10-09 06:40:55'),(5429,8557,2,'2023-10-09 06:40:55','2023-10-09 06:40:55'),(5430,8558,2,'2023-10-09 06:40:55','2023-10-09 06:40:55'),(5431,8559,2,'2023-10-09 06:40:55','2023-10-09 06:40:55'),(5432,8560,2,'2023-10-09 06:40:55','2023-10-09 06:40:55'),(5433,8561,2,'2023-10-09 06:40:55','2023-10-09 06:40:55'),(5434,8562,2,'2023-10-09 06:40:55','2023-10-09 06:40:55'),(5435,8563,2,'2023-10-09 06:40:55','2023-10-09 06:40:55'),(5436,8564,2,'2023-10-09 06:40:55','2023-10-09 06:40:55'),(5437,8565,2,'2023-10-09 06:40:55','2023-10-09 06:40:55'),(5438,8566,2,'2023-10-09 06:40:55','2023-10-09 06:40:55'),(5439,8567,2,'2023-10-09 06:40:55','2023-10-09 06:40:55'),(5440,8568,2,'2023-10-09 06:40:55','2023-10-09 06:40:55'),(5441,8569,2,'2023-10-09 06:40:55','2023-10-09 06:40:55'),(5442,8570,2,'2023-10-09 06:40:55','2023-10-09 06:40:55'),(5443,8571,2,'2023-10-09 06:40:55','2023-10-09 06:40:55'),(5444,8572,2,'2023-10-09 06:40:55','2023-10-09 06:40:55'),(5445,8573,2,'2023-10-09 06:40:55','2023-10-09 06:40:55'),(5446,8574,2,'2023-10-09 06:40:55','2023-10-09 06:40:55'),(5447,8575,2,'2023-10-09 06:40:55','2023-10-09 06:40:55'),(5448,8576,2,'2023-10-09 06:40:55','2023-10-09 06:40:55'),(5449,8577,2,'2023-10-09 06:40:55','2023-10-09 06:40:55'),(5450,8578,2,'2023-10-09 06:40:55','2023-10-09 06:40:55'),(5451,8579,2,'2023-10-09 06:40:55','2023-10-09 06:40:55'),(5452,8580,2,'2023-10-09 06:40:55','2023-10-09 06:40:55'),(5453,8581,2,'2023-10-09 06:40:55','2023-10-09 06:40:55'),(5454,8582,2,'2023-10-09 06:40:55','2023-10-09 06:40:55'),(5455,8583,2,'2023-10-09 06:40:55','2023-10-09 06:40:55'),(5456,8584,2,'2023-10-09 06:40:55','2023-10-09 06:40:55'),(5457,8585,2,'2023-10-09 06:40:55','2023-10-09 06:40:55'),(5458,8586,2,'2023-10-09 06:40:55','2023-10-09 06:40:55'),(5459,8587,2,'2023-10-09 06:40:55','2023-10-09 06:40:55'),(5460,8588,2,'2023-10-09 06:40:55','2023-10-09 06:40:55'),(5461,8589,2,'2023-10-09 06:40:55','2023-10-09 06:40:55'),(5462,8590,2,'2023-10-09 06:40:55','2023-10-09 06:40:55'),(5463,8591,2,'2023-10-09 06:40:55','2023-10-09 06:40:55'),(5464,8592,2,'2023-10-09 06:40:55','2023-10-09 06:40:55'),(5465,8593,2,'2023-10-09 06:40:55','2023-10-09 06:40:55'),(5466,8594,2,'2023-10-09 06:40:55','2023-10-09 06:40:55'),(5467,8595,2,'2023-10-09 06:40:55','2023-10-09 06:40:55'),(5468,8596,2,'2023-10-09 06:40:55','2023-10-09 06:40:55'),(5469,8597,2,'2023-10-09 06:40:55','2023-10-09 06:40:55'),(5470,8598,2,'2023-10-09 06:40:55','2023-10-09 06:40:55'),(5471,8599,2,'2023-10-09 06:40:55','2023-10-09 06:40:55'),(5472,8600,2,'2023-10-09 06:40:55','2023-10-09 06:40:55'),(5473,8601,2,'2023-10-09 06:40:55','2023-10-09 06:40:55'),(5474,8602,2,'2023-10-09 06:40:55','2023-10-09 06:40:55'),(5475,8603,2,'2023-10-09 06:40:55','2023-10-09 06:40:55'),(5476,8604,2,'2023-10-09 06:40:55','2023-10-09 06:40:55'),(5477,8605,2,'2023-10-09 06:40:55','2023-10-09 06:40:55'),(5478,8606,2,'2023-10-09 06:40:55','2023-10-09 06:40:55'),(5479,8607,2,'2023-10-09 06:40:55','2023-10-09 06:40:55'),(5480,8608,2,'2023-10-09 06:40:55','2023-10-09 06:40:55'),(5481,8609,2,'2023-10-09 06:40:55','2023-10-09 06:40:55'),(5482,8610,2,'2023-10-09 06:40:55','2023-10-09 06:40:55'),(5483,8611,2,'2023-10-09 06:40:55','2023-10-09 06:40:55'),(5484,8612,2,'2023-10-09 06:40:55','2023-10-09 06:40:55'),(5485,8613,2,'2023-10-09 06:40:55','2023-10-09 06:40:55'),(5486,8614,2,'2023-10-09 06:40:55','2023-10-09 06:40:55'),(5487,8615,2,'2023-10-09 06:40:55','2023-10-09 06:40:55'),(5488,8616,2,'2023-10-09 06:40:55','2023-10-09 06:40:55'),(5489,8617,2,'2023-10-09 06:40:55','2023-10-09 06:40:55'),(5490,8618,2,'2023-10-09 06:40:55','2023-10-09 06:40:55'),(5491,8619,2,'2023-10-09 06:40:55','2023-10-09 06:40:55'),(5492,8620,2,'2023-10-09 06:40:55','2023-10-09 06:40:55'),(5493,8621,2,'2023-10-09 06:40:55','2023-10-09 06:40:55'),(5494,8622,2,'2023-10-09 06:40:55','2023-10-09 06:40:55'),(5495,8623,2,'2023-10-09 06:40:56','2023-10-09 06:40:56'),(5496,8624,2,'2023-10-09 06:40:56','2023-10-09 06:40:56'),(5497,8625,2,'2023-10-09 06:40:56','2023-10-09 06:40:56'),(5498,8626,2,'2023-10-09 06:40:56','2023-10-09 06:40:56'),(5499,8627,2,'2023-10-09 06:40:56','2023-10-09 06:40:56'),(5500,8628,2,'2023-10-09 06:40:56','2023-10-09 06:40:56'),(5501,8629,2,'2023-10-09 06:40:56','2023-10-09 06:40:56'),(5502,8630,2,'2023-10-09 06:40:56','2023-10-09 06:40:56'),(5503,8631,2,'2023-10-09 06:40:56','2023-10-09 06:40:56'),(5504,8632,2,'2023-10-09 06:40:56','2023-10-09 06:40:56'),(5505,8633,2,'2023-10-09 06:40:56','2023-10-09 06:40:56'),(5506,8634,2,'2023-10-09 06:40:56','2023-10-09 06:40:56'),(5507,8635,2,'2023-10-09 06:40:56','2023-10-09 06:40:56'),(5508,8636,2,'2023-10-09 06:40:56','2023-10-09 06:40:56'),(5509,8637,2,'2023-10-09 06:40:56','2023-10-09 06:40:56'),(5510,8638,2,'2023-10-09 06:40:56','2023-10-09 06:40:56'),(5511,8639,2,'2023-10-09 06:40:56','2023-10-09 06:40:56'),(5512,8640,2,'2023-10-09 06:40:56','2023-10-09 06:40:56'),(5513,8641,2,'2023-10-09 06:40:56','2023-10-09 06:40:56'),(5514,8642,2,'2023-10-09 06:40:56','2023-10-09 06:40:56'),(5515,8643,2,'2023-10-09 06:40:56','2023-10-09 06:40:56'),(5516,8644,2,'2023-10-09 06:40:56','2023-10-09 06:40:56'),(5517,8645,2,'2023-10-09 06:40:56','2023-10-09 06:40:56'),(5518,8646,2,'2023-10-09 06:40:56','2023-10-09 06:40:56'),(5519,8647,2,'2023-10-09 06:40:56','2023-10-09 06:40:56'),(5520,8648,2,'2023-10-09 06:40:56','2023-10-09 06:40:56'),(5521,8649,2,'2023-10-09 06:40:56','2023-10-09 06:40:56'),(5522,8650,2,'2023-10-09 06:40:56','2023-10-09 06:40:56'),(5523,8651,2,'2023-10-09 06:40:56','2023-10-09 06:40:56'),(5524,8652,2,'2023-10-09 06:40:56','2023-10-09 06:40:56'),(5525,8653,2,'2023-10-09 06:40:56','2023-10-09 06:40:56'),(5526,8654,2,'2023-10-09 06:40:56','2023-10-09 06:40:56'),(5527,8655,2,'2023-10-09 06:40:56','2023-10-09 06:40:56'),(5528,8656,2,'2023-10-09 06:40:56','2023-10-09 06:40:56'),(5529,8657,2,'2023-10-09 06:40:56','2023-10-09 06:40:56'),(5530,8658,2,'2023-10-09 06:40:56','2023-10-09 06:40:56'),(5531,8659,2,'2023-10-09 06:40:56','2023-10-09 06:40:56'),(5532,8660,2,'2023-10-09 06:40:56','2023-10-09 06:40:56'),(5533,8661,2,'2023-10-09 06:40:56','2023-10-09 06:40:56'),(5534,8662,2,'2023-10-09 06:40:56','2023-10-09 06:40:56'),(5535,8663,2,'2023-10-09 06:40:56','2023-10-09 06:40:56'),(5536,8664,2,'2023-10-09 06:40:56','2023-10-09 06:40:56'),(5537,8665,2,'2023-10-09 06:40:56','2023-10-09 06:40:56'),(5538,8666,2,'2023-10-09 06:40:56','2023-10-09 06:40:56'),(5539,8667,2,'2023-10-09 06:40:56','2023-10-09 06:40:56'),(5540,8668,2,'2023-10-09 06:40:56','2023-10-09 06:40:56'),(5541,8669,2,'2023-10-09 06:40:56','2023-10-09 06:40:56'),(5542,8670,2,'2023-10-09 06:40:56','2023-10-09 06:40:56'),(5544,8672,2,'2023-10-09 06:40:56','2023-10-09 06:40:56'),(5545,8673,2,'2023-10-09 06:40:56','2023-10-09 06:40:56'),(5546,8674,2,'2023-10-09 06:40:56','2023-10-09 06:40:56'),(5547,8675,2,'2023-10-09 06:40:56','2023-10-09 06:40:56'),(5548,8676,2,'2023-10-09 06:40:56','2023-10-09 06:40:56'),(5549,8677,2,'2023-10-09 06:40:56','2023-10-09 06:40:56'),(5550,8678,2,'2023-10-09 06:40:56','2023-10-09 06:40:56'),(5551,8679,2,'2023-10-09 06:40:56','2023-10-09 06:40:56'),(5552,8680,2,'2023-10-09 06:40:56','2023-10-09 06:40:56'),(5553,9789,2,'2023-10-09 06:40:56','2023-10-09 06:40:56'),(5554,9789,3,'2023-10-09 06:40:56','2023-10-09 06:40:56'),(5555,9790,2,'2023-10-09 06:40:56','2023-10-09 06:40:56'),(5556,9837,3,'2023-10-09 06:40:56','2023-10-09 06:40:56'),(5557,9852,2,'2023-10-09 06:40:56','2023-10-09 06:40:56'),(5558,9852,3,'2023-10-09 06:40:56','2023-10-09 06:40:56'),(5559,9879,2,'2023-10-09 06:40:56','2023-10-09 06:40:56'),(5560,9879,3,'2023-10-09 06:40:56','2023-10-09 06:40:56'),(5561,9879,5,'2023-10-09 06:40:56','2023-10-09 06:40:56'),(5562,9900,4,'2023-10-09 06:40:56','2023-10-09 06:40:56'),(5563,9900,5,'2023-10-09 06:40:56','2023-10-09 06:40:56'),(5564,9904,3,'2023-10-09 06:40:56','2023-10-09 06:40:56'),(5565,9904,5,'2023-10-09 06:40:56','2023-10-09 06:40:56'),(5566,9914,3,'2023-10-09 06:40:56','2023-10-09 06:40:56'),(5567,9915,2,'2023-10-09 06:40:56','2023-10-09 06:40:56'),(5568,9915,3,'2023-10-09 06:40:56','2023-10-09 06:40:56'),(5569,9915,4,'2023-10-09 06:40:56','2023-10-09 06:40:56'),(5570,9915,5,'2023-10-09 06:40:56','2023-10-09 06:40:56'),(5571,9915,6,'2023-10-09 06:40:56','2023-10-09 06:40:56'),(5572,9916,3,'2023-10-09 06:40:56','2023-10-09 06:40:56'),(5573,9916,4,'2023-10-09 06:40:56','2023-10-09 06:40:56'),(5574,9916,6,'2023-10-09 06:40:56','2023-10-09 06:40:56'),(5575,9923,2,'2023-10-09 06:40:56','2023-10-09 06:40:56'),(5576,9923,3,'2023-10-09 06:40:56','2023-10-09 06:40:56'),(5577,9923,4,'2023-10-09 06:40:56','2023-10-09 06:40:56'),(5578,9923,5,'2023-10-09 06:40:56','2023-10-09 06:40:56'),(5579,9923,6,'2023-10-09 06:40:56','2023-10-09 06:40:56'),(5580,9924,3,'2023-10-09 06:40:56','2023-10-09 06:40:56'),(5583,8682,2,'2023-10-09 06:41:09','2023-10-09 06:41:09'),(5584,8683,2,'2023-10-09 06:41:09','2023-10-09 06:41:09'),(5585,8684,2,'2023-10-09 06:41:09','2023-10-09 06:41:09'),(5586,8685,2,'2023-10-09 06:41:09','2023-10-09 06:41:09'),(5587,8686,2,'2023-10-09 06:41:09','2023-10-09 06:41:09'),(5588,8687,2,'2023-10-09 06:41:09','2023-10-09 06:41:09'),(5589,8688,2,'2023-10-09 06:41:09','2023-10-09 06:41:09'),(5590,8689,2,'2023-10-09 06:41:09','2023-10-09 06:41:09'),(5591,8690,2,'2023-10-09 06:41:09','2023-10-09 06:41:09'),(5592,8691,2,'2023-10-09 06:41:09','2023-10-09 06:41:09'),(5593,8692,2,'2023-10-09 06:41:09','2023-10-09 06:41:09'),(5594,8693,2,'2023-10-09 06:41:09','2023-10-09 06:41:09'),(5595,8694,2,'2023-10-09 06:41:10','2023-10-09 06:41:10'),(5596,8695,2,'2023-10-09 06:41:10','2023-10-09 06:41:10'),(5597,8696,2,'2023-10-09 06:41:10','2023-10-09 06:41:10'),(5598,8697,2,'2023-10-09 06:41:10','2023-10-09 06:41:10'),(5599,8698,2,'2023-10-09 06:41:10','2023-10-09 06:41:10'),(5600,8699,2,'2023-10-09 06:41:10','2023-10-09 06:41:10'),(5601,8700,2,'2023-10-09 06:41:10','2023-10-09 06:41:10'),(5602,8701,2,'2023-10-09 06:41:10','2023-10-09 06:41:10'),(5603,8702,2,'2023-10-09 06:41:10','2023-10-09 06:41:10'),(5604,8703,2,'2023-10-09 06:41:10','2023-10-09 06:41:10'),(5605,8704,2,'2023-10-09 06:41:10','2023-10-09 06:41:10'),(5606,8705,2,'2023-10-09 06:41:10','2023-10-09 06:41:10'),(5607,8706,2,'2023-10-09 06:41:10','2023-10-09 06:41:10'),(5608,8707,2,'2023-10-09 06:41:10','2023-10-09 06:41:10'),(5609,8708,2,'2023-10-09 06:41:10','2023-10-09 06:41:10'),(5610,8709,2,'2023-10-09 06:41:10','2023-10-09 06:41:10'),(5611,8710,2,'2023-10-09 06:41:10','2023-10-09 06:41:10'),(5612,8711,2,'2023-10-09 06:41:10','2023-10-09 06:41:10'),(5613,8712,2,'2023-10-09 06:41:10','2023-10-09 06:41:10'),(5614,8713,2,'2023-10-09 06:41:10','2023-10-09 06:41:10'),(5615,8714,2,'2023-10-09 06:41:10','2023-10-09 06:41:10'),(5616,8715,2,'2023-10-09 06:41:10','2023-10-09 06:41:10'),(5617,8716,2,'2023-10-09 06:41:10','2023-10-09 06:41:10'),(5618,8717,2,'2023-10-09 06:41:10','2023-10-09 06:41:10'),(5619,8718,2,'2023-10-09 06:41:10','2023-10-09 06:41:10'),(5620,8719,2,'2023-10-09 06:41:10','2023-10-09 06:41:10'),(5621,8720,2,'2023-10-09 06:41:10','2023-10-09 06:41:10'),(5622,8721,2,'2023-10-09 06:41:10','2023-10-09 06:41:10'),(5623,8722,2,'2023-10-09 06:41:10','2023-10-09 06:41:10'),(5624,8723,2,'2023-10-09 06:41:10','2023-10-09 06:41:10'),(5625,8724,2,'2023-10-09 06:41:10','2023-10-09 06:41:10'),(5626,8725,2,'2023-10-09 06:41:10','2023-10-09 06:41:10'),(5627,8726,2,'2023-10-09 06:41:10','2023-10-09 06:41:10'),(5628,8727,2,'2023-10-09 06:41:10','2023-10-09 06:41:10'),(5629,8728,2,'2023-10-09 06:41:10','2023-10-09 06:41:10'),(5630,8729,2,'2023-10-09 06:41:10','2023-10-09 06:41:10'),(5631,8730,2,'2023-10-09 06:41:10','2023-10-09 06:41:10'),(5632,8731,2,'2023-10-09 06:41:10','2023-10-09 06:41:10'),(5633,8732,2,'2023-10-09 06:41:10','2023-10-09 06:41:10'),(5634,8733,2,'2023-10-09 06:41:10','2023-10-09 06:41:10'),(5635,8734,2,'2023-10-09 06:41:10','2023-10-09 06:41:10'),(5636,8735,2,'2023-10-09 06:41:10','2023-10-09 06:41:10'),(5637,8736,2,'2023-10-09 06:41:10','2023-10-09 06:41:10'),(5638,8737,2,'2023-10-09 06:41:10','2023-10-09 06:41:10'),(5639,8738,2,'2023-10-09 06:41:10','2023-10-09 06:41:10'),(5640,8739,2,'2023-10-09 06:41:10','2023-10-09 06:41:10'),(5641,8740,2,'2023-10-09 06:41:10','2023-10-09 06:41:10'),(5642,8741,2,'2023-10-09 06:41:10','2023-10-09 06:41:10'),(5643,8742,2,'2023-10-09 06:41:10','2023-10-09 06:41:10'),(5644,8743,2,'2023-10-09 06:41:10','2023-10-09 06:41:10'),(5645,8744,2,'2023-10-09 06:41:10','2023-10-09 06:41:10'),(5646,8745,2,'2023-10-09 06:41:10','2023-10-09 06:41:10'),(5647,8746,2,'2023-10-09 06:41:10','2023-10-09 06:41:10'),(5648,8747,2,'2023-10-09 06:41:10','2023-10-09 06:41:10'),(5649,8748,2,'2023-10-09 06:41:10','2023-10-09 06:41:10'),(5650,8749,2,'2023-10-09 06:41:10','2023-10-09 06:41:10'),(5651,8750,2,'2023-10-09 06:41:10','2023-10-09 06:41:10'),(5652,8751,2,'2023-10-09 06:41:10','2023-10-09 06:41:10'),(5653,8752,2,'2023-10-09 06:41:10','2023-10-09 06:41:10'),(5654,8753,2,'2023-10-09 06:41:10','2023-10-09 06:41:10'),(5655,8754,2,'2023-10-09 06:41:10','2023-10-09 06:41:10'),(5656,8755,2,'2023-10-09 06:41:10','2023-10-09 06:41:10'),(5657,8756,2,'2023-10-09 06:41:10','2023-10-09 06:41:10'),(5658,8757,2,'2023-10-09 06:41:10','2023-10-09 06:41:10'),(5659,8758,2,'2023-10-09 06:41:10','2023-10-09 06:41:10'),(5660,8759,2,'2023-10-09 06:41:10','2023-10-09 06:41:10'),(5661,8760,2,'2023-10-09 06:41:10','2023-10-09 06:41:10'),(5662,8761,2,'2023-10-09 06:41:11','2023-10-09 06:41:11'),(5663,8762,2,'2023-10-09 06:41:11','2023-10-09 06:41:11'),(5664,8763,2,'2023-10-09 06:41:11','2023-10-09 06:41:11'),(5665,8764,2,'2023-10-09 06:41:11','2023-10-09 06:41:11'),(5666,8765,2,'2023-10-09 06:41:11','2023-10-09 06:41:11'),(5667,8766,2,'2023-10-09 06:41:11','2023-10-09 06:41:11'),(5668,8767,2,'2023-10-09 06:41:11','2023-10-09 06:41:11'),(5669,8768,2,'2023-10-09 06:41:11','2023-10-09 06:41:11'),(5670,8769,2,'2023-10-09 06:41:11','2023-10-09 06:41:11'),(5671,8770,2,'2023-10-09 06:41:11','2023-10-09 06:41:11'),(5672,8771,2,'2023-10-09 06:41:11','2023-10-09 06:41:11'),(5673,8772,2,'2023-10-09 06:41:11','2023-10-09 06:41:11'),(5674,8773,2,'2023-10-09 06:41:11','2023-10-09 06:41:11'),(5675,8774,2,'2023-10-09 06:41:11','2023-10-09 06:41:11'),(5676,8775,2,'2023-10-09 06:41:11','2023-10-09 06:41:11'),(5677,8776,2,'2023-10-09 06:41:11','2023-10-09 06:41:11'),(5678,8777,2,'2023-10-09 06:41:11','2023-10-09 06:41:11'),(5679,8778,2,'2023-10-09 06:41:11','2023-10-09 06:41:11'),(5680,8779,2,'2023-10-09 06:41:11','2023-10-09 06:41:11'),(5681,8780,2,'2023-10-09 06:41:11','2023-10-09 06:41:11'),(5682,8781,2,'2023-10-09 06:41:11','2023-10-09 06:41:11'),(5683,8782,2,'2023-10-09 06:41:11','2023-10-09 06:41:11'),(5684,8783,2,'2023-10-09 06:41:11','2023-10-09 06:41:11'),(5685,8784,2,'2023-10-09 06:41:11','2023-10-09 06:41:11'),(5686,8785,2,'2023-10-09 06:41:11','2023-10-09 06:41:11'),(5687,8786,2,'2023-10-09 06:41:11','2023-10-09 06:41:11'),(5688,8787,2,'2023-10-09 06:41:11','2023-10-09 06:41:11'),(5689,8788,2,'2023-10-09 06:41:11','2023-10-09 06:41:11'),(5690,8789,2,'2023-10-09 06:41:11','2023-10-09 06:41:11'),(5691,8790,2,'2023-10-09 06:41:11','2023-10-09 06:41:11'),(5692,8791,2,'2023-10-09 06:41:11','2023-10-09 06:41:11'),(5693,8792,2,'2023-10-09 06:41:11','2023-10-09 06:41:11'),(5694,8793,2,'2023-10-09 06:41:11','2023-10-09 06:41:11'),(5695,8794,2,'2023-10-09 06:41:11','2023-10-09 06:41:11'),(5696,8795,2,'2023-10-09 06:41:11','2023-10-09 06:41:11'),(5697,8796,2,'2023-10-09 06:41:11','2023-10-09 06:41:11'),